189.139.93.211 - - [22/Nov/2006:18:35:14 -0600] "GET /whtbg.jpg HTTP/1.1" 404 331 "-" "Mozilla/4.0 (compatible; MSIE 6.0; Windows NT 5.1; .NET CLR 1.0.3705)"
189.139.93.211 - - [22/Nov/2006:18:35:14 -0600] "GET /whtbg.jpg HTTP/1.1" 404 331 "-" "Mozilla/4.0 (compatible; MSIE 6.0; Windows NT 5.1; .NET CLR 1.0.3705)"
189.139.93.211 - - [22/Nov/2006:18:35:14 -0600] "GET /whtbg.jpg HTTP/1.1" 404 331 "-" "Mozilla/4.0 (compatible; MSIE 6.0; Windows NT 5.1; .NET CLR 1.0.3705)"
65.214.44.71 - - [22/Nov/2006:18:37:55 -0600] "GET /robots.txt HTTP/1.0" 200 138 "-" "Mozilla/2.0 (compatible; Ask Jeeves/Teoma; +http://about.ask.com/en/docs/about/webmasters.shtml)"
65.214.44.71 - - [22/Nov/2006:18:38:01 -0600] "GET /bc.htm HTTP/1.0" 200 1267 "-" "Mozilla/2.0 (compatible; Ask Jeeves/Teoma; +http://about.ask.com/en/docs/about/webmasters.shtml)"
74.230.87.32 - - [22/Nov/2006:18:38:04 -0600] "GET /cps/apprais.htm HTTP/1.1" 200 6036 "http://www.google.com/search?q=piano+appraisal&hl=en&hs=xZh&lr=&client=firefox-a&rls=org.mozilla:en-US:official&start=10&sa=N" "Mozilla/5.0 (Windows; U; Windows NT 5.1; en-US; rv:1.8.1) Gecko/20061010 Firefox/2.0"
74.230.87.32 - - [22/Nov/2006:18:38:05 -0600] "GET /cps/ball.gif HTTP/1.1" 200 510 "http://www.vt2000.com/cps/apprais.htm" "Mozilla/5.0 (Windows; U; Windows NT 5.1; en-US; rv:1.8.1) Gecko/20061010 Firefox/2.0"
74.230.87.32 - - [22/Nov/2006:18:38:05 -0600] "GET /cps/card_sh.gif HTTP/1.1" 200 3241 "http://www.vt2000.com/cps/apprais.htm" "Mozilla/5.0 (Windows; U; Windows NT 5.1; en-US; rv:1.8.1) Gecko/20061010 Firefox/2.0"
74.230.87.32 - - [22/Nov/2006:18:38:05 -0600] "GET /favicon.ico HTTP/1.1" 200 318 "-" "Mozilla/5.0 (Windows; U; Windows NT 5.1; en-US; rv:1.8.1) Gecko/20061010 Firefox/2.0"
140.78.124.13 - - [22/Nov/2006:18:42:13 -0600] "GET /basswork/thplunk.htm HTTP/1.0" 200 7805 "-" "Mozilla"
65.55.213.11 - - [22/Nov/2006:18:50:57 -0600] "GET /fp/1652bk.jpg HTTP/1.0" 200 10603 "-" "msnbot-media/1.0 (+http://search.msn.com/msnbot.htm)"
74.6.74.220 - - [22/Nov/2006:18:53:14 -0600] "GET /robots.txt HTTP/1.0" 200 138 "-" "Mozilla/5.0 (compatible; Yahoo! Slurp; http://help.yahoo.com/help/us/ysearch/slurp)"
74.6.74.45 - - [22/Nov/2006:18:53:15 -0600] "GET /cps/southafrica/southafrica.htm HTTP/1.0" 200 45084 "-" "Mozilla/5.0 (compatible; Yahoo! Slurp; http://help.yahoo.com/help/us/ysearch/slurp)"
67.64.104.114 - - [22/Nov/2006:18:55:18 -0600] "GET /basswork/ HTTP/1.1" 200 1620 "http://www.ask.com/web?q=how+to+play+the+bass&qsrc=0&o=0&l=dir&sugreqs=15" "Mozilla/4.0 (compatible; MSIE 6.0; Windows NT 5.1; SV1; .NET CLR 1.0.3705; .NET CLR 1.1.4322; Media Center PC 3.1; yplus 5.1.02b)"
67.64.104.114 - - [22/Nov/2006:18:55:18 -0600] "GET /basswork/basswork.gif HTTP/1.1" 200 2717 "http://www.vt2000.com/basswork/" "Mozilla/4.0 (compatible; MSIE 6.0; Windows NT 5.1; SV1; .NET CLR 1.0.3705; .NET CLR 1.1.4322; Media Center PC 3.1; yplus 5.1.02b)"
67.64.104.114 - - [22/Nov/2006:18:55:18 -0600] "GET /favicon.ico HTTP/1.1" 200 318 "-" "Mozilla/4.0 (compatible; MSIE 6.0; Windows NT 5.1; SV1; .NET CLR 1.0.3705; .NET CLR 1.1.4322; Media Center PC 3.1)"
67.64.104.114 - - [22/Nov/2006:18:55:21 -0600] "GET /basswork/techindx.htm HTTP/1.1" 200 1589 "http://www.vt2000.com/basswork/" "Mozilla/4.0 (compatible; MSIE 6.0; Windows NT 5.1; SV1; .NET CLR 1.0.3705; .NET CLR 1.1.4322; Media Center PC 3.1; yplus 5.1.02b)"
67.64.104.114 - - [22/Nov/2006:18:55:23 -0600] "GET /basswork/iantap1.htm HTTP/1.1" 200 8125 "http://www.vt2000.com/basswork/techindx.htm" "Mozilla/4.0 (compatible; MSIE 6.0; Windows NT 5.1; SV1; .NET CLR 1.0.3705; .NET CLR 1.1.4322; Media Center PC 3.1; yplus 5.1.02b)"
65.55.213.11 - - [22/Nov/2006:18:55:40 -0600] "GET /cps/shopwindow.jpg HTTP/1.0" 200 40378 "-" "msnbot-media/1.0 (+http://search.msn.com/msnbot.htm)"
65.55.213.11 - - [22/Nov/2006:18:55:41 -0600] "GET /cps/heintznight.jpg HTTP/1.0" 200 21794 "-" "msnbot-media/1.0 (+http://search.msn.com/msnbot.htm)"
24.115.24.6 - - [22/Nov/2006:19:00:08 -0600] "GET /basswork/chords/interval.htm HTTP/1.1" 200 17245 "-" "Mozilla/5.0 (Windows; U; Windows NT 5.1; en-US; rv:1.8.1) Gecko/20061010 Firefox/2.0"
24.115.24.6 - - [22/Nov/2006:19:00:08 -0600] "GET /basswork/chords/backgr.jpg HTTP/1.1" 200 26925 "http://www.vt2000.com/basswork/chords/interval.htm" "Mozilla/5.0 (Windows; U; Windows NT 5.1; en-US; rv:1.8.1) Gecko/20061010 Firefox/2.0"
24.115.24.6 - - [22/Nov/2006:19:00:08 -0600] "GET /basswork/chords/back.gif HTTP/1.1" 200 1060 "http://www.vt2000.com/basswork/chords/interval.htm" "Mozilla/5.0 (Windows; U; Windows NT 5.1; en-US; rv:1.8.1) Gecko/20061010 Firefox/2.0"
24.115.24.6 - - [22/Nov/2006:19:00:08 -0600] "GET /basswork/chords/forw.gif HTTP/1.1" 200 1067 "http://www.vt2000.com/basswork/chords/interval.htm" "Mozilla/5.0 (Windows; U; Windows NT 5.1; en-US; rv:1.8.1) Gecko/20061010 Firefox/2.0"
24.115.24.6 - - [22/Nov/2006:19:00:08 -0600] "GET /basswork/chords/smiley.gif HTTP/1.1" 200 93 "http://www.vt2000.com/basswork/chords/interval.htm" "Mozilla/5.0 (Windows; U; Windows NT 5.1; en-US; rv:1.8.1) Gecko/20061010 Firefox/2.0"
24.115.24.6 - - [22/Nov/2006:19:00:09 -0600] "GET /favicon.ico HTTP/1.1" 200 318 "-" "Mozilla/5.0 (Windows; U; Windows NT 5.1; en-US; rv:1.8.1) Gecko/20061010 Firefox/2.0"
67.64.104.114 - - [22/Nov/2006:19:02:07 -0600] "GET /basswork/iantap12.htm HTTP/1.1" 200 4706 "http://www.vt2000.com/basswork/techindx.htm" "Mozilla/4.0 (compatible; MSIE 6.0; Windows NT 5.1; SV1; .NET CLR 1.0.3705; .NET CLR 1.1.4322; Media Center PC 3.1; yplus 5.1.02b)"
65.55.213.11 - - [22/Nov/2006:19:03:25 -0600] "GET /cps/strider1.jpg HTTP/1.0" 200 18434 "-" "msnbot-media/1.0 (+http://search.msn.com/msnbot.htm)"
72.30.226.142 - - [22/Nov/2006:19:09:39 -0600] "GET /robots.txt HTTP/1.0" 200 138 "-" "Mozilla/5.0 (compatible; Yahoo! Slurp; http://help.yahoo.com/help/us/ysearch/slurp)"
72.30.216.99 - - [22/Nov/2006:19:09:40 -0600] "GET /basswork/chords/index.htm HTTP/1.0" 200 8461 "-" "Mozilla/5.0 (compatible; Yahoo! Slurp; http://help.yahoo.com/help/us/ysearch/slurp)"
74.6.74.97 - - [22/Nov/2006:19:12:00 -0600] "GET /vts/alpha1.htm HTTP/1.0" 200 261 "-" "Mozilla/5.0 (compatible; Yahoo! Slurp; http://help.yahoo.com/help/us/ysearch/slurp)"
71.32.246.80 - - [22/Nov/2006:19:12:44 -0600] "GET /basswork/chords/scales.htm HTTP/1.1" 200 13218 "http://www.ask.com/web?q=what+notes+are+in+the+a+flat+tetrachord%3F&qsrc=0&o=0&l=dir&sugreqs=32" "Mozilla/4.0 (compatible; MSIE 6.0; Windows NT 5.1; T312461; SV1; .NET CLR 1.1.4322)"
71.32.246.80 - - [22/Nov/2006:19:12:44 -0600] "GET /basswork/chords/backgr.jpg HTTP/1.1" 200 26925 "http://www.vt2000.com/basswork/chords/scales.htm" "Mozilla/4.0 (compatible; MSIE 6.0; Windows NT 5.1; T312461; SV1; .NET CLR 1.1.4322)"
71.32.246.80 - - [22/Nov/2006:19:12:45 -0600] "GET /basswork/chords/back.gif HTTP/1.1" 200 1060 "http://www.vt2000.com/basswork/chords/scales.htm" "Mozilla/4.0 (compatible; MSIE 6.0; Windows NT 5.1; T312461; SV1; .NET CLR 1.1.4322)"
71.32.246.80 - - [22/Nov/2006:19:12:45 -0600] "GET /basswork/chords/forw.gif HTTP/1.1" 200 1067 "http://www.vt2000.com/basswork/chords/scales.htm" "Mozilla/4.0 (compatible; MSIE 6.0; Windows NT 5.1; T312461; SV1; .NET CLR 1.1.4322)"
71.32.246.80 - - [22/Nov/2006:19:12:45 -0600] "GET /basswork/chords/cmscale.gif HTTP/1.1" 200 1657 "http://www.vt2000.com/basswork/chords/scales.htm" "Mozilla/4.0 (compatible; MSIE 6.0; Windows NT 5.1; T312461; SV1; .NET CLR 1.1.4322)"
71.32.246.80 - - [22/Nov/2006:19:12:45 -0600] "GET /basswork/chords/smiley.gif HTTP/1.1" 200 93 "http://www.vt2000.com/basswork/chords/scales.htm" "Mozilla/4.0 (compatible; MSIE 6.0; Windows NT 5.1; T312461; SV1; .NET CLR 1.1.4322)"
65.55.213.11 - - [22/Nov/2006:19:13:12 -0600] "GET /cps/curwork.jpg HTTP/1.0" 200 24941 "-" "msnbot-media/1.0 (+http://search.msn.com/msnbot.htm)"
65.55.213.11 - - [22/Nov/2006:19:15:19 -0600] "GET /fp/powell.jpg HTTP/1.0" 200 28515 "-" "msnbot-media/1.0 (+http://search.msn.com/msnbot.htm)"
65.55.213.11 - - [22/Nov/2006:19:15:20 -0600] "GET /fp/callig.gif HTTP/1.0" 200 5234 "-" "msnbot-media/1.0 (+http://search.msn.com/msnbot.htm)"
65.55.213.11 - - [22/Nov/2006:19:18:49 -0600] "GET /fp/koch.jpg HTTP/1.0" 200 63888 "-" "msnbot-media/1.0 (+http://search.msn.com/msnbot.htm)"
74.6.68.18 - - [22/Nov/2006:19:21:29 -0600] "GET /cps/goodthings.htm HTTP/1.0" 200 4200 "-" "Mozilla/5.0 (compatible; Yahoo! Slurp; http://help.yahoo.com/help/us/ysearch/slurp)"
68.123.204.89 - - [22/Nov/2006:19:31:38 -0600] "GET /basswork/ HTTP/1.1" 200 1620 "http://www.google.com/search?hl=en&q=bass+lessons" "Mozilla/4.0 (compatible; MSIE 6.0; Windows NT 5.1; YPC 3.2.0; FunWebProducts; .NET CLR 1.1.4322; yplus 5.1.02b)"
68.123.204.89 - - [22/Nov/2006:19:31:38 -0600] "GET /basswork/basswork.gif HTTP/1.1" 200 2717 "http://www.vt2000.com/basswork/" "Mozilla/4.0 (compatible; MSIE 6.0; Windows NT 5.1; YPC 3.2.0; FunWebProducts; .NET CLR 1.1.4322; yplus 5.1.02b)"
68.123.204.89 - - [22/Nov/2006:19:31:38 -0600] "GET /favicon.ico HTTP/1.1" 200 318 "-" "Mozilla/4.0 (compatible; MSIE 6.0; Windows NT 5.1; YPC 3.2.0; FunWebProducts; .NET CLR 1.1.4322)"
68.123.204.89 - - [22/Nov/2006:19:31:42 -0600] "GET /basswork/thryindx.htm HTTP/1.1" 200 816 "http://www.vt2000.com/basswork/" "Mozilla/4.0 (compatible; MSIE 6.0; Windows NT 5.1; YPC 3.2.0; FunWebProducts; .NET CLR 1.1.4322; yplus 5.1.02b)"
68.123.204.89 - - [22/Nov/2006:19:31:45 -0600] "GET /basswork/thplunk.htm HTTP/1.1" 200 7805 "http://www.vt2000.com/basswork/thryindx.htm" "Mozilla/4.0 (compatible; MSIE 6.0; Windows NT 5.1; YPC 3.2.0; FunWebProducts; .NET CLR 1.1.4322; yplus 5.1.02b)"
65.55.213.11 - - [22/Nov/2006:19:32:24 -0600] "GET /fp/wood.htm HTTP/1.0" 200 3259 "-" "msnbot-media/1.0 (+http://search.msn.com/msnbot.htm)"
67.33.252.81 - - [22/Nov/2006:19:36:37 -0600] "GET /basswork/chords/index.htm HTTP/1.1" 200 8461 "http://www.google.com/search?q=understanding+bass+scales&hl=en&lr=&ie=UTF-8&start=30&sa=N" "Mozilla/4.0 (compatible; MSIE 5.0; Windows 98; DigExt)"
67.33.252.81 - - [22/Nov/2006:19:36:38 -0600] "GET /basswork/chords/backgr.jpg HTTP/1.1" 200 26925 "http://www.vt2000.com/basswork/chords/index.htm" "Mozilla/4.0 (compatible; MSIE 5.0; Windows 98; DigExt)"
67.33.252.81 - - [22/Nov/2006:19:36:38 -0600] "GET /basswork/chords/stdj-bas.gif HTTP/1.1" 200 5826 "http://www.vt2000.com/basswork/chords/index.htm" "Mozilla/4.0 (compatible; MSIE 5.0; Windows 98; DigExt)"
67.33.252.81 - - [22/Nov/2006:19:36:44 -0600] "GET /basswork/chords/smiley.gif HTTP/1.1" 200 93 "http://www.vt2000.com/basswork/chords/index.htm" "Mozilla/4.0 (compatible; MSIE 5.0; Windows 98; DigExt)"
67.33.252.81 - - [22/Nov/2006:19:36:59 -0600] "GET /basswork/chords/scales.htm HTTP/1.1" 200 13218 "http://www.vt2000.com/basswork/chords/index.htm" "Mozilla/4.0 (compatible; MSIE 5.0; Windows 98; DigExt)"
67.33.252.81 - - [22/Nov/2006:19:37:00 -0600] "GET /basswork/chords/back.gif HTTP/1.1" 200 1060 "http://www.vt2000.com/basswork/chords/scales.htm" "Mozilla/4.0 (compatible; MSIE 5.0; Windows 98; DigExt)"
67.33.252.81 - - [22/Nov/2006:19:37:00 -0600] "GET /basswork/chords/forw.gif HTTP/1.1" 200 1067 "http://www.vt2000.com/basswork/chords/scales.htm" "Mozilla/4.0 (compatible; MSIE 5.0; Windows 98; DigExt)"
67.33.252.81 - - [22/Nov/2006:19:37:00 -0600] "GET /basswork/chords/cmscale.gif HTTP/1.1" 200 1657 "http://www.vt2000.com/basswork/chords/scales.htm" "Mozilla/4.0 (compatible; MSIE 5.0; Windows 98; DigExt)"
65.55.213.11 - - [22/Nov/2006:19:39:44 -0600] "GET /fp/display.htm HTTP/1.0" 200 6098 "-" "msnbot-media/1.0 (+http://search.msn.com/msnbot.htm)"
24.247.87.65 - - [22/Nov/2006:19:42:50 -0600] "GET /cps/buy.htm HTTP/1.1" 200 4386 "-" "Mozilla/4.0 (compatible; MSIE 7.0; Windows NT 5.1; .NET CLR 1.1.4322; .NET CLR 2.0.50727; InfoPath.1)"
24.247.87.65 - - [22/Nov/2006:19:42:50 -0600] "GET /cps/card_sh.gif HTTP/1.1" 200 3241 "http://www.vt2000.com/cps/buy.htm" "Mozilla/4.0 (compatible; MSIE 7.0; Windows NT 5.1; .NET CLR 1.1.4322; .NET CLR 2.0.50727; InfoPath.1)"
67.33.252.81 - - [22/Nov/2006:19:48:27 -0600] "GET /basswork/chords/modes.htm HTTP/1.1" 200 6217 "http://www.vt2000.com/basswork/chords/scales.htm" "Mozilla/4.0 (compatible; MSIE 5.0; Windows 98; DigExt)"
65.55.213.11 - - [22/Nov/2006:19:49:04 -0600] "GET /fp/oldlethd.jpg HTTP/1.0" 200 20752 "-" "msnbot-media/1.0 (+http://search.msn.com/msnbot.htm)"
64.90.215.62 - - [22/Nov/2006:19:49:17 -0600] "GET /basswork/techindx.htm HTTP/1.0" 200 1589 "-" "Mozilla/4.0 (compatible; MSIE 6.0; Windows NT 5.1)"
64.30.63.66 - - [22/Nov/2006:19:50:25 -0600] "GET /cps HTTP/1.1" 301 358 "http://www.pianoworld.com/tuners/vttune.htm" "Mozilla/4.0 (compatible; MSIE 6.0; Windows NT 5.0)"
64.30.63.66 - - [22/Nov/2006:19:50:25 -0600] "GET /cps/ HTTP/1.1" 200 12460 "http://www.pianoworld.com/tuners/vttune.htm" "Mozilla/4.0 (compatible; MSIE 6.0; Windows NT 5.0)"
64.30.63.66 - - [22/Nov/2006:19:50:27 -0600] "GET /cps/ball.gif HTTP/1.1" 200 510 "http://www.vt2000.com/cps/" "Mozilla/4.0 (compatible; MSIE 6.0; Windows NT 5.0)"
64.30.63.66 - - [22/Nov/2006:19:50:27 -0600] "GET /cps/baus2.jpg HTTP/1.1" 200 14739 "http://www.vt2000.com/cps/" "Mozilla/4.0 (compatible; MSIE 6.0; Windows NT 5.0)"
64.30.63.66 - - [22/Nov/2006:19:50:27 -0600] "GET /cps/card.gif HTTP/1.1" 200 3193 "http://www.vt2000.com/cps/" "Mozilla/4.0 (compatible; MSIE 6.0; Windows NT 5.0)"
64.30.63.66 - - [22/Nov/2006:19:50:29 -0600] "GET /cps/fine.jpg HTTP/1.1" 200 5925 "http://www.vt2000.com/cps/" "Mozilla/4.0 (compatible; MSIE 6.0; Windows NT 5.0)"
67.33.252.81 - - [22/Nov/2006:19:51:57 -0600] "GET /basswork/chords/scales.htm HTTP/1.1" 200 13218 "http://www.vt2000.com/basswork/chords/index.htm" "Mozilla/4.0 (compatible; MSIE 5.0; Windows 98; DigExt)"
67.33.252.81 - - [22/Nov/2006:19:51:58 -0600] "GET /basswork/chords/cmscale.gif HTTP/1.1" 200 1657 "http://www.vt2000.com/basswork/chords/scales.htm" "Mozilla/4.0 (compatible; MSIE 5.0; Windows 98; DigExt)"
67.33.252.81 - - [22/Nov/2006:19:52:01 -0600] "GET /basswork/chords/index.htm HTTP/1.1" 200 8461 "http://www.google.com/search?q=understanding+bass+scales&hl=en&lr=&ie=UTF-8&start=30&sa=N" "Mozilla/4.0 (compatible; MSIE 5.0; Windows 98; DigExt)"
67.33.252.81 - - [22/Nov/2006:19:52:01 -0600] "GET /basswork/chords/stdj-bas.gif HTTP/1.1" 200 5826 "http://www.vt2000.com/basswork/chords/index.htm" "Mozilla/4.0 (compatible; MSIE 5.0; Windows 98; DigExt)"
67.33.252.81 - - [22/Nov/2006:19:52:07 -0600] "GET /basswork/chords/interval.htm HTTP/1.1" 200 17245 "http://www.vt2000.com/basswork/chords/index.htm" "Mozilla/4.0 (compatible; MSIE 5.0; Windows 98; DigExt)"
65.55.213.11 - - [22/Nov/2006:19:54:22 -0600] "GET /fp/1652bkt.htm HTTP/1.0" 200 2499 "-" "msnbot-media/1.0 (+http://search.msn.com/msnbot.htm)"
66.194.6.78 - - [22/Nov/2006:19:56:56 -0600] "GET / HTTP/1.1" 200 4230 "-" "Mozilla/5.0 (compatible; Konqueror/3.1-rc4; i686 Linux; 20020622)"
66.249.65.84 - - [22/Nov/2006:19:57:28 -0600] "GET /railyard.htm HTTP/1.1" 304 - "-" "Mozilla/5.0 (compatible; Googlebot/2.1; +http://www.google.com/bot.html)"
74.6.74.220 - - [22/Nov/2006:19:57:47 -0600] "GET /robots.txt HTTP/1.0" 200 138 "-" "Mozilla/5.0 (compatible; Yahoo! Slurp; http://help.yahoo.com/help/us/ysearch/slurp)"
74.6.71.250 - - [22/Nov/2006:19:57:47 -0600] "GET /index.html HTTP/1.0" 304 - "-" "Mozilla/5.0 (compatible; Yahoo! Slurp; http://help.yahoo.com/help/us/ysearch/slurp)"
67.33.252.81 - - [22/Nov/2006:19:58:08 -0600] "GET /basswork/chords/helpers.htm HTTP/1.1" 200 1569 "http://www.vt2000.com/basswork/chords/interval.htm" "Mozilla/4.0 (compatible; MSIE 5.0; Windows 98; DigExt)"
67.33.252.81 - - [22/Nov/2006:19:58:08 -0600] "GET /basswork/chords/clock1.gif HTTP/1.1" 200 3034 "http://www.vt2000.com/basswork/chords/helpers.htm" "Mozilla/4.0 (compatible; MSIE 5.0; Windows 98; DigExt)"
67.33.252.81 - - [22/Nov/2006:19:58:08 -0600] "GET /basswork/chords/clock2.gif HTTP/1.1" 200 2515 "http://www.vt2000.com/basswork/chords/helpers.htm" "Mozilla/4.0 (compatible; MSIE 5.0; Windows 98; DigExt)"
65.214.44.71 - - [22/Nov/2006:20:00:07 -0600] "GET /logo1.htm HTTP/1.0" 200 1261 "-" "Mozilla/2.0 (compatible; Ask Jeeves/Teoma; +http://about.ask.com/en/docs/about/webmasters.shtml)"
198.161.33.146 - - [22/Nov/2006:20:01:24 -0600] "GET /basswork/chords/beyond.htm HTTP/1.0" 200 9073 "http://www.google.ca/search?hl=en&rls=GGLG%2CGGLG%3A2005-27%2CGGLG%3Aen&q=four+note+chords&meta=" "Mozilla/4.0 (compatible; MSIE 6.0; Windows NT 5.1; SV1; .NET CLR 1.1.4322; InfoPath.1; .NET CLR 2.0.50727)"
198.161.33.146 - - [22/Nov/2006:20:01:24 -0600] "GET /basswork/chords/backgr.jpg HTTP/1.0" 200 26925 "http://www.vt2000.com/basswork/chords/beyond.htm" "Mozilla/4.0 (compatible; MSIE 6.0; Windows NT 5.1; SV1; .NET CLR 1.1.4322; InfoPath.1; .NET CLR 2.0.50727)"
198.161.33.146 - - [22/Nov/2006:20:01:24 -0600] "GET /basswork/chords/forw.gif HTTP/1.0" 200 1067 "http://www.vt2000.com/basswork/chords/beyond.htm" "Mozilla/4.0 (compatible; MSIE 6.0; Windows NT 5.1; SV1; .NET CLR 1.1.4322; InfoPath.1; .NET CLR 2.0.50727)"
198.161.33.146 - - [22/Nov/2006:20:01:24 -0600] "GET /basswork/chords/smiley.gif HTTP/1.0" 200 93 "http://www.vt2000.com/basswork/chords/beyond.htm" "Mozilla/4.0 (compatible; MSIE 6.0; Windows NT 5.1; SV1; .NET CLR 1.1.4322; InfoPath.1; .NET CLR 2.0.50727)"
198.161.33.146 - - [22/Nov/2006:20:01:24 -0600] "GET /basswork/chords/back.gif HTTP/1.0" 200 1060 "http://www.vt2000.com/basswork/chords/beyond.htm" "Mozilla/4.0 (compatible; MSIE 6.0; Windows NT 5.1; SV1; .NET CLR 1.1.4322; InfoPath.1; .NET CLR 2.0.50727)"
65.55.213.11 - - [22/Nov/2006:20:01:44 -0600] "GET /fp/marie.jpg HTTP/1.0" 200 31970 "-" "msnbot-media/1.0 (+http://search.msn.com/msnbot.htm)"
67.33.252.81 - - [22/Nov/2006:20:06:44 -0600] "GET /basswork/chords/baschord.htm HTTP/1.1" 200 14296 "http://www.vt2000.com/basswork/chords/index.htm" "Mozilla/4.0 (compatible; MSIE 5.0; Windows 98; DigExt)"
74.6.72.184 - - [22/Nov/2006:20:07:19 -0600] "GET /fp/output.htm HTTP/1.0" 200 3592 "-" "Mozilla/5.0 (compatible; Yahoo! Slurp; http://help.yahoo.com/help/us/ysearch/slurp)"
65.55.213.11 - - [22/Nov/2006:20:08:51 -0600] "GET /fp/1652bki.htm HTTP/1.0" 200 2458 "-" "msnbot-media/1.0 (+http://search.msn.com/msnbot.htm)"
65.55.213.11 - - [22/Nov/2006:20:12:51 -0600] "GET /fp/serif.htm HTTP/1.0" 200 8398 "-" "msnbot-media/1.0 (+http://search.msn.com/msnbot.htm)"
72.30.226.142 - - [22/Nov/2006:20:13:55 -0600] "GET /robots.txt HTTP/1.0" 200 138 "-" "Mozilla/5.0 (compatible; Yahoo! Slurp; http://help.yahoo.com/help/us/ysearch/slurp)"
72.30.216.10 - - [22/Nov/2006:20:14:22 -0600] "GET /cps/soldpianos.htm HTTP/1.0" 200 25395 "-" "Mozilla/5.0 (compatible; Yahoo! Slurp; http://help.yahoo.com/help/us/ysearch/slurp)"
24.205.13.146 - - [22/Nov/2006:20:15:42 -0600] "GET /basswork/chords/3notesp.htm HTTP/1.1" 200 6119 "http://www.google.com/search?q=3+note+chords&ie=utf-8&oe=utf-8&rls=org.mozilla:en-US:official&client=firefox-a" "Mozilla/5.0 (Windows; U; Windows NT 5.1; en-US; rv:1.8.1) Gecko/20061010 Firefox/2.0"
24.205.13.146 - - [22/Nov/2006:20:15:42 -0600] "GET /basswork/chords/back.gif HTTP/1.1" 200 1060 "http://www.vt2000.com/basswork/chords/3notesp.htm" "Mozilla/5.0 (Windows; U; Windows NT 5.1; en-US; rv:1.8.1) Gecko/20061010 Firefox/2.0"
24.205.13.146 - - [22/Nov/2006:20:15:42 -0600] "GET /basswork/chords/forw.gif HTTP/1.1" 200 1067 "http://www.vt2000.com/basswork/chords/3notesp.htm" "Mozilla/5.0 (Windows; U; Windows NT 5.1; en-US; rv:1.8.1) Gecko/20061010 Firefox/2.0"
24.205.13.146 - - [22/Nov/2006:20:15:42 -0600] "GET /basswork/chords/backgr.jpg HTTP/1.1" 200 26925 "http://www.vt2000.com/basswork/chords/3notesp.htm" "Mozilla/5.0 (Windows; U; Windows NT 5.1; en-US; rv:1.8.1) Gecko/20061010 Firefox/2.0"
24.205.13.146 - - [22/Nov/2006:20:15:43 -0600] "GET /favicon.ico HTTP/1.1" 200 318 "-" "Mozilla/5.0 (Windows; U; Windows NT 5.1; en-US; rv:1.8.1) Gecko/20061010 Firefox/2.0"
67.33.252.81 - - [22/Nov/2006:20:17:16 -0600] "GET /basswork/chords/scharm.htm HTTP/1.1" 200 10471 "http://www.vt2000.com/basswork/chords/index.htm" "Mozilla/4.0 (compatible; MSIE 5.0; Windows 98; DigExt)"
67.33.252.81 - - [22/Nov/2006:20:17:17 -0600] "GET /basswork/chords/cmscale.gif HTTP/1.1" 200 1657 "http://www.vt2000.com/basswork/chords/scharm.htm" "Mozilla/4.0 (compatible; MSIE 5.0; Windows 98; DigExt)"
65.55.213.11 - - [22/Nov/2006:20:24:18 -0600] "GET /fp/colophon.jpg HTTP/1.0" 200 34675 "-" "msnbot-media/1.0 (+http://search.msn.com/msnbot.htm)"
65.55.213.11 - - [22/Nov/2006:20:24:19 -0600] "GET /fp/firstimp.jpg HTTP/1.0" 200 38577 "-" "msnbot-media/1.0 (+http://search.msn.com/msnbot.htm)"
65.55.213.11 - - [22/Nov/2006:20:24:19 -0600] "GET /fp/fp2.gif HTTP/1.0" 200 6281 "-" "msnbot-media/1.0 (+http://search.msn.com/msnbot.htm)"
67.33.252.81 - - [22/Nov/2006:20:25:46 -0600] "GET /basswork/chords/3notesp.htm HTTP/1.1" 200 6119 "http://www.vt2000.com/basswork/chords/scharm.htm" "Mozilla/4.0 (compatible; MSIE 5.0; Windows 98; DigExt)"
67.33.252.81 - - [22/Nov/2006:20:32:03 -0600] "GET /basswork/chords/beyond.htm HTTP/1.1" 200 9073 "http://www.vt2000.com/basswork/chords/3notesp.htm" "Mozilla/4.0 (compatible; MSIE 5.0; Windows 98; DigExt)"
67.33.252.81 - - [22/Nov/2006:20:37:14 -0600] "GET /basswork/chords/extinv.htm HTTP/1.1" 200 9313 "http://www.vt2000.com/basswork/chords/beyond.htm" "Mozilla/4.0 (compatible; MSIE 5.0; Windows 98; DigExt)"
74.6.74.220 - - [22/Nov/2006:20:37:23 -0600] "GET /robots.txt HTTP/1.0" 200 138 "-" "Mozilla/5.0 (compatible; Yahoo! Slurp; http://help.yahoo.com/help/us/ysearch/slurp)"
74.6.68.207 - - [22/Nov/2006:20:37:23 -0600] "GET /basswork/chords/finish.htm HTTP/1.0" 200 9589 "-" "Mozilla/5.0 (compatible; Yahoo! Slurp; http://help.yahoo.com/help/us/ysearch/slurp)"
67.33.252.81 - - [22/Nov/2006:20:41:59 -0600] "GET /basswork/chords/progs.htm HTTP/1.1" 200 7416 "http://www.vt2000.com/basswork/chords/extinv.htm" "Mozilla/4.0 (compatible; MSIE 5.0; Windows 98; DigExt)"
67.33.252.81 - - [22/Nov/2006:20:47:46 -0600] "GET /basswork/chords/finish.htm HTTP/1.1" 200 9589 "http://www.vt2000.com/basswork/chords/progs.htm" "Mozilla/4.0 (compatible; MSIE 5.0; Windows 98; DigExt)"
70.233.233.138 - - [22/Nov/2006:20:48:47 -0600] "GET /cps HTTP/1.1" 301 358 "http://mysite.verizon.net/vze7krm0/index.html" "Mozilla/4.0 (compatible; MSIE 7.0; Windows NT 5.1; YPC 3.2.0; (R1 1.5); .NET CLR 1.1.4322; .NET CLR 2.0.50727)"
70.233.233.138 - - [22/Nov/2006:20:48:48 -0600] "GET /cps/ HTTP/1.1" 200 12460 "http://mysite.verizon.net/vze7krm0/index.html" "Mozilla/4.0 (compatible; MSIE 7.0; Windows NT 5.1; YPC 3.2.0; (R1 1.5); .NET CLR 1.1.4322; .NET CLR 2.0.50727)"
70.233.233.138 - - [22/Nov/2006:20:48:48 -0600] "GET /cps/baus2.jpg HTTP/1.1" 200 14739 "http://www.vt2000.com/cps/" "Mozilla/4.0 (compatible; MSIE 7.0; Windows NT 5.1; YPC 3.2.0; (R1 1.5); .NET CLR 1.1.4322; .NET CLR 2.0.50727)"
70.233.233.138 - - [22/Nov/2006:20:48:48 -0600] "GET /cps/ball.gif HTTP/1.1" 200 510 "http://www.vt2000.com/cps/" "Mozilla/4.0 (compatible; MSIE 7.0; Windows NT 5.1; YPC 3.2.0; (R1 1.5); .NET CLR 1.1.4322; .NET CLR 2.0.50727)"
70.233.233.138 - - [22/Nov/2006:20:48:48 -0600] "GET /cps/card.gif HTTP/1.1" 200 3193 "http://www.vt2000.com/cps/" "Mozilla/4.0 (compatible; MSIE 7.0; Windows NT 5.1; YPC 3.2.0; (R1 1.5); .NET CLR 1.1.4322; .NET CLR 2.0.50727)"
70.233.233.138 - - [22/Nov/2006:20:48:48 -0600] "GET /cps/fine.jpg HTTP/1.1" 200 5925 "http://www.vt2000.com/cps/" "Mozilla/4.0 (compatible; MSIE 7.0; Windows NT 5.1; YPC 3.2.0; (R1 1.5); .NET CLR 1.1.4322; .NET CLR 2.0.50727)"
70.233.233.138 - - [22/Nov/2006:20:48:48 -0600] "GET /favicon.ico HTTP/1.1" 200 318 "-" "Mozilla/4.0 (compatible; MSIE 7.0; Windows NT 5.1; YPC 3.2.0; (R1 1.5); .NET CLR 1.1.4322; .NET CLR 2.0.50727)"
70.233.233.138 - - [22/Nov/2006:20:49:09 -0600] "GET /cps/curwork.htm HTTP/1.1" 200 2320 "http://www.vt2000.com/cps/" "Mozilla/4.0 (compatible; MSIE 7.0; Windows NT 5.1; YPC 3.2.0; (R1 1.5); .NET CLR 1.1.4322; .NET CLR 2.0.50727)"
70.233.233.138 - - [22/Nov/2006:20:49:09 -0600] "GET /cps/card_sh.gif HTTP/1.1" 200 3241 "http://www.vt2000.com/cps/curwork.htm" "Mozilla/4.0 (compatible; MSIE 7.0; Windows NT 5.1; YPC 3.2.0; (R1 1.5); .NET CLR 1.1.4322; .NET CLR 2.0.50727)"
70.233.233.138 - - [22/Nov/2006:20:49:10 -0600] "GET /cps/heintznight.jpg HTTP/1.1" 200 21794 "http://www.vt2000.com/cps/curwork.htm" "Mozilla/4.0 (compatible; MSIE 7.0; Windows NT 5.1; YPC 3.2.0; (R1 1.5); .NET CLR 1.1.4322; .NET CLR 2.0.50727)"
70.233.233.138 - - [22/Nov/2006:20:49:10 -0600] "GET /cps/curwork.jpg HTTP/1.1" 200 24941 "http://www.vt2000.com/cps/curwork.htm" "Mozilla/4.0 (compatible; MSIE 7.0; Windows NT 5.1; YPC 3.2.0; (R1 1.5); .NET CLR 1.1.4322; .NET CLR 2.0.50727)"
70.233.233.138 - - [22/Nov/2006:20:50:00 -0600] "GET /cps/window.htm HTTP/1.1" 200 2108 "http://www.vt2000.com/cps/" "Mozilla/4.0 (compatible; MSIE 7.0; Windows NT 5.1; YPC 3.2.0; (R1 1.5); .NET CLR 1.1.4322; .NET CLR 2.0.50727)"
70.233.233.138 - - [22/Nov/2006:20:50:00 -0600] "GET /cps/card_sh.gif HTTP/1.1" 304 - "http://www.vt2000.com/cps/window.htm" "Mozilla/4.0 (compatible; MSIE 7.0; Windows NT 5.1; YPC 3.2.0; (R1 1.5); .NET CLR 1.1.4322; .NET CLR 2.0.50727)"
70.233.233.138 - - [22/Nov/2006:20:50:00 -0600] "GET /cps/shopwindow.jpg HTTP/1.1" 200 40378 "http://www.vt2000.com/cps/window.htm" "Mozilla/4.0 (compatible; MSIE 7.0; Windows NT 5.1; YPC 3.2.0; (R1 1.5); .NET CLR 1.1.4322; .NET CLR 2.0.50727)"
70.233.233.138 - - [22/Nov/2006:20:50:06 -0600] "GET /cps/weather.htm HTTP/1.1" 200 583 "http://www.vt2000.com/cps/" "Mozilla/4.0 (compatible; MSIE 7.0; Windows NT 5.1; YPC 3.2.0; (R1 1.5); .NET CLR 1.1.4322; .NET CLR 2.0.50727)"
70.233.233.138 - - [22/Nov/2006:20:50:13 -0600] "GET /cps/hammercat.htm HTTP/1.1" 200 2065 "http://www.vt2000.com/cps/" "Mozilla/4.0 (compatible; MSIE 7.0; Windows NT 5.1; YPC 3.2.0; (R1 1.5); .NET CLR 1.1.4322; .NET CLR 2.0.50727)"
70.233.233.138 - - [22/Nov/2006:20:50:13 -0600] "GET /cps/card_sh.gif HTTP/1.1" 304 - "http://www.vt2000.com/cps/hammercat.htm" "Mozilla/4.0 (compatible; MSIE 7.0; Windows NT 5.1; YPC 3.2.0; (R1 1.5); .NET CLR 1.1.4322; .NET CLR 2.0.50727)"
70.233.233.138 - - [22/Nov/2006:20:50:13 -0600] "GET /cps/hammercat.jpg HTTP/1.1" 200 20329 "http://www.vt2000.com/cps/hammercat.htm" "Mozilla/4.0 (compatible; MSIE 7.0; Windows NT 5.1; YPC 3.2.0; (R1 1.5); .NET CLR 1.1.4322; .NET CLR 2.0.50727)"
70.233.233.138 - - [22/Nov/2006:20:50:17 -0600] "GET /cps/truck.htm HTTP/1.1" 200 2023 "http://www.vt2000.com/cps/" "Mozilla/4.0 (compatible; MSIE 7.0; Windows NT 5.1; YPC 3.2.0; (R1 1.5); .NET CLR 1.1.4322; .NET CLR 2.0.50727)"
70.233.233.138 - - [22/Nov/2006:20:50:17 -0600] "GET /cps/card_sh.gif HTTP/1.1" 304 - "http://www.vt2000.com/cps/truck.htm" "Mozilla/4.0 (compatible; MSIE 7.0; Windows NT 5.1; YPC 3.2.0; (R1 1.5); .NET CLR 1.1.4322; .NET CLR 2.0.50727)"
70.233.233.138 - - [22/Nov/2006:20:50:17 -0600] "GET /cps/truck1.jpg HTTP/1.1" 200 32672 "http://www.vt2000.com/cps/truck.htm" "Mozilla/4.0 (compatible; MSIE 7.0; Windows NT 5.1; YPC 3.2.0; (R1 1.5); .NET CLR 1.1.4322; .NET CLR 2.0.50727)"
70.233.233.138 - - [22/Nov/2006:20:50:24 -0600] "GET /cps/strider.htm HTTP/1.1" 200 1976 "http://www.vt2000.com/cps/" "Mozilla/4.0 (compatible; MSIE 7.0; Windows NT 5.1; YPC 3.2.0; (R1 1.5); .NET CLR 1.1.4322; .NET CLR 2.0.50727)"
70.233.233.138 - - [22/Nov/2006:20:50:24 -0600] "GET /cps/card_sh.gif HTTP/1.1" 304 - "http://www.vt2000.com/cps/strider.htm" "Mozilla/4.0 (compatible; MSIE 7.0; Windows NT 5.1; YPC 3.2.0; (R1 1.5); .NET CLR 1.1.4322; .NET CLR 2.0.50727)"
70.233.233.138 - - [22/Nov/2006:20:50:24 -0600] "GET /cps/strider1.jpg HTTP/1.1" 200 18434 "http://www.vt2000.com/cps/strider.htm" "Mozilla/4.0 (compatible; MSIE 7.0; Windows NT 5.1; YPC 3.2.0; (R1 1.5); .NET CLR 1.1.4322; .NET CLR 2.0.50727)"
72.30.226.142 - - [22/Nov/2006:20:59:02 -0600] "GET /robots.txt HTTP/1.0" 200 138 "-" "Mozilla/5.0 (compatible; Yahoo! Slurp; http://help.yahoo.com/help/us/ysearch/slurp)"
72.30.216.100 - - [22/Nov/2006:20:59:09 -0600] "GET /basswork/chords/baschord.htm HTTP/1.0" 200 14296 "-" "Mozilla/5.0 (compatible; Yahoo! Slurp; http://help.yahoo.com/help/us/ysearch/slurp)"
61.235.98.98 - - [22/Nov/2006:21:06:06 -0600] "GET /basswork/ HTTP/1.0" 200 1620 "http://www.google.com/search?hl=en&lr=&q=bass+lessons" "Mozilla/4.0 (compatible; MSIE 6.0; Windows NT 5.1; SV1; .NET CLR 2.0.50727)"
61.235.98.98 - - [22/Nov/2006:21:06:17 -0600] "GET /basswork/basswork.gif HTTP/1.0" 200 2717 "http://www.vt2000.com/basswork/" "Mozilla/4.0 (compatible; MSIE 6.0; Windows NT 5.1; SV1; .NET CLR 2.0.50727)"
198.164.201.144 - - [22/Nov/2006:21:08:26 -0600] "GET /basswork/chords/scales.htm HTTP/1.1" 200 13218 "http://www.ask.com/web?q=gutair+scales&qsrc=119&o=0&l=dir&sugreqs=10" "Mozilla/4.0 (compatible; MSIE 6.0; Windows 98; Win 9x 4.90)"
198.164.201.144 - - [22/Nov/2006:21:08:27 -0600] "GET /basswork/chords/backgr.jpg HTTP/1.1" 200 26925 "http://www.vt2000.com/basswork/chords/scales.htm" "Mozilla/4.0 (compatible; MSIE 6.0; Windows 98; Win 9x 4.90)"
198.164.201.144 - - [22/Nov/2006:21:08:27 -0600] "GET /basswork/chords/back.gif HTTP/1.1" 200 1060 "http://www.vt2000.com/basswork/chords/scales.htm" "Mozilla/4.0 (compatible; MSIE 6.0; Windows 98; Win 9x 4.90)"
198.164.201.144 - - [22/Nov/2006:21:08:28 -0600] "GET /basswork/chords/forw.gif HTTP/1.1" 200 1067 "http://www.vt2000.com/basswork/chords/scales.htm" "Mozilla/4.0 (compatible; MSIE 6.0; Windows 98; Win 9x 4.90)"
198.164.201.144 - - [22/Nov/2006:21:08:29 -0600] "GET /basswork/chords/cmscale.gif HTTP/1.1" 200 1657 "http://www.vt2000.com/basswork/chords/scales.htm" "Mozilla/4.0 (compatible; MSIE 6.0; Windows 98; Win 9x 4.90)"
198.164.201.144 - - [22/Nov/2006:21:08:31 -0600] "GET /basswork/chords/smiley.gif HTTP/1.1" 200 93 "http://www.vt2000.com/basswork/chords/scales.htm" "Mozilla/4.0 (compatible; MSIE 6.0; Windows 98; Win 9x 4.90)"
69.79.237.183 - - [22/Nov/2006:21:15:03 -0600] "GET /basswork/ HTTP/1.1" 304 - "http://www.google.com.co/search?hl=es&q=BASS+LESSONS&meta=" "Mozilla/4.0 (compatible; MSIE 6.0; Windows NT 5.1; SV1; .NET CLR 1.1.4322)"
69.79.237.183 - - [22/Nov/2006:21:15:03 -0600] "GET /basswork/basswork.gif HTTP/1.1" 304 - "http://www.vt2000.com/basswork/" "Mozilla/4.0 (compatible; MSIE 6.0; Windows NT 5.1; SV1; .NET CLR 1.1.4322)"
69.79.237.183 - - [22/Nov/2006:21:15:13 -0600] "GET /basswork/techindx.htm HTTP/1.1" 304 - "http://www.vt2000.com/basswork/" "Mozilla/4.0 (compatible; MSIE 6.0; Windows NT 5.1; SV1; .NET CLR 1.1.4322)"
61.235.98.98 - - [22/Nov/2006:21:16:21 -0600] "GET /basswork/thryindx.htm HTTP/1.0" 200 816 "http://www.vt2000.com/basswork/" "Mozilla/4.0 (compatible; MSIE 6.0; Windows NT 5.1; SV1; .NET CLR 2.0.50727)"
61.235.98.98 - - [22/Nov/2006:21:17:03 -0600] "GET /basswork/thplunk.htm HTTP/1.0" 200 7805 "http://www.vt2000.com/basswork/thryindx.htm" "Mozilla/4.0 (compatible; MSIE 6.0; Windows NT 5.1; SV1; .NET CLR 2.0.50727)"
74.6.74.220 - - [22/Nov/2006:21:21:19 -0600] "GET /robots.txt HTTP/1.0" 200 138 "-" "Mozilla/5.0 (compatible; Yahoo! Slurp; http://help.yahoo.com/help/us/ysearch/slurp)"
74.6.70.43 - - [22/Nov/2006:21:21:19 -0600] "GET /cps/dc.htm HTTP/1.0" 200 4280 "-" "Mozilla/5.0 (compatible; Yahoo! Slurp; http://help.yahoo.com/help/us/ysearch/slurp)"
74.6.131.198 - - [22/Nov/2006:21:23:34 -0600] "GET /robots.txt HTTP/1.0" 200 138 "-" "Mozilla/5.0 (compatible; Yahoo! Slurp; http://help.yahoo.com/help/us/ysearch/slurp)"
74.6.131.198 - - [22/Nov/2006:21:23:35 -0600] "GET /basswork HTTP/1.0" 301 363 "-" "Mozilla/5.0 (compatible; Yahoo! DE Slurp; http://help.yahoo.com/help/us/ysearch/slurp)"
74.6.131.198 - - [22/Nov/2006:21:23:36 -0600] "GET /basswork/ HTTP/1.0" 200 1620 "-" "Mozilla/5.0 (compatible; Yahoo! DE Slurp; http://help.yahoo.com/help/us/ysearch/slurp)"
61.235.98.98 - - [22/Nov/2006:21:24:50 -0600] "GET /basswork/thplunk1.htm HTTP/1.0" 200 6332 "http://www.vt2000.com/basswork/thplunk.htm" "Mozilla/4.0 (compatible; MSIE 6.0; Windows NT 5.1; SV1; .NET CLR 2.0.50727)"
74.6.68.162 - - [22/Nov/2006:21:26:40 -0600] "GET /basswork/dunnguit.htm HTTP/1.0" 200 1417 "-" "Mozilla/5.0 (compatible; Yahoo! Slurp; http://help.yahoo.com/help/us/ysearch/slurp)"
61.235.98.98 - - [22/Nov/2006:21:28:16 -0600] "GET /basswork/index.html HTTP/1.0" 200 1620 "http://www.vt2000.com/basswork/thplunk1.htm" "Mozilla/4.0 (compatible; MSIE 6.0; Windows NT 5.1; SV1; .NET CLR 2.0.50727)"
61.235.98.98 - - [22/Nov/2006:21:28:25 -0600] "GET /basswork/techindx.htm HTTP/1.0" 200 1589 "http://www.vt2000.com/basswork/index.html" "Mozilla/4.0 (compatible; MSIE 6.0; Windows NT 5.1; SV1; .NET CLR 2.0.50727)"
61.235.98.98 - - [22/Nov/2006:21:28:32 -0600] "GET /basswork/schmidt1.htm HTTP/1.0" 200 10619 "http://www.vt2000.com/basswork/techindx.htm" "Mozilla/4.0 (compatible; MSIE 6.0; Windows NT 5.1; SV1; .NET CLR 2.0.50727)"
71.140.80.178 - - [22/Nov/2006:21:43:06 -0600] "GET /cps/soldpianos.htm HTTP/1.1" 200 25395 "http://www.google.com/search?hl=en&lr=&q=meister+piano&btnG=Search" "Mozilla/4.0 (compatible; MSIE 6.0; Windows NT 5.1; .NET CLR 1.1.4322)"
71.140.80.178 - - [22/Nov/2006:21:43:06 -0600] "GET /cps/ball.gif HTTP/1.1" 200 510 "http://www.vt2000.com/cps/soldpianos.htm" "Mozilla/4.0 (compatible; MSIE 6.0; Windows NT 5.1; .NET CLR 1.1.4322)"
71.140.80.178 - - [22/Nov/2006:21:43:06 -0600] "GET /cps/card_sh.gif HTTP/1.1" 200 3241 "http://www.vt2000.com/cps/soldpianos.htm" "Mozilla/4.0 (compatible; MSIE 6.0; Windows NT 5.1; .NET CLR 1.1.4322)"
71.140.80.178 - - [22/Nov/2006:21:43:31 -0600] "GET /cps/meisteroak.jpg HTTP/1.1" 200 38785 "http://www.vt2000.com/cps/soldpianos.htm" "Mozilla/4.0 (compatible; MSIE 6.0; Windows NT 5.1; .NET CLR 1.1.4322)"
71.140.80.178 - - [22/Nov/2006:21:44:47 -0600] "GET /cps/meister2md.jpg HTTP/1.1" 200 16562 "http://www.vt2000.com/cps/soldpianos.htm" "Mozilla/4.0 (compatible; MSIE 6.0; Windows NT 5.1; .NET CLR 1.1.4322)"
66.32.184.193 - - [22/Nov/2006:21:44:48 -0600] "GET /basswork/chords/ HTTP/1.1" 200 8461 "http://search.yahoo.com/search?p=bass+chords&fr=yfp-t-501&toggle=1&cop=mss&ei=UTF-8" "Mozilla/4.0 (compatible; MSIE 6.0; Windows NT 5.1; SV1; .NET CLR 1.1.4322; .NET CLR 2.0.50727)"
66.32.184.193 - - [22/Nov/2006:21:44:48 -0600] "GET /basswork/chords/stdj-bas.gif HTTP/1.1" 200 5826 "http://www.vt2000.com/basswork/chords/" "Mozilla/4.0 (compatible; MSIE 6.0; Windows NT 5.1; SV1; .NET CLR 1.1.4322; .NET CLR 2.0.50727)"
66.32.184.193 - - [22/Nov/2006:21:44:48 -0600] "GET /basswork/chords/backgr.jpg HTTP/1.1" 200 26925 "http://www.vt2000.com/basswork/chords/" "Mozilla/4.0 (compatible; MSIE 6.0; Windows NT 5.1; SV1; .NET CLR 1.1.4322; .NET CLR 2.0.50727)"
66.32.184.193 - - [22/Nov/2006:21:44:48 -0600] "GET /basswork/chords/smiley.gif HTTP/1.1" 200 93 "http://www.vt2000.com/basswork/chords/" "Mozilla/4.0 (compatible; MSIE 6.0; Windows NT 5.1; SV1; .NET CLR 1.1.4322; .NET CLR 2.0.50727)"
66.32.184.193 - - [22/Nov/2006:21:44:54 -0600] "GET /basswork/chords/baschord.htm HTTP/1.1" 200 14296 "http://www.vt2000.com/basswork/chords/" "Mozilla/4.0 (compatible; MSIE 6.0; Windows NT 5.1; SV1; .NET CLR 1.1.4322; .NET CLR 2.0.50727)"
66.32.184.193 - - [22/Nov/2006:21:44:54 -0600] "GET /basswork/chords/back.gif HTTP/1.1" 200 1060 "http://www.vt2000.com/basswork/chords/baschord.htm" "Mozilla/4.0 (compatible; MSIE 6.0; Windows NT 5.1; SV1; .NET CLR 1.1.4322; .NET CLR 2.0.50727)"
66.32.184.193 - - [22/Nov/2006:21:44:54 -0600] "GET /basswork/chords/forw.gif HTTP/1.1" 200 1067 "http://www.vt2000.com/basswork/chords/baschord.htm" "Mozilla/4.0 (compatible; MSIE 6.0; Windows NT 5.1; SV1; .NET CLR 1.1.4322; .NET CLR 2.0.50727)"
71.140.80.178 - - [22/Nov/2006:21:45:22 -0600] "GET /cps/forsale.htm HTTP/1.1" 200 9897 "http://www.vt2000.com/cps/soldpianos.htm" "Mozilla/4.0 (compatible; MSIE 6.0; Windows NT 5.1; .NET CLR 1.1.4322)"
71.140.80.178 - - [22/Nov/2006:21:45:23 -0600] "GET /cps/fineoldblock.jpg HTTP/1.1" 200 23804 "http://www.vt2000.com/cps/forsale.htm" "Mozilla/4.0 (compatible; MSIE 6.0; Windows NT 5.1; .NET CLR 1.1.4322)"
65.54.188.130 - - [22/Nov/2006:21:46:06 -0600] "GET /robots.txt HTTP/1.0" 200 138 "-" "msnbot/1.0 (+http://search.msn.com/msnbot.htm)"
65.54.188.130 - - [22/Nov/2006:21:46:06 -0600] "GET /solnet/ HTTP/1.0" 404 329 "-" "msnbot/1.0 (+http://search.msn.com/msnbot.htm)"
71.140.80.178 - - [22/Nov/2006:21:46:06 -0600] "GET /cps/doit.htm HTTP/1.1" 200 7072 "http://www.vt2000.com/cps/forsale.htm" "Mozilla/4.0 (compatible; MSIE 6.0; Windows NT 5.1; .NET CLR 1.1.4322)"
71.140.80.178 - - [22/Nov/2006:21:46:06 -0600] "GET /cps/bellmt0.eot HTTP/1.1" 200 25940 "http://www.vt2000.com/cps/doit.htm" "Mozilla/4.0 (compatible; MSIE 6.0; Windows NT 5.1; .NET CLR 1.1.4322)"
71.140.80.178 - - [22/Nov/2006:21:46:06 -0600] "GET /cps/arial0.eot HTTP/1.1" 404 336 "http://www.vt2000.com/cps/doit.htm" "Mozilla/4.0 (compatible; MSIE 6.0; Windows NT 5.1; .NET CLR 1.1.4322)"
71.140.80.178 - - [22/Nov/2006:21:46:07 -0600] "GET /cps/fine.jpg HTTP/1.1" 200 5925 "http://www.vt2000.com/cps/doit.htm" "Mozilla/4.0 (compatible; MSIE 6.0; Windows NT 5.1; .NET CLR 1.1.4322)"
71.140.80.178 - - [22/Nov/2006:21:46:11 -0600] "GET /cps/old88.htm HTTP/1.1" 200 4954 "http://www.vt2000.com/cps/doit.htm" "Mozilla/4.0 (compatible; MSIE 6.0; Windows NT 5.1; .NET CLR 1.1.4322)"
71.140.80.178 - - [22/Nov/2006:21:47:26 -0600] "GET /cps/arial0.eot HTTP/1.1" 404 336 "http://www.vt2000.com/cps/doit.htm" "Mozilla/4.0 (compatible; MSIE 6.0; Windows NT 5.1; .NET CLR 1.1.4322)"
74.6.74.220 - - [22/Nov/2006:21:48:43 -0600] "GET /robots.txt HTTP/1.0" 200 138 "-" "Mozilla/5.0 (compatible; Yahoo! Slurp; http://help.yahoo.com/help/us/ysearch/slurp)"
74.6.70.99 - - [22/Nov/2006:21:48:43 -0600] "GET /fp/display.htm HTTP/1.0" 200 6098 "-" "Mozilla/5.0 (compatible; Yahoo! Slurp; http://help.yahoo.com/help/us/ysearch/slurp)"
71.140.80.178 - - [22/Nov/2006:21:49:35 -0600] "GET /cps/arial0.eot HTTP/1.1" 404 336 "http://www.vt2000.com/cps/doit.htm" "Mozilla/4.0 (compatible; MSIE 6.0; Windows NT 5.1; .NET CLR 1.1.4322)"
74.6.68.137 - - [22/Nov/2006:21:52:45 -0600] "GET /basswork/chords/musjokes.htm HTTP/1.0" 304 - "-" "Mozilla/5.0 (compatible; Yahoo! Slurp; http://help.yahoo.com/help/us/ysearch/slurp)"
209.97.203.36 - - [22/Nov/2006:21:57:40 -0600] "GET /basswork/ HTTP/1.1" 200 1620 "-" "Mozilla/4.0 (compatible; MSIE 6.0; Windows NT 5.0)"
65.55.213.11 - - [22/Nov/2006:22:02:35 -0600] "GET /robots.txt HTTP/1.0" 200 138 "-" "msnbot-media/1.0 (+http://search.msn.com/msnbot.htm)"
65.55.213.11 - - [22/Nov/2006:22:02:36 -0600] "GET /fp/decatcov.jpg HTTP/1.0" 200 42799 "-" "msnbot-media/1.0 (+http://search.msn.com/msnbot.htm)"
65.55.213.11 - - [22/Nov/2006:22:02:37 -0600] "GET /fp/gillcam.jpg HTTP/1.0" 200 35700 "-" "msnbot-media/1.0 (+http://search.msn.com/msnbot.htm)"
70.233.233.138 - - [22/Nov/2006:22:06:49 -0600] "GET /fp/vermont.htm HTTP/1.1" 200 7478 "http://search.yahoo.com/search?p=fairfax%2C+vermont&ei=UTF-8&xargs=12KPjg19VSioS8jfanBc6zCJDjsy995uTRgIx7DOVsHKFk5jQ0BKdyDcO8jsd9Tp05s0zFzoaV6aUQXae9yaXZR1rzOifqodDCnt%5FRzv8%2DI62nPY4H%2D%2DpynUvbz8Z8BX8TYGjKIIzp5bGSd3LLh0tI3r4UQS1Jw%2DYe8fvKmrRPTMakRG9g027Ooaqs1%2DAUm6zzMQI5eMcdLordPxk3Spter%2D7RoqmG4h8FJBq5OF4bzmqYKAHHk5bFaY0P%2D%2DSvwZqbHbvMhyVu03%5FH1%2Dyf2CrIlDyIyv5iF0qy&pstart=3&fr=b1ie7&b=111" "Mozilla/4.0 (compatible; MSIE 7.0; Windows NT 5.1; YPC 3.2.0; (R1 1.5); .NET CLR 1.1.4322; .NET CLR 2.0.50727)"
70.233.233.138 - - [22/Nov/2006:22:06:50 -0600] "GET /fp/fpcut2.gif HTTP/1.1" 200 17443 "http://www.vt2000.com/fp/vermont.htm" "Mozilla/4.0 (compatible; MSIE 7.0; Windows NT 5.1; YPC 3.2.0; (R1 1.5); .NET CLR 1.1.4322; .NET CLR 2.0.50727)"
70.233.233.138 - - [22/Nov/2006:22:06:56 -0600] "GET /fp/type.htm HTTP/1.1" 200 3561 "http://www.vt2000.com/fp/vermont.htm" "Mozilla/4.0 (compatible; MSIE 7.0; Windows NT 5.1; YPC 3.2.0; (R1 1.5); .NET CLR 1.1.4322; .NET CLR 2.0.50727)"
70.233.233.138 - - [22/Nov/2006:22:06:56 -0600] "GET /fp/fpcut2.gif HTTP/1.1" 304 - "http://www.vt2000.com/fp/type.htm" "Mozilla/4.0 (compatible; MSIE 7.0; Windows NT 5.1; YPC 3.2.0; (R1 1.5); .NET CLR 1.1.4322; .NET CLR 2.0.50727)"
70.233.233.138 - - [22/Nov/2006:22:06:56 -0600] "GET /fp/red.gif HTTP/1.1" 200 184 "http://www.vt2000.com/fp/type.htm" "Mozilla/4.0 (compatible; MSIE 7.0; Windows NT 5.1; YPC 3.2.0; (R1 1.5); .NET CLR 1.1.4322; .NET CLR 2.0.50727)"
70.233.233.138 - - [22/Nov/2006:22:06:59 -0600] "GET /fp/start.htm HTTP/1.1" 200 11913 "http://www.vt2000.com/fp/type.htm" "Mozilla/4.0 (compatible; MSIE 7.0; Windows NT 5.1; YPC 3.2.0; (R1 1.5); .NET CLR 1.1.4322; .NET CLR 2.0.50727)"
70.233.233.138 - - [22/Nov/2006:22:06:59 -0600] "GET /fp/fpcut2.gif HTTP/1.1" 304 - "http://www.vt2000.com/fp/start.htm" "Mozilla/4.0 (compatible; MSIE 7.0; Windows NT 5.1; YPC 3.2.0; (R1 1.5); .NET CLR 1.1.4322; .NET CLR 2.0.50727)"
70.233.233.138 - - [22/Nov/2006:22:07:05 -0600] "GET /fp/equip.htm HTTP/1.1" 200 3522 "http://www.vt2000.com/fp/start.htm" "Mozilla/4.0 (compatible; MSIE 7.0; Windows NT 5.1; YPC 3.2.0; (R1 1.5); .NET CLR 1.1.4322; .NET CLR 2.0.50727)"
70.233.233.138 - - [22/Nov/2006:22:07:06 -0600] "GET /fp/fpcut2.gif HTTP/1.1" 304 - "http://www.vt2000.com/fp/equip.htm" "Mozilla/4.0 (compatible; MSIE 7.0; Windows NT 5.1; YPC 3.2.0; (R1 1.5); .NET CLR 1.1.4322; .NET CLR 2.0.50727)"
70.233.233.138 - - [22/Nov/2006:22:07:06 -0600] "GET /fp/BELLMT5.eot HTTP/1.1" 404 336 "http://www.vt2000.com/fp/equip.htm" "Mozilla/4.0 (compatible; MSIE 7.0; Windows NT 5.1; YPC 3.2.0; (R1 1.5); .NET CLR 1.1.4322; .NET CLR 2.0.50727)"
70.233.233.138 - - [22/Nov/2006:22:07:06 -0600] "GET /fp/basreli.eot HTTP/1.1" 404 336 "http://www.vt2000.com/fp/equip.htm" "Mozilla/4.0 (compatible; MSIE 7.0; Windows NT 5.1; YPC 3.2.0; (R1 1.5); .NET CLR 1.1.4322; .NET CLR 2.0.50727)"
70.233.233.138 - - [22/Nov/2006:22:07:06 -0600] "GET /fp/gillsan2.eot HTTP/1.1" 404 337 "http://www.vt2000.com/fp/equip.htm" "Mozilla/4.0 (compatible; MSIE 7.0; Windows NT 5.1; YPC 3.2.0; (R1 1.5); .NET CLR 1.1.4322; .NET CLR 2.0.50727)"
70.233.233.138 - - [22/Nov/2006:22:07:06 -0600] "GET /fp/gillsan0.eot HTTP/1.1" 200 17580 "http://www.vt2000.com/fp/equip.htm" "Mozilla/4.0 (compatible; MSIE 7.0; Windows NT 5.1; YPC 3.2.0; (R1 1.5); .NET CLR 1.1.4322; .NET CLR 2.0.50727)"
74.6.74.220 - - [22/Nov/2006:22:16:27 -0600] "GET /robots.txt HTTP/1.0" 200 138 "-" "Mozilla/5.0 (compatible; Yahoo! Slurp; http://help.yahoo.com/help/us/ysearch/slurp)"
72.30.226.198 - - [22/Nov/2006:22:16:27 -0600] "GET /vts/stereo.htm HTTP/1.0" 200 2501 "-" "Mozilla/5.0 (compatible; Yahoo! Slurp; http://help.yahoo.com/help/us/ysearch/slurp)"
74.6.73.75 - - [22/Nov/2006:22:23:23 -0600] "GET /basswork/chords/ HTTP/1.0" 304 - "-" "Mozilla/5.0 (compatible; Yahoo! Slurp; http://help.yahoo.com/help/us/ysearch/slurp)"
76.215.29.62 - - [22/Nov/2006:22:24:28 -0600] "GET /cps/tuning.htm HTTP/1.1" 200 6885 "http://www.google.com/search?client=safari&rls=en&q=how+to+tune+an+old+piano&ie=UTF-8&oe=UTF-8" "Mozilla/5.0 (Macintosh; U; PPC Mac OS X; en) AppleWebKit/418.9 (KHTML, like Gecko) Safari/419.3"
76.215.29.62 - - [22/Nov/2006:22:24:29 -0600] "GET /cps/ball.gif HTTP/1.1" 200 510 "http://www.vt2000.com/cps/tuning.htm" "Mozilla/5.0 (Macintosh; U; PPC Mac OS X; en) AppleWebKit/418.9 (KHTML, like Gecko) Safari/419.3"
76.215.29.62 - - [22/Nov/2006:22:24:29 -0600] "GET /favicon.ico HTTP/1.1" 200 318 "-" "Mozilla/5.0 (Macintosh; U; PPC Mac OS X; en) AppleWebKit/418.9 (KHTML, like Gecko) Safari/419.3"
76.215.29.62 - - [22/Nov/2006:22:24:29 -0600] "GET /cps/card_sh.gif HTTP/1.1" 200 3241 "http://www.vt2000.com/cps/tuning.htm" "Mozilla/5.0 (Macintosh; U; PPC Mac OS X; en) AppleWebKit/418.9 (KHTML, like Gecko) Safari/419.3"
65.55.213.11 - - [22/Nov/2006:22:27:07 -0600] "GET /fp/atuscan.jpg HTTP/1.0" 200 9257 "-" "msnbot-media/1.0 (+http://search.msn.com/msnbot.htm)"
64.4.8.119 - - [22/Nov/2006:22:28:39 -0600] "GET /robots.txt HTTP/1.0" 200 138 "-" "msnbot/1.0 (+http://search.msn.com/msnbot.htm)"
64.4.8.119 - - [22/Nov/2006:22:28:39 -0600] "GET /basswork/techindx.htm HTTP/1.0" 200 1589 "-" "msnbot/1.0 (+http://search.msn.com/msnbot.htm)"
64.4.8.119 - - [22/Nov/2006:22:28:46 -0600] "GET /basswork/thryindx.htm HTTP/1.0" 200 816 "-" "msnbot/1.0 (+http://search.msn.com/msnbot.htm)"
38.113.234.180 - - [22/Nov/2006:22:45:31 -0600] "GET /robots.txt HTTP/1.0" 200 138 "-" "voyager/1.0"
38.113.234.180 - - [22/Nov/2006:22:45:37 -0600] "GET /basswork/chords/interval.htm HTTP/1.0" 200 17245 "-" "voyager/1.0"
64.4.8.119 - - [22/Nov/2006:22:45:39 -0600] "GET /basswork/iantap10.htm HTTP/1.0" 200 7645 "-" "msnbot/1.0 (+http://search.msn.com/msnbot.htm)"
65.54.188.131 - - [22/Nov/2006:22:49:21 -0600] "GET /robots.txt HTTP/1.0" 200 138 "-" "msnbot/1.0 (+http://search.msn.com/msnbot.htm)"
65.54.188.131 - - [22/Nov/2006:22:49:21 -0600] "GET /basswork/chords/clock.ppt HTTP/1.0" 200 43520 "-" "msnbot/1.0 (+http://search.msn.com/msnbot.htm)"
71.222.149.250 - - [22/Nov/2006:22:50:07 -0600] "GET /cps/soldpianos.htm HTTP/1.1" 304 - "http://www.google.com/search?sourceid=navclient&ie=UTF-8&rls=GGLC,GGLC:1969-53,GGLC:en&q=ivers+and+pond+1921+baby+grand" "Mozilla/4.0 (compatible; MSIE 6.0; Windows NT 5.0)"
71.222.149.250 - - [22/Nov/2006:22:50:07 -0600] "GET /cps/ball.gif HTTP/1.1" 304 - "http://www.vt2000.com/cps/soldpianos.htm" "Mozilla/4.0 (compatible; MSIE 6.0; Windows NT 5.0)"
71.222.149.250 - - [22/Nov/2006:22:50:08 -0600] "GET /cps/card_sh.gif HTTP/1.1" 304 - "http://www.vt2000.com/cps/soldpianos.htm" "Mozilla/4.0 (compatible; MSIE 6.0; Windows NT 5.0)"
71.222.149.250 - - [22/Nov/2006:22:50:25 -0600] "GET /cps/ip31553full.jpg HTTP/1.1" 200 29017 "http://www.vt2000.com/cps/soldpianos.htm" "Mozilla/4.0 (compatible; MSIE 6.0; Windows NT 5.0)"
65.55.213.11 - - [22/Nov/2006:22:54:19 -0600] "GET /fp/decatpg.jpg HTTP/1.0" 200 32597 "-" "msnbot-media/1.0 (+http://search.msn.com/msnbot.htm)"
65.54.188.131 - - [22/Nov/2006:22:58:56 -0600] "GET /cps/strichplate2.htm HTTP/1.0" 200 2282 "-" "msnbot/1.0 (+http://search.msn.com/msnbot.htm)"
65.54.188.131 - - [22/Nov/2006:23:07:34 -0600] "GET /cps/strichplate.htm HTTP/1.0" 200 2280 "-" "msnbot/1.0 (+http://search.msn.com/msnbot.htm)"
74.6.74.220 - - [22/Nov/2006:23:19:49 -0600] "GET /robots.txt HTTP/1.0" 200 138 "-" "Mozilla/5.0 (compatible; Yahoo! Slurp; http://help.yahoo.com/help/us/ysearch/slurp)"
74.6.70.99 - - [22/Nov/2006:23:19:50 -0600] "GET /vts/prices.htm HTTP/1.0" 200 6252 "-" "Mozilla/5.0 (compatible; Yahoo! Slurp; http://help.yahoo.com/help/us/ysearch/slurp)"
74.6.71.163 - - [22/Nov/2006:23:26:31 -0600] "GET /cps HTTP/1.0" 301 358 "-" "Mozilla/5.0 (compatible; Yahoo! Slurp; http://help.yahoo.com/help/us/ysearch/slurp)"
74.6.71.163 - - [22/Nov/2006:23:26:31 -0600] "GET /cps/ HTTP/1.0" 200 12460 "-" "Mozilla/5.0 (compatible; Yahoo! Slurp; http://help.yahoo.com/help/us/ysearch/slurp)"
72.192.175.66 - - [22/Nov/2006:23:30:01 -0600] "GET /cps/forsale.htm HTTP/1.1" 200 9897 "-" "Mozilla/4.0 (compatible; MSIE 6.0; Windows NT 5.1; SV1; .NET CLR 1.1.4322)"
72.192.175.66 - - [22/Nov/2006:23:30:01 -0600] "GET /cps/ball.gif HTTP/1.1" 200 510 "http://www.vt2000.com/cps/forsale.htm" "Mozilla/4.0 (compatible; MSIE 6.0; Windows NT 5.1; SV1; .NET CLR 1.1.4322)"
72.192.175.66 - - [22/Nov/2006:23:30:01 -0600] "GET /cps/fineoldblock.jpg HTTP/1.1" 200 23804 "http://www.vt2000.com/cps/forsale.htm" "Mozilla/4.0 (compatible; MSIE 6.0; Windows NT 5.1; SV1; .NET CLR 1.1.4322)"
72.192.175.66 - - [22/Nov/2006:23:30:01 -0600] "GET /cps/card_sh.gif HTTP/1.1" 200 3241 "http://www.vt2000.com/cps/forsale.htm" "Mozilla/4.0 (compatible; MSIE 6.0; Windows NT 5.1; SV1; .NET CLR 1.1.4322)"
68.168.252.158 - - [22/Nov/2006:23:31:25 -0600] "GET /readcustom/bass.htm HTTP/1.1" 200 12365 "http://www.google.com/search?sourceid=ie7&rls=com.microsoft:en-US&ie=utf8&oe=utf8&q=3-BAND+ACTIVE+EQ" "Mozilla/4.0 (compatible; MSIE 7.0; Windows NT 5.1)"
68.168.252.158 - - [22/Nov/2006:23:31:25 -0600] "GET /readcustom/readbanner.jpg HTTP/1.1" 200 4699 "http://www.vt2000.com/readcustom/bass.htm" "Mozilla/4.0 (compatible; MSIE 7.0; Windows NT 5.1)"
68.168.252.158 - - [22/Nov/2006:23:31:25 -0600] "GET /readcustom/207.gif HTTP/1.1" 200 205 "http://www.vt2000.com/readcustom/bass.htm" "Mozilla/4.0 (compatible; MSIE 7.0; Windows NT 5.1)"
68.168.252.158 - - [22/Nov/2006:23:31:25 -0600] "GET /readcustom/vw1x.jpg HTTP/1.1" 200 12708 "http://www.vt2000.com/readcustom/bass.htm" "Mozilla/4.0 (compatible; MSIE 7.0; Windows NT 5.1)"
68.168.252.158 - - [22/Nov/2006:23:31:25 -0600] "GET /readcustom/jilltn.jpg HTTP/1.1" 200 3820 "http://www.vt2000.com/readcustom/bass.htm" "Mozilla/4.0 (compatible; MSIE 7.0; Windows NT 5.1)"
68.168.252.158 - - [22/Nov/2006:23:31:25 -0600] "GET /readcustom/bass1tn.jpg HTTP/1.1" 200 5676 "http://www.vt2000.com/readcustom/bass.htm" "Mozilla/4.0 (compatible; MSIE 7.0; Windows NT 5.1)"
68.168.252.158 - - [22/Nov/2006:23:31:25 -0600] "GET /readcustom/bass8tn.jpg HTTP/1.1" 200 4581 "http://www.vt2000.com/readcustom/bass.htm" "Mozilla/4.0 (compatible; MSIE 7.0; Windows NT 5.1)"
68.168.252.158 - - [22/Nov/2006:23:31:25 -0600] "GET /readcustom/bass6tn.jpg HTTP/1.1" 200 4459 "http://www.vt2000.com/readcustom/bass.htm" "Mozilla/4.0 (compatible; MSIE 7.0; Windows NT 5.1)"
68.168.252.158 - - [22/Nov/2006:23:31:25 -0600] "GET /readcustom/bass2tn.jpg HTTP/1.1" 200 7206 "http://www.vt2000.com/readcustom/bass.htm" "Mozilla/4.0 (compatible; MSIE 7.0; Windows NT 5.1)"
68.168.252.158 - - [22/Nov/2006:23:31:25 -0600] "GET /readcustom/bass3tn.jpg HTTP/1.1" 200 3131 "http://www.vt2000.com/readcustom/bass.htm" "Mozilla/4.0 (compatible; MSIE 7.0; Windows NT 5.1)"
68.168.252.158 - - [22/Nov/2006:23:31:25 -0600] "GET /readcustom/bass4tn.jpg HTTP/1.1" 200 4492 "http://www.vt2000.com/readcustom/bass.htm" "Mozilla/4.0 (compatible; MSIE 7.0; Windows NT 5.1)"
68.168.252.158 - - [22/Nov/2006:23:31:25 -0600] "GET /readcustom/bass5tn.jpg HTTP/1.1" 200 3721 "http://www.vt2000.com/readcustom/bass.htm" "Mozilla/4.0 (compatible; MSIE 7.0; Windows NT 5.1)"
