202.82.191.129 - - [22/Nov/2006:01:49:04 -0600] "GET /basswork/index.html HTTP/1.1" 304 - "-" "Mozilla/4.0 (compatible; MSIE 6.0; Windows NT 5.1; .NET CLR 1.0.3705; .NET CLR 1.1.4322; .NET CLR 2.0.50727)"
202.82.191.129 - - [22/Nov/2006:01:49:05 -0600] "GET /basswork/basswork.gif HTTP/1.1" 304 - "http://www.vt2000.com/basswork/index.html" "Mozilla/4.0 (compatible; MSIE 6.0; Windows NT 5.1; .NET CLR 1.0.3705; .NET CLR 1.1.4322; .NET CLR 2.0.50727)"
152.163.101.8 - - [22/Nov/2006:01:49:06 -0600] "GET /cps/arial0.eot HTTP/1.1" 404 336 "http://www.vt2000.com/cps/doit.htm" "Mozilla/4.0 (compatible; MSIE 6.0; AOL 8.0; Windows NT 5.1; .NET CLR 1.0.3705)"
152.163.100.139 - - [22/Nov/2006:01:50:19 -0600] "GET /cps/grands.htm HTTP/1.1" 200 3806 "http://www.vt2000.com/cps/apprais.htm" "Mozilla/4.0 (compatible; MSIE 6.0; AOL 8.0; Windows NT 5.1; .NET CLR 1.0.3705)"
152.163.101.8 - - [22/Nov/2006:01:50:39 -0600] "GET /cps/arial0.eot HTTP/1.1" 404 336 "http://www.vt2000.com/cps/doit.htm" "Mozilla/4.0 (compatible; MSIE 6.0; AOL 8.0; Windows NT 5.1; .NET CLR 1.0.3705)"
152.163.96.31 - - [22/Nov/2006:01:54:34 -0600] "GET /cps/fineoldblock.jpg HTTP/1.1" 200 23804 "http://www.vt2000.com/cps/forsale.htm" "Mozilla/4.0 (compatible; MSIE 6.0; AOL 8.0; Windows NT 5.1; .NET CLR 1.0.3705)"
66.249.65.84 - - [22/Nov/2006:02:04:01 -0600] "GET /basswork HTTP/1.1" 301 363 "-" "Mozilla/5.0 (compatible; Googlebot/2.1; +http://www.google.com/bot.html)"
66.249.65.84 - - [22/Nov/2006:02:04:02 -0600] "GET /basswork/ HTTP/1.1" 200 1620 "-" "Mozilla/5.0 (compatible; Googlebot/2.1; +http://www.google.com/bot.html)"
74.6.71.163 - - [22/Nov/2006:02:11:18 -0600] "GET /cps HTTP/1.0" 301 358 "-" "Mozilla/5.0 (compatible; Yahoo! Slurp; http://help.yahoo.com/help/us/ysearch/slurp)"
74.6.71.163 - - [22/Nov/2006:02:11:18 -0600] "GET /cps/ HTTP/1.0" 200 12460 "-" "Mozilla/5.0 (compatible; Yahoo! Slurp; http://help.yahoo.com/help/us/ysearch/slurp)"
72.30.177.186 - - [22/Nov/2006:02:12:09 -0600] "GET /vts HTTP/1.0" 301 358 "-" "Mozilla/5.0 (compatible; Yahoo! Slurp; http://help.yahoo.com/help/us/ysearch/slurp)"
72.30.177.186 - - [22/Nov/2006:02:12:09 -0600] "GET /vts/ HTTP/1.0" 200 4935 "-" "Mozilla/5.0 (compatible; Yahoo! Slurp; http://help.yahoo.com/help/us/ysearch/slurp)"
220.101.52.176 - - [22/Nov/2006:02:18:40 -0600] "GET /basswork/ HTTP/1.1" 200 1620 "http://www.knowledgehound.com/topics/bass.htm" "Mozilla/5.0 (Windows; U; Windows NT 5.1; en-US; rv:1.8.0.8) Gecko/20061025 Firefox/1.5.0.8"
220.101.52.176 - - [22/Nov/2006:02:18:49 -0600] "GET /basswork/basswork.gif HTTP/1.1" 200 2717 "http://www.vt2000.com/basswork/" "Mozilla/5.0 (Windows; U; Windows NT 5.1; en-US; rv:1.8.0.8) Gecko/20061025 Firefox/1.5.0.8"
220.101.52.176 - - [22/Nov/2006:02:19:10 -0600] "GET /favicon.ico HTTP/1.1" 200 318 "-" "Mozilla/5.0 (Windows; U; Windows NT 5.1; en-US; rv:1.8.0.8) Gecko/20061025 Firefox/1.5.0.8"
124.6.171.15 - - [22/Nov/2006:02:19:33 -0600] "GET /basswork/chords/index.htm HTTP/1.1" 200 8461 "http://www.google.com.ph/search?hl=en&sa=X&oi=spell&resnum=0&ct=result&cd=1&q=chords+of+bass&spell=1" "Mozilla/4.0 (compatible; MSIE 6.0; Windows NT 5.1; SV1)"
124.6.171.15 - - [22/Nov/2006:02:19:34 -0600] "GET /basswork/chords/stdj-bas.gif HTTP/1.1" 200 5826 "http://www.vt2000.com/basswork/chords/index.htm" "Mozilla/4.0 (compatible; MSIE 6.0; Windows NT 5.1; SV1)"
124.6.171.15 - - [22/Nov/2006:02:19:35 -0600] "GET /basswork/chords/backgr.jpg HTTP/1.1" 200 26925 "http://www.vt2000.com/basswork/chords/index.htm" "Mozilla/4.0 (compatible; MSIE 6.0; Windows NT 5.1; SV1)"
124.6.171.15 - - [22/Nov/2006:02:19:35 -0600] "GET /basswork/chords/smiley.gif HTTP/1.1" 200 93 "http://www.vt2000.com/basswork/chords/index.htm" "Mozilla/4.0 (compatible; MSIE 6.0; Windows NT 5.1; SV1)"
220.101.52.176 - - [22/Nov/2006:02:20:14 -0600] "GET /basswork/pracindx.htm HTTP/1.1" 200 917 "http://www.vt2000.com/basswork/" "Mozilla/5.0 (Windows; U; Windows NT 5.1; en-US; rv:1.8.0.8) Gecko/20061025 Firefox/1.5.0.8"
220.101.52.176 - - [22/Nov/2006:02:20:17 -0600] "GET /basswork/miscindx.htm HTTP/1.1" 200 888 "http://www.vt2000.com/basswork/" "Mozilla/5.0 (Windows; U; Windows NT 5.1; en-US; rv:1.8.0.8) Gecko/20061025 Firefox/1.5.0.8"
220.101.52.176 - - [22/Nov/2006:02:20:19 -0600] "GET /basswork/techindx.htm HTTP/1.1" 200 1589 "http://www.vt2000.com/basswork/" "Mozilla/5.0 (Windows; U; Windows NT 5.1; en-US; rv:1.8.0.8) Gecko/20061025 Firefox/1.5.0.8"
124.6.171.15 - - [22/Nov/2006:02:21:12 -0600] "GET /basswork/chords/scales.htm HTTP/1.1" 200 13218 "http://www.vt2000.com/basswork/chords/index.htm" "Mozilla/4.0 (compatible; MSIE 6.0; Windows NT 5.1; SV1)"
124.6.171.15 - - [22/Nov/2006:02:21:13 -0600] "GET /basswork/chords/back.gif HTTP/1.1" 200 1060 "http://www.vt2000.com/basswork/chords/scales.htm" "Mozilla/4.0 (compatible; MSIE 6.0; Windows NT 5.1; SV1)"
124.6.171.15 - - [22/Nov/2006:02:21:14 -0600] "GET /basswork/chords/forw.gif HTTP/1.1" 200 1067 "http://www.vt2000.com/basswork/chords/scales.htm" "Mozilla/4.0 (compatible; MSIE 6.0; Windows NT 5.1; SV1)"
124.6.171.15 - - [22/Nov/2006:02:21:14 -0600] "GET /basswork/chords/cmscale.gif HTTP/1.1" 200 1657 "http://www.vt2000.com/basswork/chords/scales.htm" "Mozilla/4.0 (compatible; MSIE 6.0; Windows NT 5.1; SV1)"
220.101.52.176 - - [22/Nov/2006:02:21:17 -0600] "GET /basswork/schmidt4.htm HTTP/1.1" 200 16691 "http://www.vt2000.com/basswork/techindx.htm" "Mozilla/5.0 (Windows; U; Windows NT 5.1; en-US; rv:1.8.0.8) Gecko/20061025 Firefox/1.5.0.8"
220.101.52.176 - - [22/Nov/2006:02:21:20 -0600] "GET /basswork/schmidt2.htm HTTP/1.1" 200 16694 "http://www.vt2000.com/basswork/techindx.htm" "Mozilla/5.0 (Windows; U; Windows NT 5.1; en-US; rv:1.8.0.8) Gecko/20061025 Firefox/1.5.0.8"
220.101.52.176 - - [22/Nov/2006:02:21:30 -0600] "GET /basswork/burgaero.htm HTTP/1.1" 200 951 "http://www.vt2000.com/basswork/miscindx.htm" "Mozilla/5.0 (Windows; U; Windows NT 5.1; en-US; rv:1.8.0.8) Gecko/20061025 Firefox/1.5.0.8"
66.249.65.84 - - [22/Nov/2006:02:25:33 -0600] "GET /SITE=www.worldonline.co.za/LANGUAGE=EN/AREA=SEARCHBOX/AAMSZ=SEARCHBOX/ACC_RANDOM= HTTP/1.1" 404 403 "-" "Mozilla/5.0 (compatible; Googlebot/2.1; +http://www.google.com/bot.html)"
69.150.85.69 - - [22/Nov/2006:02:43:37 -0600] "GET /basswork/chords/scharm.htm HTTP/1.1" 200 10471 "http://www.google.com/search?hl=en&q=harmonizing+with+chords" "Mozilla/4.0 (compatible; MSIE 6.0; Windows NT 5.1; SV1; EmbeddedWB 14,52 from: http://www.bsalsa.com/ EmbeddedWB 14.52; .NET CLR 1.1.4322)"
69.150.85.69 - - [22/Nov/2006:02:43:37 -0600] "GET /basswork/chords/backgr.jpg HTTP/1.1" 200 26925 "http://www.vt2000.com/basswork/chords/scharm.htm" "Mozilla/4.0 (compatible; MSIE 6.0; Windows NT 5.1; SV1; EmbeddedWB 14,52 from: http://www.bsalsa.com/ EmbeddedWB 14.52; .NET CLR 1.1.4322)"
69.150.85.69 - - [22/Nov/2006:02:43:37 -0600] "GET /basswork/chords/back.gif HTTP/1.1" 200 1060 "http://www.vt2000.com/basswork/chords/scharm.htm" "Mozilla/4.0 (compatible; MSIE 6.0; Windows NT 5.1; SV1; EmbeddedWB 14,52 from: http://www.bsalsa.com/ EmbeddedWB 14.52; .NET CLR 1.1.4322)"
69.150.85.69 - - [22/Nov/2006:02:43:37 -0600] "GET /favicon.ico HTTP/1.1" 200 318 "-" "Mozilla/4.0 (compatible; MSIE 6.0; Windows NT 5.1; SV1; EmbeddedWB 14,52 from: http://www.bsalsa.com/ EmbeddedWB 14.52; .NET CLR 1.1.4322)"
69.150.85.69 - - [22/Nov/2006:02:43:37 -0600] "GET /basswork/chords/forw.gif HTTP/1.1" 200 1067 "http://www.vt2000.com/basswork/chords/scharm.htm" "Mozilla/4.0 (compatible; MSIE 6.0; Windows NT 5.1; SV1; EmbeddedWB 14,52 from: http://www.bsalsa.com/ EmbeddedWB 14.52; .NET CLR 1.1.4322)"
69.150.85.69 - - [22/Nov/2006:02:43:38 -0600] "GET /basswork/chords/cmscale.gif HTTP/1.1" 200 1657 "http://www.vt2000.com/basswork/chords/scharm.htm" "Mozilla/4.0 (compatible; MSIE 6.0; Windows NT 5.1; SV1; EmbeddedWB 14,52 from: http://www.bsalsa.com/ EmbeddedWB 14.52; .NET CLR 1.1.4322)"
69.150.85.69 - - [22/Nov/2006:02:43:38 -0600] "GET /basswork/chords/smiley.gif HTTP/1.1" 200 93 "http://www.vt2000.com/basswork/chords/scharm.htm" "Mozilla/4.0 (compatible; MSIE 6.0; Windows NT 5.1; SV1; EmbeddedWB 14,52 from: http://www.bsalsa.com/ EmbeddedWB 14.52; .NET CLR 1.1.4322)"
218.186.11.2 - - [22/Nov/2006:02:49:54 -0600] "GET /basswork/chords/baschord.htm HTTP/1.1" 200 14296 "http://sg.answers.yahoo.com/question/index?qid=20060923014408AAlxqap" "Mozilla/4.0 (compatible; MSIE 7.0; Windows NT 5.1; Alexa Toolbar)"
218.186.11.2 - - [22/Nov/2006:02:49:54 -0600] "GET /basswork/chords/backgr.jpg HTTP/1.1" 200 26925 "http://www.vt2000.com/basswork/chords/baschord.htm" "Mozilla/4.0 (compatible; MSIE 7.0; Windows NT 5.1; Alexa Toolbar)"
218.186.11.2 - - [22/Nov/2006:02:49:55 -0600] "GET /basswork/chords/back.gif HTTP/1.1" 200 1060 "http://www.vt2000.com/basswork/chords/baschord.htm" "Mozilla/4.0 (compatible; MSIE 7.0; Windows NT 5.1; Alexa Toolbar)"
218.186.11.2 - - [22/Nov/2006:02:49:55 -0600] "GET /basswork/chords/forw.gif HTTP/1.1" 200 1067 "http://www.vt2000.com/basswork/chords/baschord.htm" "Mozilla/4.0 (compatible; MSIE 7.0; Windows NT 5.1; Alexa Toolbar)"
218.186.11.2 - - [22/Nov/2006:02:49:56 -0600] "GET /favicon.ico HTTP/1.1" 200 318 "-" "Mozilla/4.0 (compatible; MSIE 7.0; Windows NT 5.1; Alexa Toolbar)"
74.6.74.220 - - [22/Nov/2006:02:56:11 -0600] "GET /robots.txt HTTP/1.0" 200 138 "-" "Mozilla/5.0 (compatible; Yahoo! Slurp; http://help.yahoo.com/help/us/ysearch/slurp)"
74.6.68.115 - - [22/Nov/2006:02:56:11 -0600] "GET /basswork/chords/scales.htm HTTP/1.0" 304 - "-" "Mozilla/5.0 (compatible; Yahoo! Slurp; http://help.yahoo.com/help/us/ysearch/slurp)"
72.30.226.142 - - [22/Nov/2006:03:06:04 -0600] "GET /robots.txt HTTP/1.0" 200 138 "-" "Mozilla/5.0 (compatible; Yahoo! Slurp; http://help.yahoo.com/help/us/ysearch/slurp)"
72.30.216.10 - - [22/Nov/2006:03:06:04 -0600] "GET /cps/soldpianos.htm HTTP/1.0" 200 25395 "-" "Mozilla/5.0 (compatible; Yahoo! Slurp; http://help.yahoo.com/help/us/ysearch/slurp)"
74.6.67.81 - - [22/Nov/2006:03:19:33 -0600] "GET /vts/index.htm HTTP/1.0" 304 - "-" "Mozilla/5.0 (compatible; Yahoo! Slurp; http://help.yahoo.com/help/us/ysearch/slurp)"
74.6.131.201 - - [22/Nov/2006:03:24:31 -0600] "GET /robots.txt HTTP/1.0" 200 138 "-" "Mozilla/5.0 (compatible; Yahoo! Slurp; http://help.yahoo.com/help/us/ysearch/slurp)"
74.6.131.201 - - [22/Nov/2006:03:24:44 -0600] "GET /basswork HTTP/1.0" 301 363 "-" "Mozilla/5.0 (compatible; Yahoo! DE Slurp; http://help.yahoo.com/help/us/ysearch/slurp)"
74.6.131.201 - - [22/Nov/2006:03:24:58 -0600] "GET /basswork/ HTTP/1.0" 200 1620 "-" "Mozilla/5.0 (compatible; Yahoo! DE Slurp; http://help.yahoo.com/help/us/ysearch/slurp)"
24.87.53.180 - - [22/Nov/2006:03:30:39 -0600] "GET /fp/serif.htm HTTP/1.1" 200 8398 "http://www.google.com/search?q=bodoni+specimen&hl=en&lr=&rls=com.microsoft:en-us&start=30&sa=N" "Mozilla/4.0 (compatible; MSIE 7.0; Windows NT 5.1; .NET CLR 1.1.4322)"
24.87.53.180 - - [22/Nov/2006:03:30:39 -0600] "GET /fp/red.gif HTTP/1.1" 200 184 "http://www.vt2000.com/fp/serif.htm" "Mozilla/4.0 (compatible; MSIE 7.0; Windows NT 5.1; .NET CLR 1.1.4322)"
24.87.53.180 - - [22/Nov/2006:03:30:39 -0600] "GET /fp/fpcut2.gif HTTP/1.1" 200 17443 "http://www.vt2000.com/fp/serif.htm" "Mozilla/4.0 (compatible; MSIE 7.0; Windows NT 5.1; .NET CLR 1.1.4322)"
24.87.53.180 - - [22/Nov/2006:03:30:40 -0600] "GET /favicon.ico HTTP/1.1" 200 318 "-" "Mozilla/4.0 (compatible; MSIE 7.0; Windows NT 5.1; .NET CLR 1.1.4322)"
207.47.221.15 - - [22/Nov/2006:03:37:38 -0600] "GET /cps/heintz1.htm HTTP/1.1" 200 1956 "-" "Mozilla/4.0 (compatible; MSIE 6.0; Windows NT 5.1; SV1; .NET CLR 1.1.4322)"
207.47.221.15 - - [22/Nov/2006:03:37:38 -0600] "GET /cps/card_sh.gif HTTP/1.1" 200 3241 "http://www.vt2000.com/cps/heintz1.htm" "Mozilla/4.0 (compatible; MSIE 6.0; Windows NT 5.1; SV1; .NET CLR 1.1.4322)"
207.47.221.15 - - [22/Nov/2006:03:37:39 -0600] "GET /cps/heintz2.jpg HTTP/1.1" 200 22952 "http://www.vt2000.com/cps/heintz1.htm" "Mozilla/4.0 (compatible; MSIE 6.0; Windows NT 5.1; SV1; .NET CLR 1.1.4322)"
207.47.221.15 - - [22/Nov/2006:03:37:39 -0600] "GET /cps/heintz1.jpg HTTP/1.1" 200 18622 "http://www.vt2000.com/cps/heintz1.htm" "Mozilla/4.0 (compatible; MSIE 6.0; Windows NT 5.1; SV1; .NET CLR 1.1.4322)"
207.47.221.15 - - [22/Nov/2006:03:37:43 -0600] "GET /cps/heintz2.htm HTTP/1.1" 200 1997 "http://www.vt2000.com/cps/heintz1.htm" "Mozilla/4.0 (compatible; MSIE 6.0; Windows NT 5.1; SV1; .NET CLR 1.1.4322)"
207.47.221.15 - - [22/Nov/2006:03:37:44 -0600] "GET /cps/heintz5.jpg HTTP/1.1" 200 27564 "http://www.vt2000.com/cps/heintz2.htm" "Mozilla/4.0 (compatible; MSIE 6.0; Windows NT 5.1; SV1; .NET CLR 1.1.4322)"
207.47.221.15 - - [22/Nov/2006:03:37:44 -0600] "GET /cps/heintz4.jpg HTTP/1.1" 200 35656 "http://www.vt2000.com/cps/heintz2.htm" "Mozilla/4.0 (compatible; MSIE 6.0; Windows NT 5.1; SV1; .NET CLR 1.1.4322)"
207.47.221.15 - - [22/Nov/2006:03:37:44 -0600] "GET /cps/heintz3.jpg HTTP/1.1" 200 30903 "http://www.vt2000.com/cps/heintz2.htm" "Mozilla/4.0 (compatible; MSIE 6.0; Windows NT 5.1; SV1; .NET CLR 1.1.4322)"
203.149.1.106 - - [22/Nov/2006:03:39:06 -0600] "GET /basswork/chords/scharm.htm HTTP/1.1" 200 10471 "http://search.msn.com/spresults.aspx?q=Harmonize+with+chords&first=21&count=10&FORM=POPR" "Mozilla/4.0 (compatible; MSIE 5.5; Windows 95)"
203.149.1.106 - - [22/Nov/2006:03:39:13 -0600] "GET /basswork/chords/back.gif HTTP/1.1" 200 1060 "http://www.vt2000.com/basswork/chords/scharm.htm" "Mozilla/4.0 (compatible; MSIE 5.5; Windows 95)"
203.149.1.106 - - [22/Nov/2006:03:39:13 -0600] "GET /basswork/chords/forw.gif HTTP/1.1" 200 1067 "http://www.vt2000.com/basswork/chords/scharm.htm" "Mozilla/4.0 (compatible; MSIE 5.5; Windows 95)"
203.149.1.106 - - [22/Nov/2006:03:39:13 -0600] "GET /basswork/chords/backgr.jpg HTTP/1.1" 200 26925 "http://www.vt2000.com/basswork/chords/scharm.htm" "Mozilla/4.0 (compatible; MSIE 5.5; Windows 95)"
203.149.1.106 - - [22/Nov/2006:03:39:13 -0600] "GET /basswork/chords/cmscale.gif HTTP/1.1" 200 1657 "http://www.vt2000.com/basswork/chords/scharm.htm" "Mozilla/4.0 (compatible; MSIE 5.5; Windows 95)"
203.149.1.106 - - [22/Nov/2006:03:39:16 -0600] "GET /basswork/chords/smiley.gif HTTP/1.1" 200 93 "http://www.vt2000.com/basswork/chords/scharm.htm" "Mozilla/4.0 (compatible; MSIE 5.5; Windows 95)"
74.6.73.243 - - [22/Nov/2006:03:43:10 -0600] "GET /cps/finding.htm HTTP/1.0" 304 - "-" "Mozilla/5.0 (compatible; Yahoo! Slurp; http://help.yahoo.com/help/us/ysearch/slurp)"
64.106.159.90 - - [22/Nov/2006:03:46:07 -0600] "GET / HTTP/1.0" 200 4230 "-" "Marketingtool.com/1.0 (Reciprocal Link Scanner; http://www.marketingtool.com/link.php)"
72.30.226.142 - - [22/Nov/2006:03:47:52 -0600] "GET /robots.txt HTTP/1.0" 200 138 "-" "Mozilla/5.0 (compatible; Yahoo! Slurp; http://help.yahoo.com/help/us/ysearch/slurp)"
72.30.216.100 - - [22/Nov/2006:03:47:53 -0600] "GET /basswork/chords/baschord.htm HTTP/1.0" 200 14296 "-" "Mozilla/5.0 (compatible; Yahoo! Slurp; http://help.yahoo.com/help/us/ysearch/slurp)"
74.6.76.14 - - [22/Nov/2006:03:48:42 -0600] "GET /robots.txt HTTP/1.0" 200 138 "-" "Mozilla/5.0 (compatible; Yahoo! Slurp; http://help.yahoo.com/help/us/ysearch/slurp)"
74.6.76.14 - - [22/Nov/2006:03:48:43 -0600] "GET /basswork HTTP/1.0" 301 363 "-" "Mozilla/5.0 (compatible; Yahoo! DE Slurp; http://help.yahoo.com/help/us/ysearch/slurp)"
74.6.76.14 - - [22/Nov/2006:03:48:44 -0600] "GET /basswork/ HTTP/1.0" 200 1620 "-" "Mozilla/5.0 (compatible; Yahoo! DE Slurp; http://help.yahoo.com/help/us/ysearch/slurp)"
212.80.76.87 - - [22/Nov/2006:03:50:51 -0600] "GET / HTTP/1.1" 200 4230 "-" "SeznamBot/1.0 (+http://fulltext.seznam.cz/)"
74.6.76.12 - - [22/Nov/2006:03:51:08 -0600] "GET /robots.txt HTTP/1.0" 200 138 "-" "Mozilla/5.0 (compatible; Yahoo! Slurp; http://help.yahoo.com/help/us/ysearch/slurp)"
74.6.76.12 - - [22/Nov/2006:03:51:08 -0600] "GET /basswork HTTP/1.0" 301 363 "-" "Mozilla/5.0 (compatible; Yahoo! DE Slurp; http://help.yahoo.com/help/us/ysearch/slurp)"
74.6.76.12 - - [22/Nov/2006:03:51:40 -0600] "GET /basswork/ HTTP/1.0" 200 1620 "-" "Mozilla/5.0 (compatible; Yahoo! DE Slurp; http://help.yahoo.com/help/us/ysearch/slurp)"
189.0.136.123 - - [22/Nov/2006:03:55:32 -0600] "GET /basswork/chords/interval.htm HTTP/1.1" 304 - "-" "Mozilla/4.0 (compatible; MSIE 6.0; Windows NT 5.1)"
189.0.136.123 - - [22/Nov/2006:03:55:32 -0600] "GET /basswork/chords/back.gif HTTP/1.1" 304 - "http://www.vt2000.com/basswork/chords/interval.htm" "Mozilla/4.0 (compatible; MSIE 6.0; Windows NT 5.1)"
189.0.136.123 - - [22/Nov/2006:03:55:33 -0600] "GET /favicon.ico HTTP/1.1" 304 - "-" "Mozilla/4.0 (compatible; MSIE 6.0; Windows NT 5.1)"
189.0.136.123 - - [22/Nov/2006:03:55:33 -0600] "GET /basswork/chords/backgr.jpg HTTP/1.1" 304 - "http://www.vt2000.com/basswork/chords/interval.htm" "Mozilla/4.0 (compatible; MSIE 6.0; Windows NT 5.1)"
189.0.136.123 - - [22/Nov/2006:03:55:33 -0600] "GET /basswork/chords/forw.gif HTTP/1.1" 304 - "http://www.vt2000.com/basswork/chords/interval.htm" "Mozilla/4.0 (compatible; MSIE 6.0; Windows NT 5.1)"
189.0.136.123 - - [22/Nov/2006:03:55:33 -0600] "GET /basswork/chords/smiley.gif HTTP/1.1" 304 - "http://www.vt2000.com/basswork/chords/interval.htm" "Mozilla/4.0 (compatible; MSIE 6.0; Windows NT 5.1)"
72.30.216.91 - - [22/Nov/2006:03:57:55 -0600] "GET /cps/ HTTP/1.0" 200 12460 "-" "Mozilla/5.0 (compatible; Yahoo! Slurp; http://help.yahoo.com/help/us/ysearch/slurp)"
89.190.199.29 - - [22/Nov/2006:04:10:40 -0600] "GET /basswork/ HTTP/1.1" 200 1620 "http://bang.bg-sonic.com/viewtopic.php?t=1408" "Opera/9.02 (Windows NT 5.1; U; en)"
89.190.199.29 - - [22/Nov/2006:04:10:41 -0600] "GET /basswork/basswork.gif HTTP/1.1" 200 2717 "http://www.vt2000.com/basswork/" "Opera/9.02 (Windows NT 5.1; U; en)"
89.190.199.29 - - [22/Nov/2006:04:10:41 -0600] "GET /favicon.ico HTTP/1.1" 200 318 "http://www.vt2000.com/basswork/" "Opera/9.02 (Windows NT 5.1; U; en)"
89.190.199.29 - - [22/Nov/2006:04:11:33 -0600] "GET /basswork/miscindx.htm HTTP/1.1" 200 888 "http://www.vt2000.com/basswork/" "Opera/9.02 (Windows NT 5.1; U; en)"
89.190.199.29 - - [22/Nov/2006:04:11:33 -0600] "GET /favicon.ico HTTP/1.1" 200 318 "http://www.vt2000.com/basswork/miscindx.htm" "Opera/9.02 (Windows NT 5.1; U; en)"
74.6.74.220 - - [22/Nov/2006:04:13:39 -0600] "GET /robots.txt HTTP/1.0" 200 138 "-" "Mozilla/5.0 (compatible; Yahoo! Slurp; http://help.yahoo.com/help/us/ysearch/slurp)"
74.6.72.6 - - [22/Nov/2006:04:13:39 -0600] "GET /cps/ HTTP/1.0" 304 - "-" "Mozilla/5.0 (compatible; Yahoo! Slurp; http://help.yahoo.com/help/us/ysearch/slurp)"
64.4.8.135 - - [22/Nov/2006:04:21:17 -0600] "GET /robots.txt HTTP/1.0" 200 138 "-" "msnbot/1.0 (+http://search.msn.com/msnbot.htm)"
64.4.8.135 - - [22/Nov/2006:04:21:17 -0600] "GET /basswork/techindx.htm HTTP/1.0" 200 1589 "-" "msnbot/1.0 (+http://search.msn.com/msnbot.htm)"
139.18.2.216 - - [22/Nov/2006:04:31:35 -0600] "GET /cps/forsale.htm HTTP/1.1" 200 9897 "-" "findlinks/1.1.3-beta9 (+http://wortschatz.uni-leipzig.de/findlinks/)"
74.6.71.175 - - [22/Nov/2006:04:34:05 -0600] "GET /cps/shopwork.htm HTTP/1.0" 304 - "-" "Mozilla/5.0 (compatible; Yahoo! Slurp; http://help.yahoo.com/help/us/ysearch/slurp)"
65.54.188.131 - - [22/Nov/2006:04:35:12 -0600] "GET /basswork/chords/3notesp.htm HTTP/1.0" 200 6119 "-" "msnbot/1.0 (+http://search.msn.com/msnbot.htm)"
189.0.136.123 - - [22/Nov/2006:04:45:14 -0600] "GET /basswork/chords/baschord.htm HTTP/1.1" 304 - "-" "Mozilla/4.0 (compatible; MSIE 6.0; Windows NT 5.1)"
189.0.136.123 - - [22/Nov/2006:04:45:15 -0600] "GET /basswork/chords/back.gif HTTP/1.1" 304 - "http://www.vt2000.com/basswork/chords/baschord.htm" "Mozilla/4.0 (compatible; MSIE 6.0; Windows NT 5.1)"
189.0.136.123 - - [22/Nov/2006:04:45:15 -0600] "GET /basswork/chords/backgr.jpg HTTP/1.1" 304 - "http://www.vt2000.com/basswork/chords/baschord.htm" "Mozilla/4.0 (compatible; MSIE 6.0; Windows NT 5.1)"
189.0.136.123 - - [22/Nov/2006:04:45:15 -0600] "GET /favicon.ico HTTP/1.1" 304 - "-" "Mozilla/4.0 (compatible; MSIE 6.0; Windows NT 5.1)"
189.0.136.123 - - [22/Nov/2006:04:45:16 -0600] "GET /basswork/chords/forw.gif HTTP/1.1" 304 - "http://www.vt2000.com/basswork/chords/baschord.htm" "Mozilla/4.0 (compatible; MSIE 6.0; Windows NT 5.1)"
65.214.44.71 - - [22/Nov/2006:04:55:19 -0600] "GET /robots.txt HTTP/1.0" 200 138 "-" "Mozilla/2.0 (compatible; Ask Jeeves/Teoma; +http://about.ask.com/en/docs/about/webmasters.shtml)"
65.214.44.71 - - [22/Nov/2006:04:55:31 -0600] "GET /basswork/chords/musjokes.htm HTTP/1.0" 200 16707 "-" "Mozilla/2.0 (compatible; Ask Jeeves/Teoma; +http://about.ask.com/en/docs/about/webmasters.shtml)"
65.54.188.131 - - [22/Nov/2006:05:11:16 -0600] "GET /oldvt2000 HTTP/1.0" 301 364 "-" "msnbot/1.0 (+http://search.msn.com/msnbot.htm)"
65.54.188.131 - - [22/Nov/2006:05:14:02 -0600] "GET /oldvt2000/ HTTP/1.0" 200 13479 "-" "msnbot/1.0 (+http://search.msn.com/msnbot.htm)"
204.9.204.203 - - [22/Nov/2006:05:19:00 -0600] "GET /robots.txt HTTP/1.0" 200 138 "-" "TurnitinBot/2.1 (http://www.turnitin.com/robot/crawlerinfo.html)"
204.9.204.203 - - [22/Nov/2006:05:20:05 -0600] "GET /basswork HTTP/1.0" 301 363 "-" "TurnitinBot/2.1 (http://www.turnitin.com/robot/crawlerinfo.html)"
204.9.204.203 - - [22/Nov/2006:05:21:10 -0600] "GET /fp/start.htm HTTP/1.0" 200 11913 "-" "TurnitinBot/2.1 (http://www.turnitin.com/robot/crawlerinfo.html)"
63.241.3.51 - - [22/Nov/2006:05:22:16 -0600] "GET /basswork HTTP/1.1" 301 363 "-" "-"
204.9.204.203 - - [22/Nov/2006:05:23:30 -0600] "GET /cps/mehlin.html HTTP/1.0" 200 3638 "-" "TurnitinBot/2.1 (http://www.turnitin.com/robot/crawlerinfo.html)"
204.9.204.203 - - [22/Nov/2006:05:24:23 -0600] "GET /basswork/maw2note.htm HTTP/1.0" 200 6020 "-" "TurnitinBot/2.1 (http://www.turnitin.com/robot/crawlerinfo.html)"
204.9.204.203 - - [22/Nov/2006:05:25:24 -0600] "GET /libbibosworth/ HTTP/1.0" 404 336 "-" "TurnitinBot/2.1 (http://www.turnitin.com/robot/crawlerinfo.html)"
66.196.65.39 - - [22/Nov/2006:05:25:45 -0600] "GET /robots.txt HTTP/1.0" 200 138 "-" "Mozilla/5.0 (compatible; Yahoo! Slurp; http://help.yahoo.com/help/us/ysearch/slurp)"
72.30.61.91 - - [22/Nov/2006:05:25:45 -0600] "GET /basswork/chords/baschord.htm HTTP/1.0" 304 - "-" "Mozilla/5.0 (compatible; Yahoo! Slurp; http://help.yahoo.com/help/us/ysearch/slurp)"
204.9.204.203 - - [22/Nov/2006:05:26:27 -0600] "GET /basswork/chords/baschord.htm HTTP/1.0" 200 14296 "-" "TurnitinBot/2.1 (http://www.turnitin.com/robot/crawlerinfo.html)"
204.9.204.203 - - [22/Nov/2006:05:27:29 -0600] "GET /basswork/flagspkr.htm HTTP/1.0" 200 2017 "-" "TurnitinBot/2.1 (http://www.turnitin.com/robot/crawlerinfo.html)"
203.51.67.41 - - [22/Nov/2006:05:28:11 -0600] "GET /basswork/ianrhy1.htm HTTP/1.1" 200 6483 "http://www.google.com.au/search?q=quavers+and+semi-quavers&hl=en&lr=&start=10&sa=N" "Mozilla/4.0 (compatible; MSIE 6.0; Windows NT 5.1; SV1; .NET CLR 1.1.4322)"
204.9.204.203 - - [22/Nov/2006:05:28:33 -0600] "GET /basswork/steinused.htm HTTP/1.0" 200 5117 "-" "TurnitinBot/2.1 (http://www.turnitin.com/robot/crawlerinfo.html)"
204.9.204.203 - - [22/Nov/2006:05:29:41 -0600] "GET /basswork/chords/index.htm HTTP/1.0" 200 8461 "-" "TurnitinBot/2.1 (http://www.turnitin.com/robot/crawlerinfo.html)"
204.9.204.203 - - [22/Nov/2006:05:30:51 -0600] "GET /solnet/ HTTP/1.0" 404 329 "-" "TurnitinBot/2.1 (http://www.turnitin.com/robot/crawlerinfo.html)"
204.9.204.203 - - [22/Nov/2006:05:31:22 -0600] "GET /basswork/thryindx.htm HTTP/1.0" 200 816 "-" "TurnitinBot/2.1 (http://www.turnitin.com/robot/crawlerinfo.html)"
204.9.204.203 - - [22/Nov/2006:05:32:22 -0600] "GET /basswork/index.html HTTP/1.0" 200 1620 "-" "TurnitinBot/2.1 (http://www.turnitin.com/robot/crawlerinfo.html)"
204.9.204.203 - - [22/Nov/2006:05:33:27 -0600] "GET /basswork/material.htm HTTP/1.0" 200 1809 "-" "TurnitinBot/2.1 (http://www.turnitin.com/robot/crawlerinfo.html)"
202.128.52.204 - - [22/Nov/2006:05:34:06 -0600] "GET /fp/equip.htm HTTP/1.1" 200 3522 "http://www.google.com/search?q=letterpress+quoins&hl=en&lr=&start=10&sa=N" "Mozilla/4.0 (compatible; MSIE 6.0; Windows NT 5.0; (R1 1.5))"
202.128.52.204 - - [22/Nov/2006:05:34:06 -0600] "GET /fp/fpcut2.gif HTTP/1.1" 200 17443 "http://www.vt2000.com/fp/equip.htm" "Mozilla/4.0 (compatible; MSIE 6.0; Windows NT 5.0; (R1 1.5))"
202.128.52.204 - - [22/Nov/2006:05:34:07 -0600] "GET /fp/BELLMT5.eot HTTP/1.1" 404 336 "http://www.vt2000.com/fp/equip.htm" "Mozilla/4.0 (compatible; MSIE 6.0; Windows NT 5.0; (R1 1.5))"
202.128.52.204 - - [22/Nov/2006:05:34:07 -0600] "GET /fp/basreli.eot HTTP/1.1" 404 336 "http://www.vt2000.com/fp/equip.htm" "Mozilla/4.0 (compatible; MSIE 6.0; Windows NT 5.0; (R1 1.5))"
202.128.52.204 - - [22/Nov/2006:05:34:07 -0600] "GET /fp/gillsan2.eot HTTP/1.1" 404 337 "http://www.vt2000.com/fp/equip.htm" "Mozilla/4.0 (compatible; MSIE 6.0; Windows NT 5.0; (R1 1.5))"
202.128.52.204 - - [22/Nov/2006:05:34:08 -0600] "GET /fp/gillsan0.eot HTTP/1.1" 200 17580 "http://www.vt2000.com/fp/equip.htm" "Mozilla/4.0 (compatible; MSIE 6.0; Windows NT 5.0; (R1 1.5))"
204.9.204.203 - - [22/Nov/2006:05:34:28 -0600] "GET /basswork/ HTTP/1.0" 200 1620 "-" "TurnitinBot/2.1 (http://www.turnitin.com/robot/crawlerinfo.html)"
204.9.204.203 - - [22/Nov/2006:05:35:27 -0600] "GET /cps HTTP/1.0" 301 358 "-" "TurnitinBot/2.1 (http://www.turnitin.com/robot/crawlerinfo.html)"
204.9.204.203 - - [22/Nov/2006:05:36:29 -0600] "GET /cps/ HTTP/1.0" 200 12460 "-" "TurnitinBot/2.1 (http://www.turnitin.com/robot/crawlerinfo.html)"
204.9.204.203 - - [22/Nov/2006:05:37:28 -0600] "GET /cps/forsale.htm HTTP/1.0" 200 9897 "-" "TurnitinBot/2.1 (http://www.turnitin.com/robot/crawlerinfo.html)"
204.9.204.203 - - [22/Nov/2006:05:38:32 -0600] "GET /cps/index.html HTTP/1.0" 200 12460 "-" "TurnitinBot/2.1 (http://www.turnitin.com/robot/crawlerinfo.html)"
74.6.74.220 - - [22/Nov/2006:05:39:00 -0600] "GET /robots.txt HTTP/1.0" 200 138 "-" "Mozilla/5.0 (compatible; Yahoo! Slurp; http://help.yahoo.com/help/us/ysearch/slurp)"
74.6.73.243 - - [22/Nov/2006:05:39:00 -0600] "GET /cps/finding.htm HTTP/1.0" 304 - "-" "Mozilla/5.0 (compatible; Yahoo! Slurp; http://help.yahoo.com/help/us/ysearch/slurp)"
204.9.204.203 - - [22/Nov/2006:05:39:32 -0600] "GET /cps/soldpianos.htm HTTP/1.0" 200 25395 "-" "TurnitinBot/2.1 (http://www.turnitin.com/robot/crawlerinfo.html)"
204.9.204.203 - - [22/Nov/2006:05:40:37 -0600] "GET /cps/player.htm HTTP/1.0" 200 3850 "-" "TurnitinBot/2.1 (http://www.turnitin.com/robot/crawlerinfo.html)"
204.9.204.203 - - [22/Nov/2006:05:41:36 -0600] "GET /cps/apprais.htm HTTP/1.0" 200 6036 "-" "TurnitinBot/2.1 (http://www.turnitin.com/robot/crawlerinfo.html)"
204.9.204.203 - - [22/Nov/2006:05:43:03 -0600] "GET /cps/question.htm HTTP/1.0" 200 1339 "-" "TurnitinBot/2.1 (http://www.turnitin.com/robot/crawlerinfo.html)"
204.9.204.203 - - [22/Nov/2006:05:43:58 -0600] "GET /cps/moving.htm HTTP/1.0" 200 4710 "-" "TurnitinBot/2.1 (http://www.turnitin.com/robot/crawlerinfo.html)"
204.9.204.203 - - [22/Nov/2006:05:44:52 -0600] "GET / HTTP/1.0" 200 4230 "-" "TurnitinBot/2.1 (http://www.turnitin.com/robot/crawlerinfo.html)"
204.9.204.203 - - [22/Nov/2006:05:45:46 -0600] "GET /cps/gforsale.htm HTTP/1.0" 200 5592 "-" "TurnitinBot/2.1 (http://www.turnitin.com/robot/crawlerinfo.html)"
142.239.254.19 - - [22/Nov/2006:05:46:14 -0600] "GET /basswork/chords/index.htm HTTP/1.1" 200 8461 "http://www.google.ca/search?hl=en&q=chords+of+a+bass&btnG=Google+Search&meta=" "Mozilla/4.0 (compatible; MSIE 6.0; Windows 98; .NET CLR 1.1.4322)"
142.239.254.19 - - [22/Nov/2006:05:46:15 -0600] "GET /basswork/chords/backgr.jpg HTTP/1.1" 200 26925 "http://www.vt2000.com/basswork/chords/index.htm" "Mozilla/4.0 (compatible; MSIE 6.0; Windows 98; .NET CLR 1.1.4322)"
142.239.254.19 - - [22/Nov/2006:05:46:15 -0600] "GET /basswork/chords/stdj-bas.gif HTTP/1.1" 200 5826 "http://www.vt2000.com/basswork/chords/index.htm" "Mozilla/4.0 (compatible; MSIE 6.0; Windows 98; .NET CLR 1.1.4322)"
142.239.254.19 - - [22/Nov/2006:05:46:15 -0600] "GET /basswork/chords/smiley.gif HTTP/1.1" 200 93 "http://www.vt2000.com/basswork/chords/index.htm" "Mozilla/4.0 (compatible; MSIE 6.0; Windows 98; .NET CLR 1.1.4322)"
204.9.204.203 - - [22/Nov/2006:05:46:42 -0600] "GET /cps/info.htm HTTP/1.0" 200 4688 "-" "TurnitinBot/2.1 (http://www.turnitin.com/robot/crawlerinfo.html)"
204.9.204.203 - - [22/Nov/2006:05:47:40 -0600] "GET /cps/pianomail.htm HTTP/1.0" 200 3797 "-" "TurnitinBot/2.1 (http://www.turnitin.com/robot/crawlerinfo.html)"
204.9.204.203 - - [22/Nov/2006:05:48:40 -0600] "GET /index.html HTTP/1.0" 200 4230 "-" "TurnitinBot/2.1 (http://www.turnitin.com/robot/crawlerinfo.html)"
142.239.254.19 - - [22/Nov/2006:05:56:00 -0600] "GET /basswork/chords/scales.htm HTTP/1.1" 200 13218 "http://www.vt2000.com/basswork/chords/index.htm" "Mozilla/4.0 (compatible; MSIE 6.0; Windows 98; .NET CLR 1.1.4322)"
142.239.254.19 - - [22/Nov/2006:05:56:01 -0600] "GET /basswork/chords/back.gif HTTP/1.1" 200 1060 "http://www.vt2000.com/basswork/chords/scales.htm" "Mozilla/4.0 (compatible; MSIE 6.0; Windows 98; .NET CLR 1.1.4322)"
142.239.254.19 - - [22/Nov/2006:05:56:01 -0600] "GET /basswork/chords/forw.gif HTTP/1.1" 200 1067 "http://www.vt2000.com/basswork/chords/scales.htm" "Mozilla/4.0 (compatible; MSIE 6.0; Windows 98; .NET CLR 1.1.4322)"
142.239.254.19 - - [22/Nov/2006:05:56:01 -0600] "GET /basswork/chords/cmscale.gif HTTP/1.1" 200 1657 "http://www.vt2000.com/basswork/chords/scales.htm" "Mozilla/4.0 (compatible; MSIE 6.0; Windows 98; .NET CLR 1.1.4322)"
74.6.74.220 - - [22/Nov/2006:06:04:58 -0600] "GET /robots.txt HTTP/1.0" 200 138 "-" "Mozilla/5.0 (compatible; Yahoo! Slurp; http://help.yahoo.com/help/us/ysearch/slurp)"
74.6.73.6 - - [22/Nov/2006:06:04:58 -0600] "GET /fp/start.htm HTTP/1.0" 200 11913 "-" "Mozilla/5.0 (compatible; Yahoo! Slurp; http://help.yahoo.com/help/us/ysearch/slurp)"
142.239.254.19 - - [22/Nov/2006:06:08:06 -0600] "GET /basswork/chords/modes.htm HTTP/1.1" 200 6217 "http://www.vt2000.com/basswork/chords/scales.htm" "Mozilla/4.0 (compatible; MSIE 6.0; Windows 98; .NET CLR 1.1.4322)"
142.239.254.19 - - [22/Nov/2006:06:09:00 -0600] "GET /basswork/chords/interval.htm HTTP/1.1" 200 17245 "http://www.vt2000.com/basswork/chords/modes.htm" "Mozilla/4.0 (compatible; MSIE 6.0; Windows 98; .NET CLR 1.1.4322)"
64.124.138.164 - - [22/Nov/2006:06:16:45 -0600] "GET /basswork/ HTTP/1.1" 200 1620 "-" "Mozilla/4.0 (compatible; MSIE 6.0; Windows NT 5.1; SV1; .NET CLR 1.1.4322)"
210.49.98.239 - - [22/Nov/2006:06:38:39 -0600] "GET /basswork/ HTTP/1.1" 200 1620 "http://www.google.com.au/search?hs=4KW&hl=en&client=firefox-a&rls=org.mozilla%3Aen-US%3Aofficial_s&q=bass+lessons&btnG=Search&meta=" "Mozilla/5.0 (Windows; U; Windows NT 5.1; en-US; rv:1.8.0.8) Gecko/20061025 Firefox/1.5.0.8"
210.49.98.239 - - [22/Nov/2006:06:38:39 -0600] "GET /basswork/basswork.gif HTTP/1.1" 200 2717 "http://www.vt2000.com/basswork/" "Mozilla/5.0 (Windows; U; Windows NT 5.1; en-US; rv:1.8.0.8) Gecko/20061025 Firefox/1.5.0.8"
210.49.98.239 - - [22/Nov/2006:06:38:40 -0600] "GET /favicon.ico HTTP/1.1" 200 318 "-" "Mozilla/5.0 (Windows; U; Windows NT 5.1; en-US; rv:1.8.0.8) Gecko/20061025 Firefox/1.5.0.8"
210.49.98.239 - - [22/Nov/2006:06:38:43 -0600] "GET /basswork/techindx.htm HTTP/1.1" 200 1589 "http://www.vt2000.com/basswork/" "Mozilla/5.0 (Windows; U; Windows NT 5.1; en-US; rv:1.8.0.8) Gecko/20061025 Firefox/1.5.0.8"
210.49.98.239 - - [22/Nov/2006:06:38:47 -0600] "GET /basswork/iantap1.htm HTTP/1.1" 200 8125 "http://www.vt2000.com/basswork/techindx.htm" "Mozilla/5.0 (Windows; U; Windows NT 5.1; en-US; rv:1.8.0.8) Gecko/20061025 Firefox/1.5.0.8"
172.130.134.82 - - [22/Nov/2006:06:44:52 -0600] "GET /cps/soldpianos.htm HTTP/1.1" 200 25395 "http://www.google.com/search?hl=en&q=what+is+a+1921+gulbransen+upright+piano+worth%3F" "Mozilla/4.0 (compatible; MSIE 6.0; Windows NT 5.1; .NET CLR 1.0.3705; PeoplePal 3.0)"
172.130.134.82 - - [22/Nov/2006:06:44:54 -0600] "GET /cps/ball.gif HTTP/1.1" 200 510 "http://www.vt2000.com/cps/soldpianos.htm" "Mozilla/4.0 (compatible; MSIE 6.0; Windows NT 5.1; .NET CLR 1.0.3705; PeoplePal 3.0)"
172.130.134.82 - - [22/Nov/2006:06:44:55 -0600] "GET /cps/card_sh.gif HTTP/1.1" 200 3241 "http://www.vt2000.com/cps/soldpianos.htm" "Mozilla/4.0 (compatible; MSIE 6.0; Windows NT 5.1; .NET CLR 1.0.3705; PeoplePal 3.0)"
172.130.134.82 - - [22/Nov/2006:06:46:03 -0600] "GET /cps/forsale.htm HTTP/1.1" 200 9897 "http://www.vt2000.com/cps/soldpianos.htm" "Mozilla/4.0 (compatible; MSIE 6.0; Windows NT 5.1; .NET CLR 1.0.3705; PeoplePal 3.0)"
172.130.134.82 - - [22/Nov/2006:06:46:06 -0600] "GET /cps/fineoldblock.jpg HTTP/1.1" 200 23804 "http://www.vt2000.com/cps/forsale.htm" "Mozilla/4.0 (compatible; MSIE 6.0; Windows NT 5.1; .NET CLR 1.0.3705; PeoplePal 3.0)"
172.130.134.82 - - [22/Nov/2006:06:46:36 -0600] "GET /cps/doit.htm HTTP/1.1" 200 7072 "http://www.vt2000.com/cps/forsale.htm" "Mozilla/4.0 (compatible; MSIE 6.0; Windows NT 5.1; .NET CLR 1.0.3705; PeoplePal 3.0)"
172.130.134.82 - - [22/Nov/2006:06:46:38 -0600] "GET /cps/bellmt0.eot HTTP/1.1" 200 25940 "http://www.vt2000.com/cps/doit.htm" "Mozilla/4.0 (compatible; MSIE 6.0; Windows NT 5.1; .NET CLR 1.0.3705; PeoplePal 3.0)"
172.130.134.82 - - [22/Nov/2006:06:46:38 -0600] "GET /cps/arial0.eot HTTP/1.1" 404 336 "http://www.vt2000.com/cps/doit.htm" "Mozilla/4.0 (compatible; MSIE 6.0; Windows NT 5.1; .NET CLR 1.0.3705; PeoplePal 3.0)"
172.130.134.82 - - [22/Nov/2006:06:46:39 -0600] "GET /cps/fine.jpg HTTP/1.1" 200 5925 "http://www.vt2000.com/cps/doit.htm" "Mozilla/4.0 (compatible; MSIE 6.0; Windows NT 5.1; .NET CLR 1.0.3705; PeoplePal 3.0)"
172.130.134.82 - - [22/Nov/2006:06:48:40 -0600] "GET /cps/old88.htm HTTP/1.1" 200 4954 "http://www.vt2000.com/cps/doit.htm" "Mozilla/4.0 (compatible; MSIE 6.0; Windows NT 5.1; .NET CLR 1.0.3705; PeoplePal 3.0)"
213.84.220.189 - - [22/Nov/2006:06:58:02 -0600] "GET /basswork/ HTTP/1.1" 200 1620 "http://www.google.nl/search?client=firefox-a&rls=org.mozilla%3Aen-US%3Aofficial_s&hl=nl&q=bass+playing&meta=&btnG=Google+zoeken" "Mozilla/5.0 (Windows; U; Windows NT 5.1; en-US; rv:1.7.5) Gecko/20041107 Firefox/1.0"
213.84.220.189 - - [22/Nov/2006:06:58:03 -0600] "GET /basswork/basswork.gif HTTP/1.1" 200 2717 "http://www.vt2000.com/basswork/" "Mozilla/5.0 (Windows; U; Windows NT 5.1; en-US; rv:1.7.5) Gecko/20041107 Firefox/1.0"
213.84.220.189 - - [22/Nov/2006:06:58:03 -0600] "GET /favicon.ico HTTP/1.1" 200 318 "-" "Mozilla/5.0 (Windows; U; Windows NT 5.1; en-US; rv:1.7.5) Gecko/20041107 Firefox/1.0"
213.84.220.189 - - [22/Nov/2006:06:58:08 -0600] "GET /basswork/techindx.htm HTTP/1.1" 200 1589 "http://www.vt2000.com/basswork/" "Mozilla/5.0 (Windows; U; Windows NT 5.1; en-US; rv:1.7.5) Gecko/20041107 Firefox/1.0"
213.84.220.189 - - [22/Nov/2006:06:58:13 -0600] "GET /basswork/schmidt2.htm HTTP/1.1" 200 16694 "http://www.vt2000.com/basswork/techindx.htm" "Mozilla/5.0 (Windows; U; Windows NT 5.1; en-US; rv:1.7.5) Gecko/20041107 Firefox/1.0"
128.240.229.67 - - [22/Nov/2006:07:02:06 -0600] "GET /basswork/chords/baschord.htm HTTP/1.0" 200 14296 "http://www.google.co.uk/search?hl=en&q=chord+formations&meta=" "Mozilla/4.0 (compatible; MSIE 6.0; Windows NT 5.1; SV1; .NET CLR 1.1.4322; .NET CLR 2.0.50727; InfoPath.1)"
128.240.229.67 - - [22/Nov/2006:07:02:07 -0600] "GET /basswork/chords/forw.gif HTTP/1.0" 200 1067 "http://www.vt2000.com/basswork/chords/baschord.htm" "Mozilla/4.0 (compatible; MSIE 6.0; Windows NT 5.1; SV1; .NET CLR 1.1.4322; .NET CLR 2.0.50727; InfoPath.1)"
128.240.229.67 - - [22/Nov/2006:07:02:07 -0600] "GET /basswork/chords/backgr.jpg HTTP/1.0" 200 26925 "http://www.vt2000.com/basswork/chords/baschord.htm" "Mozilla/4.0 (compatible; MSIE 6.0; Windows NT 5.1; SV1; .NET CLR 1.1.4322; .NET CLR 2.0.50727; InfoPath.1)"
128.240.229.67 - - [22/Nov/2006:07:02:07 -0600] "GET /basswork/chords/back.gif HTTP/1.0" 200 1060 "http://www.vt2000.com/basswork/chords/baschord.htm" "Mozilla/4.0 (compatible; MSIE 6.0; Windows NT 5.1; SV1; .NET CLR 1.1.4322; .NET CLR 2.0.50727; InfoPath.1)"
212.206.177.104 - - [22/Nov/2006:07:05:01 -0600] "GET /basswork/ HTTP/1.1" 200 1620 "http://www.google.nl/search?hl=nl&rls=GGLD,GGLD:2004-22,GGLD:en&sa=X&oi=spell&resnum=0&ct=result&cd=1&q=bass+lessons&spell=1" "Mozilla/4.0 (compatible; MSIE 6.0; Windows NT 5.1; SV1; .NET CLR 2.0.50727)"
212.206.177.104 - - [22/Nov/2006:07:05:01 -0600] "GET /basswork/basswork.gif HTTP/1.1" 200 2717 "http://www.vt2000.com/basswork/" "Mozilla/4.0 (compatible; MSIE 6.0; Windows NT 5.1; SV1; .NET CLR 2.0.50727)"
212.206.177.104 - - [22/Nov/2006:07:05:07 -0600] "GET /basswork/thryindx.htm HTTP/1.1" 200 816 "http://www.vt2000.com/basswork/" "Mozilla/4.0 (compatible; MSIE 6.0; Windows NT 5.1; SV1; .NET CLR 2.0.50727)"
212.206.177.104 - - [22/Nov/2006:07:05:15 -0600] "GET /basswork/thplunk.htm HTTP/1.1" 200 7805 "http://www.vt2000.com/basswork/thryindx.htm" "Mozilla/4.0 (compatible; MSIE 6.0; Windows NT 5.1; SV1; .NET CLR 2.0.50727)"
212.206.177.104 - - [22/Nov/2006:07:05:50 -0600] "GET /basswork/thplunk1.htm HTTP/1.1" 200 6332 "http://www.vt2000.com/basswork/thryindx.htm" "Mozilla/4.0 (compatible; MSIE 6.0; Windows NT 5.1; SV1; .NET CLR 2.0.50727)"
212.206.177.104 - - [22/Nov/2006:07:06:05 -0600] "GET /basswork/chords/index.htm HTTP/1.1" 200 8461 "http://www.vt2000.com/basswork/thryindx.htm" "Mozilla/4.0 (compatible; MSIE 6.0; Windows NT 5.1; SV1; .NET CLR 2.0.50727)"
212.206.177.104 - - [22/Nov/2006:07:06:05 -0600] "GET /basswork/chords/backgr.jpg HTTP/1.1" 200 26925 "http://www.vt2000.com/basswork/chords/index.htm" "Mozilla/4.0 (compatible; MSIE 6.0; Windows NT 5.1; SV1; .NET CLR 2.0.50727)"
212.206.177.104 - - [22/Nov/2006:07:06:05 -0600] "GET /basswork/chords/stdj-bas.gif HTTP/1.1" 200 5826 "http://www.vt2000.com/basswork/chords/index.htm" "Mozilla/4.0 (compatible; MSIE 6.0; Windows NT 5.1; SV1; .NET CLR 2.0.50727)"
212.206.177.104 - - [22/Nov/2006:07:06:06 -0600] "GET /basswork/chords/smiley.gif HTTP/1.1" 200 93 "http://www.vt2000.com/basswork/chords/index.htm" "Mozilla/4.0 (compatible; MSIE 6.0; Windows NT 5.1; SV1; .NET CLR 2.0.50727)"
212.206.177.104 - - [22/Nov/2006:07:06:27 -0600] "GET /basswork/chords/scales.htm HTTP/1.1" 200 13218 "http://www.vt2000.com/basswork/chords/index.htm" "Mozilla/4.0 (compatible; MSIE 6.0; Windows NT 5.1; SV1; .NET CLR 2.0.50727)"
212.206.177.104 - - [22/Nov/2006:07:06:28 -0600] "GET /basswork/chords/forw.gif HTTP/1.1" 200 1067 "http://www.vt2000.com/basswork/chords/scales.htm" "Mozilla/4.0 (compatible; MSIE 6.0; Windows NT 5.1; SV1; .NET CLR 2.0.50727)"
212.206.177.104 - - [22/Nov/2006:07:06:28 -0600] "GET /basswork/chords/back.gif HTTP/1.1" 200 1060 "http://www.vt2000.com/basswork/chords/scales.htm" "Mozilla/4.0 (compatible; MSIE 6.0; Windows NT 5.1; SV1; .NET CLR 2.0.50727)"
212.206.177.104 - - [22/Nov/2006:07:06:28 -0600] "GET /basswork/chords/cmscale.gif HTTP/1.1" 200 1657 "http://www.vt2000.com/basswork/chords/scales.htm" "Mozilla/4.0 (compatible; MSIE 6.0; Windows NT 5.1; SV1; .NET CLR 2.0.50727)"
212.206.177.104 - - [22/Nov/2006:07:07:21 -0600] "GET /basswork/chords/modes.htm HTTP/1.1" 200 6217 "http://www.vt2000.com/basswork/chords/index.htm" "Mozilla/4.0 (compatible; MSIE 6.0; Windows NT 5.1; SV1; .NET CLR 2.0.50727)"
212.206.177.104 - - [22/Nov/2006:07:07:28 -0600] "GET /basswork/chords/interval.htm HTTP/1.1" 200 17245 "http://www.vt2000.com/basswork/chords/index.htm" "Mozilla/4.0 (compatible; MSIE 6.0; Windows NT 5.1; SV1; .NET CLR 2.0.50727)"
212.206.177.104 - - [22/Nov/2006:07:07:53 -0600] "GET /basswork/chords/baschord.htm HTTP/1.1" 200 14296 "http://www.vt2000.com/basswork/chords/interval.htm" "Mozilla/4.0 (compatible; MSIE 6.0; Windows NT 5.1; SV1; .NET CLR 2.0.50727)"
212.206.177.104 - - [22/Nov/2006:07:08:05 -0600] "GET /basswork/chords/scharm.htm HTTP/1.1" 200 10471 "http://www.vt2000.com/basswork/chords/index.htm" "Mozilla/4.0 (compatible; MSIE 6.0; Windows NT 5.1; SV1; .NET CLR 2.0.50727)"
212.206.177.104 - - [22/Nov/2006:07:08:22 -0600] "GET /basswork/chords/3notesp.htm HTTP/1.1" 200 6119 "http://www.vt2000.com/basswork/chords/index.htm" "Mozilla/4.0 (compatible; MSIE 6.0; Windows NT 5.1; SV1; .NET CLR 2.0.50727)"
212.206.177.104 - - [22/Nov/2006:07:08:29 -0600] "GET /basswork/chords/beyond.htm HTTP/1.1" 200 9073 "http://www.vt2000.com/basswork/chords/index.htm" "Mozilla/4.0 (compatible; MSIE 6.0; Windows NT 5.1; SV1; .NET CLR 2.0.50727)"
212.206.177.104 - - [22/Nov/2006:07:08:36 -0600] "GET /basswork/chords/extinv.htm HTTP/1.1" 200 9313 "http://www.vt2000.com/basswork/chords/index.htm" "Mozilla/4.0 (compatible; MSIE 6.0; Windows NT 5.1; SV1; .NET CLR 2.0.50727)"
212.206.177.104 - - [22/Nov/2006:07:08:45 -0600] "GET /basswork/chords/progs.htm HTTP/1.1" 200 7416 "http://www.vt2000.com/basswork/chords/index.htm" "Mozilla/4.0 (compatible; MSIE 6.0; Windows NT 5.1; SV1; .NET CLR 2.0.50727)"
212.206.177.104 - - [22/Nov/2006:07:08:58 -0600] "GET /basswork/chords/finish.htm HTTP/1.1" 200 9589 "http://www.vt2000.com/basswork/chords/index.htm" "Mozilla/4.0 (compatible; MSIE 6.0; Windows NT 5.1; SV1; .NET CLR 2.0.50727)"
212.206.177.104 - - [22/Nov/2006:07:09:27 -0600] "GET /basswork/index.html HTTP/1.1" 200 1620 "http://www.vt2000.com/basswork/thryindx.htm" "Mozilla/4.0 (compatible; MSIE 6.0; Windows NT 5.1; SV1; .NET CLR 2.0.50727)"
213.84.220.189 - - [22/Nov/2006:07:16:03 -0600] "GET /basswork/schmidt3.htm HTTP/1.1" 200 13755 "http://www.vt2000.com/basswork/schmidt2.htm" "Mozilla/5.0 (Windows; U; Windows NT 5.1; en-US; rv:1.7.5) Gecko/20041107 Firefox/1.0"
165.21.154.110 - - [22/Nov/2006:07:16:21 -0600] "GET /basswork/chords/extinv.htm HTTP/1.1" 200 9313 "http://search.yahoo.com/search?ei=utf-8&fr=geofree&p=inverted+chords" "Mozilla/4.0 (compatible; MSIE 6.0; Windows NT 5.1; SV1)"
165.21.154.115 - - [22/Nov/2006:07:16:21 -0600] "GET /basswork/chords/backgr.jpg HTTP/1.1" 200 26925 "http://www.vt2000.com/basswork/chords/extinv.htm" "Mozilla/4.0 (compatible; MSIE 6.0; Windows NT 5.1; SV1)"
165.21.154.111 - - [22/Nov/2006:07:16:21 -0600] "GET /basswork/chords/back.gif HTTP/1.1" 200 1060 "http://www.vt2000.com/basswork/chords/extinv.htm" "Mozilla/4.0 (compatible; MSIE 6.0; Windows NT 5.1; SV1)"
165.21.154.117 - - [22/Nov/2006:07:16:21 -0600] "GET /basswork/chords/forw.gif HTTP/1.1" 200 1067 "http://www.vt2000.com/basswork/chords/extinv.htm" "Mozilla/4.0 (compatible; MSIE 6.0; Windows NT 5.1; SV1)"
165.21.154.115 - - [22/Nov/2006:07:16:23 -0600] "GET /basswork/chords/back.gif HTTP/1.1" 200 1060 "http://www.vt2000.com/basswork/chords/extinv.htm" "Mozilla/4.0 (compatible; MSIE 6.0; Windows NT 5.1; SV1)"
165.21.154.115 - - [22/Nov/2006:07:16:24 -0600] "GET /basswork/chords/backgr.jpg HTTP/1.1" 200 26925 "http://www.vt2000.com/basswork/chords/extinv.htm" "Mozilla/4.0 (compatible; MSIE 6.0; Windows NT 5.1; SV1)"
165.21.154.73 - - [22/Nov/2006:07:16:24 -0600] "GET /basswork/chords/forw.gif HTTP/1.1" 200 1067 "http://www.vt2000.com/basswork/chords/extinv.htm" "Mozilla/4.0 (compatible; MSIE 6.0; Windows NT 5.1; SV1)"
165.21.154.117 - - [22/Nov/2006:07:16:24 -0600] "GET /basswork/chords/smiley.gif HTTP/1.1" 200 93 "http://www.vt2000.com/basswork/chords/extinv.htm" "Mozilla/4.0 (compatible; MSIE 6.0; Windows NT 5.1; SV1)"
213.84.220.189 - - [22/Nov/2006:07:22:00 -0600] "GET /basswork/index.html HTTP/1.1" 200 1620 "http://www.vt2000.com/basswork/schmidt3.htm" "Mozilla/5.0 (Windows; U; Windows NT 5.1; en-US; rv:1.7.5) Gecko/20041107 Firefox/1.0"
190.37.206.59 - - [22/Nov/2006:07:22:03 -0600] "GET /basswork/ HTTP/1.1" 200 1620 "http://www.google.co.ve/search?hl=es&q=basss+lessons&meta=" "Mozilla/4.0 (compatible; MSIE 6.0; Windows NT 5.1; SV1; .NET CLR 2.0.50727)"
190.37.206.59 - - [22/Nov/2006:07:22:04 -0600] "GET /basswork/basswork.gif HTTP/1.1" 200 2717 "http://www.vt2000.com/basswork/" "Mozilla/4.0 (compatible; MSIE 6.0; Windows NT 5.1; SV1; .NET CLR 2.0.50727)"
213.84.220.189 - - [22/Nov/2006:07:22:08 -0600] "GET /basswork/iantap1.htm HTTP/1.1" 200 8125 "http://www.vt2000.com/basswork/techindx.htm" "Mozilla/5.0 (Windows; U; Windows NT 5.1; en-US; rv:1.7.5) Gecko/20041107 Firefox/1.0"
213.84.220.189 - - [22/Nov/2006:07:27:09 -0600] "GET /basswork/miscindx.htm HTTP/1.1" 200 888 "http://www.vt2000.com/basswork/techindx.htm" "Mozilla/5.0 (Windows; U; Windows NT 5.1; en-US; rv:1.7.5) Gecko/20041107 Firefox/1.0"
213.84.220.189 - - [22/Nov/2006:07:27:16 -0600] "GET /basswork/steinused.htm HTTP/1.1" 200 5117 "http://www.vt2000.com/basswork/miscindx.htm" "Mozilla/5.0 (Windows; U; Windows NT 5.1; en-US; rv:1.7.5) Gecko/20041107 Firefox/1.0"
170.63.96.108 - - [22/Nov/2006:07:28:13 -0600] "GET /readcustom/bass.htm HTTP/1.1" 200 12365 "http://www.google.com/search?q=through+neck+bass+design&hl=en&lr=&ie=UTF-8&start=20&sa=N" "Mozilla/4.0 (compatible; MSIE 5.14; Mac_PowerPC)"
170.63.96.108 - - [22/Nov/2006:07:28:13 -0600] "GET /readcustom/207.gif HTTP/1.1" 200 205 "-" "Mozilla/4.0 (compatible;)"
170.63.96.108 - - [22/Nov/2006:07:28:13 -0600] "GET /readcustom/bass6tn.jpg HTTP/1.1" 200 4459 "-" "Mozilla/4.0 (compatible;)"
170.63.96.108 - - [22/Nov/2006:07:28:13 -0600] "GET /readcustom/bass2tn.jpg HTTP/1.1" 200 7206 "-" "Mozilla/4.0 (compatible;)"
170.63.96.108 - - [22/Nov/2006:07:28:13 -0600] "GET /readcustom/bass1tn.jpg HTTP/1.1" 200 5676 "-" "Mozilla/4.0 (compatible;)"
170.63.96.108 - - [22/Nov/2006:07:28:13 -0600] "GET /readcustom/rr1x.jpg HTTP/1.1" 200 6292 "-" "Mozilla/4.0 (compatible;)"
170.63.96.108 - - [22/Nov/2006:07:28:13 -0600] "GET /readcustom/bass8tn.jpg HTTP/1.1" 200 4581 "-" "Mozilla/4.0 (compatible;)"
170.63.96.108 - - [22/Nov/2006:07:28:13 -0600] "GET /readcustom/vw1x.jpg HTTP/1.1" 200 12708 "-" "Mozilla/4.0 (compatible;)"
170.63.96.108 - - [22/Nov/2006:07:28:13 -0600] "GET /readcustom/readbanner.jpg HTTP/1.1" 200 4699 "-" "Mozilla/4.0 (compatible;)"
170.63.96.108 - - [22/Nov/2006:07:28:13 -0600] "GET /readcustom/jilltn.jpg HTTP/1.1" 200 3820 "-" "Mozilla/4.0 (compatible;)"
170.63.96.108 - - [22/Nov/2006:07:28:14 -0600] "GET /readcustom/bass3tn.jpg HTTP/1.1" 200 3131 "-" "Mozilla/4.0 (compatible;)"
170.63.96.108 - - [22/Nov/2006:07:28:15 -0600] "GET /readcustom/bass7tn.jpg HTTP/1.1" 200 3943 "-" "Mozilla/4.0 (compatible;)"
170.63.96.108 - - [22/Nov/2006:07:28:15 -0600] "GET /readcustom/bass5tn.jpg HTTP/1.1" 200 3721 "-" "Mozilla/4.0 (compatible;)"
170.63.96.108 - - [22/Nov/2006:07:28:16 -0600] "GET /readcustom/ir1t.jpg HTTP/1.1" 200 7679 "-" "Mozilla/4.0 (compatible;)"
170.63.96.108 - - [22/Nov/2006:07:28:16 -0600] "GET /readcustom/wf1x.jpg HTTP/1.1" 200 6765 "-" "Mozilla/4.0 (compatible;)"
170.63.96.108 - - [22/Nov/2006:07:28:16 -0600] "GET /readcustom/ae1x.jpg HTTP/1.1" 200 7214 "-" "Mozilla/4.0 (compatible;)"
170.63.96.108 - - [22/Nov/2006:07:28:16 -0600] "GET /readcustom/bass9tn.jpg HTTP/1.1" 200 3624 "-" "Mozilla/4.0 (compatible;)"
170.63.96.108 - - [22/Nov/2006:07:28:17 -0600] "GET /readcustom/greenfullt.jpg HTTP/1.1" 200 2845 "-" "Mozilla/4.0 (compatible;)"
170.63.96.108 - - [22/Nov/2006:07:28:17 -0600] "GET /readcustom/urb1t.jpg HTTP/1.1" 200 5930 "-" "Mozilla/4.0 (compatible;)"
170.63.96.108 - - [22/Nov/2006:07:28:17 -0600] "GET /readcustom/rhfullt.jpg HTTP/1.1" 200 3116 "-" "Mozilla/4.0 (compatible;)"
170.63.96.108 - - [22/Nov/2006:07:28:17 -0600] "GET /readcustom/eub5fullt.jpg HTTP/1.1" 200 3129 "-" "Mozilla/4.0 (compatible;)"
170.63.96.108 - - [22/Nov/2006:07:28:17 -0600] "GET /readcustom/bass4tn.jpg HTTP/1.1" 200 4492 "-" "Mozilla/4.0 (compatible;)"
170.63.96.108 - - [22/Nov/2006:07:28:17 -0600] "GET /readcustom/bfullt.jpg HTTP/1.1" 200 2852 "-" "Mozilla/4.0 (compatible;)"
170.63.96.108 - - [22/Nov/2006:07:28:17 -0600] "GET /readcustom/ec1x.jpg HTTP/1.1" 200 7889 "-" "Mozilla/4.0 (compatible;)"
170.63.96.108 - - [22/Nov/2006:07:28:17 -0600] "GET /readcustom/bassf1tn.jpg HTTP/1.1" 200 6425 "-" "Mozilla/4.0 (compatible;)"
170.63.96.108 - - [22/Nov/2006:07:28:18 -0600] "GET /readcustom/4strsstn.jpg HTTP/1.1" 200 6720 "-" "Mozilla/4.0 (compatible;)"
170.63.96.108 - - [22/Nov/2006:07:28:23 -0600] "GET /readcustom/victor.htm HTTP/1.1" 200 2936 "http://www.vt2000.com/readcustom/bass.htm" "Mozilla/4.0 (compatible; MSIE 5.14; Mac_PowerPC)"
170.63.96.108 - - [22/Nov/2006:07:28:23 -0600] "GET /readcustom/vw2.jpg HTTP/1.1" 200 39703 "-" "Mozilla/4.0 (compatible;)"
213.84.220.189 - - [22/Nov/2006:07:30:06 -0600] "GET /basswork/pracindx.htm HTTP/1.1" 200 917 "http://www.vt2000.com/basswork/miscindx.htm" "Mozilla/5.0 (Windows; U; Windows NT 5.1; en-US; rv:1.7.5) Gecko/20041107 Firefox/1.0"
213.84.220.189 - - [22/Nov/2006:07:30:12 -0600] "GET /basswork/tmplswng.htm HTTP/1.1" 200 3543 "http://www.vt2000.com/basswork/pracindx.htm" "Mozilla/5.0 (Windows; U; Windows NT 5.1; en-US; rv:1.7.5) Gecko/20041107 Firefox/1.0"
170.63.96.108 - - [22/Nov/2006:07:31:01 -0600] "GET /readcustom/rr1.jpg HTTP/1.1" 200 21381 "http://www.vt2000.com/readcustom/bass.htm" "Mozilla/4.0 (compatible; MSIE 5.14; Mac_PowerPC)"
170.63.96.108 - - [22/Nov/2006:07:31:37 -0600] "GET /readcustom/af1108s.jpg HTTP/1.1" 200 24912 "http://www.vt2000.com/readcustom/bass.htm" "Mozilla/4.0 (compatible; MSIE 5.14; Mac_PowerPC)"
170.63.96.108 - - [22/Nov/2006:07:32:08 -0600] "GET /readcustom/wf1.jpg HTTP/1.1" 200 21509 "http://www.vt2000.com/readcustom/bass.htm" "Mozilla/4.0 (compatible; MSIE 5.14; Mac_PowerPC)"
213.84.220.189 - - [22/Nov/2006:07:32:09 -0600] "GET /basswork/maw2note.htm HTTP/1.1" 200 6020 "http://www.vt2000.com/basswork/pracindx.htm" "Mozilla/5.0 (Windows; U; Windows NT 5.1; en-US; rv:1.7.5) Gecko/20041107 Firefox/1.0"
170.63.96.108 - - [22/Nov/2006:07:32:23 -0600] "GET /readcustom/bass8.jpg HTTP/1.1" 200 27659 "http://www.vt2000.com/readcustom/bass.htm" "Mozilla/4.0 (compatible; MSIE 5.14; Mac_PowerPC)"
170.63.96.108 - - [22/Nov/2006:07:32:44 -0600] "GET /readcustom/burlfulls.jpg HTTP/1.1" 200 23264 "http://www.vt2000.com/readcustom/bass.htm" "Mozilla/4.0 (compatible; MSIE 5.14; Mac_PowerPC)"
213.84.220.189 - - [22/Nov/2006:07:34:30 -0600] "GET /basswork/dunnguit.htm HTTP/1.1" 200 1417 "http://www.vt2000.com/basswork/pracindx.htm" "Mozilla/5.0 (Windows; U; Windows NT 5.1; en-US; rv:1.7.5) Gecko/20041107 Firefox/1.0"
