71.83.239.79 - - [21/Nov/2006:22:02:17 -0600] "GET /basswork/chords/forw.gif HTTP/1.1" 200 1067 "http://www.vt2000.com/basswork/chords/progs.htm" "Mozilla/5.0 (Windows; U; Windows NT 5.1; en-US; rv:1.8.1) Gecko/20061010 Firefox/2.0"
71.83.239.79 - - [21/Nov/2006:22:02:17 -0600] "GET /basswork/chords/smiley.gif HTTP/1.1" 200 93 "http://www.vt2000.com/basswork/chords/progs.htm" "Mozilla/5.0 (Windows; U; Windows NT 5.1; en-US; rv:1.8.1) Gecko/20061010 Firefox/2.0"
71.83.239.79 - - [21/Nov/2006:22:02:17 -0600] "GET /favicon.ico HTTP/1.1" 200 318 "-" "Mozilla/5.0 (Windows; U; Windows NT 5.1; en-US; rv:1.8.1) Gecko/20061010 Firefox/2.0"
72.30.226.142 - - [21/Nov/2006:22:03:25 -0600] "GET /robots.txt HTTP/1.0" 200 138 "-" "Mozilla/5.0 (compatible; Yahoo! Slurp; http://help.yahoo.com/help/us/ysearch/slurp)"
72.30.216.100 - - [21/Nov/2006:22:03:26 -0600] "GET /basswork/chords/baschord.htm HTTP/1.0" 200 14296 "-" "Mozilla/5.0 (compatible; Yahoo! Slurp; http://help.yahoo.com/help/us/ysearch/slurp)"
71.57.118.199 - - [21/Nov/2006:22:10:27 -0600] "GET /basswork/chords/index.htm HTTP/1.1" 200 8461 "http://www.google.com/search?hl=en&q=chords+for+bass" "Mozilla/4.0 (compatible; MSIE 6.0; Windows NT 5.1; SV1)"
71.57.118.199 - - [21/Nov/2006:22:10:27 -0600] "GET /basswork/chords/backgr.jpg HTTP/1.1" 200 26925 "http://www.vt2000.com/basswork/chords/index.htm" "Mozilla/4.0 (compatible; MSIE 6.0; Windows NT 5.1; SV1)"
71.57.118.199 - - [21/Nov/2006:22:10:27 -0600] "GET /basswork/chords/stdj-bas.gif HTTP/1.1" 200 5826 "http://www.vt2000.com/basswork/chords/index.htm" "Mozilla/4.0 (compatible; MSIE 6.0; Windows NT 5.1; SV1)"
71.57.118.199 - - [21/Nov/2006:22:10:27 -0600] "GET /basswork/chords/smiley.gif HTTP/1.1" 200 93 "http://www.vt2000.com/basswork/chords/index.htm" "Mozilla/4.0 (compatible; MSIE 6.0; Windows NT 5.1; SV1)"
71.57.118.199 - - [21/Nov/2006:22:10:48 -0600] "GET /basswork/chords/baschord.htm HTTP/1.1" 200 14296 "http://www.vt2000.com/basswork/chords/index.htm" "Mozilla/4.0 (compatible; MSIE 6.0; Windows NT 5.1; SV1)"
71.57.118.199 - - [21/Nov/2006:22:10:48 -0600] "GET /basswork/chords/backgr.jpg HTTP/1.1" 304 - "http://www.vt2000.com/basswork/chords/baschord.htm" "Mozilla/4.0 (compatible; MSIE 6.0; Windows NT 5.1; SV1)"
71.57.118.199 - - [21/Nov/2006:22:10:48 -0600] "GET /basswork/chords/back.gif HTTP/1.1" 200 1060 "http://www.vt2000.com/basswork/chords/baschord.htm" "Mozilla/4.0 (compatible; MSIE 6.0; Windows NT 5.1; SV1)"
71.57.118.199 - - [21/Nov/2006:22:10:48 -0600] "GET /basswork/chords/forw.gif HTTP/1.1" 200 1067 "http://www.vt2000.com/basswork/chords/baschord.htm" "Mozilla/4.0 (compatible; MSIE 6.0; Windows NT 5.1; SV1)"
59.92.143.239 - - [21/Nov/2006:22:23:04 -0600] "GET /basswork/chords/finish.htm HTTP/1.1" 200 9589 "-" "Mozilla/4.0 (compatible; MSIE 6.0; Windows NT 5.1; SV1; (R1 1.5))"
59.92.143.239 - - [21/Nov/2006:22:23:05 -0600] "GET /basswork/chords/backgr.jpg HTTP/1.1" 200 26925 "http://www.vt2000.com/basswork/chords/finish.htm" "Mozilla/4.0 (compatible; MSIE 6.0; Windows NT 5.1; SV1; (R1 1.5))"
59.92.143.239 - - [21/Nov/2006:22:23:05 -0600] "GET /basswork/chords/back.gif HTTP/1.1" 200 1060 "http://www.vt2000.com/basswork/chords/finish.htm" "Mozilla/4.0 (compatible; MSIE 6.0; Windows NT 5.1; SV1; (R1 1.5))"
59.92.143.239 - - [21/Nov/2006:22:23:05 -0600] "GET /basswork/chords/smiley.gif HTTP/1.1" 200 93 "http://www.vt2000.com/basswork/chords/finish.htm" "Mozilla/4.0 (compatible; MSIE 6.0; Windows NT 5.1; SV1; (R1 1.5))"
65.214.44.71 - - [21/Nov/2006:22:31:50 -0600] "GET /basswork/chords/extinv.htm HTTP/1.0" 200 9313 "-" "Mozilla/2.0 (compatible; Ask Jeeves/Teoma; +http://about.ask.com/en/docs/about/webmasters.shtml)"
198.53.195.243 - - [21/Nov/2006:22:36:47 -0600] "GET /basswork/chords/scharm.htm HTTP/1.1" 200 10471 "http://webmail.telus.net/horde/imp/message.php?index=107" "Mozilla/4.0 (compatible; MSIE 7.0; Windows NT 5.1; .NET CLR 1.1.4322)"
198.53.195.243 - - [21/Nov/2006:22:36:48 -0600] "GET /basswork/chords/backgr.jpg HTTP/1.1" 200 26925 "http://www.vt2000.com/basswork/chords/scharm.htm" "Mozilla/4.0 (compatible; MSIE 7.0; Windows NT 5.1; .NET CLR 1.1.4322)"
198.53.195.243 - - [21/Nov/2006:22:36:48 -0600] "GET /basswork/chords/back.gif HTTP/1.1" 200 1060 "http://www.vt2000.com/basswork/chords/scharm.htm" "Mozilla/4.0 (compatible; MSIE 7.0; Windows NT 5.1; .NET CLR 1.1.4322)"
198.53.195.243 - - [21/Nov/2006:22:36:48 -0600] "GET /basswork/chords/forw.gif HTTP/1.1" 200 1067 "http://www.vt2000.com/basswork/chords/scharm.htm" "Mozilla/4.0 (compatible; MSIE 7.0; Windows NT 5.1; .NET CLR 1.1.4322)"
198.53.195.243 - - [21/Nov/2006:22:36:48 -0600] "GET /basswork/chords/cmscale.gif HTTP/1.1" 200 1657 "http://www.vt2000.com/basswork/chords/scharm.htm" "Mozilla/4.0 (compatible; MSIE 7.0; Windows NT 5.1; .NET CLR 1.1.4322)"
198.53.195.243 - - [21/Nov/2006:22:36:48 -0600] "GET /basswork/chords/smiley.gif HTTP/1.1" 200 93 "http://www.vt2000.com/basswork/chords/scharm.htm" "Mozilla/4.0 (compatible; MSIE 7.0; Windows NT 5.1; .NET CLR 1.1.4322)"
198.53.195.243 - - [21/Nov/2006:22:36:49 -0600] "GET /favicon.ico HTTP/1.1" 200 318 "-" "Mozilla/4.0 (compatible; MSIE 7.0; Windows NT 5.1; .NET CLR 1.1.4322)"
194.224.199.47 - - [21/Nov/2006:22:37:30 -0600] "GET /robots.txt HTTP/1.1" 200 138 "-" "noxtrumbot/1.0 (crawler@noxtrum.com)"
194.224.199.47 - - [21/Nov/2006:22:37:30 -0600] "GET /cps/moving.htm HTTP/1.1" 200 4710 "http://www.llobell.net/moving-quote/moving-piano.html" "noxtrumbot/1.0 (crawler@noxtrum.com)"
74.6.74.220 - - [21/Nov/2006:22:37:49 -0600] "GET /robots.txt HTTP/1.0" 200 138 "-" "Mozilla/5.0 (compatible; Yahoo! Slurp; http://help.yahoo.com/help/us/ysearch/slurp)"
74.6.68.15 - - [21/Nov/2006:22:37:49 -0600] "GET /cps/info.htm HTTP/1.0" 200 4688 "-" "Mozilla/5.0 (compatible; Yahoo! Slurp; http://help.yahoo.com/help/us/ysearch/slurp)"
194.224.199.47 - - [21/Nov/2006:22:38:30 -0600] "GET /cps/forsale.htm HTTP/1.1" 200 9897 "http://www.vt2000.com/cps/moving.htm" "noxtrumbot/1.0 (crawler@noxtrum.com)"
194.224.199.47 - - [21/Nov/2006:22:39:30 -0600] "GET /cps/gforsale.htm HTTP/1.1" 200 5592 "http://www.vt2000.com/cps/moving.htm" "noxtrumbot/1.0 (crawler@noxtrum.com)"
194.224.199.47 - - [21/Nov/2006:22:40:30 -0600] "GET /cps/tuning.htm HTTP/1.1" 200 6885 "http://www.vt2000.com/cps/moving.htm" "noxtrumbot/1.0 (crawler@noxtrum.com)"
194.224.199.47 - - [21/Nov/2006:22:41:30 -0600] "GET /cps/goodthings.htm HTTP/1.1" 200 4200 "http://www.vt2000.com/cps/moving.htm" "noxtrumbot/1.0 (crawler@noxtrum.com)"
194.224.199.47 - - [21/Nov/2006:22:42:30 -0600] "GET /cps/soldpianos.htm HTTP/1.1" 200 25395 "http://www.vt2000.com/cps/moving.htm" "noxtrumbot/1.0 (crawler@noxtrum.com)"
194.224.199.47 - - [21/Nov/2006:22:43:30 -0600] "GET /cps/old88.htm HTTP/1.1" 200 4954 "http://www.vt2000.com/cps/moving.htm" "noxtrumbot/1.0 (crawler@noxtrum.com)"
194.224.199.47 - - [21/Nov/2006:22:44:30 -0600] "GET /cps/grands.htm HTTP/1.1" 200 3806 "http://www.vt2000.com/cps/moving.htm" "noxtrumbot/1.0 (crawler@noxtrum.com)"
194.224.199.47 - - [21/Nov/2006:22:45:30 -0600] "GET /cps/info.htm HTTP/1.1" 200 4688 "http://www.vt2000.com/cps/moving.htm" "noxtrumbot/1.0 (crawler@noxtrum.com)"
194.224.199.47 - - [21/Nov/2006:22:46:30 -0600] "GET /cps/question.htm HTTP/1.1" 200 1339 "http://www.vt2000.com/cps/moving.htm" "noxtrumbot/1.0 (crawler@noxtrum.com)"
194.224.199.47 - - [21/Nov/2006:22:47:30 -0600] "GET /cps/finding.htm HTTP/1.1" 200 5571 "http://www.vt2000.com/cps/moving.htm" "noxtrumbot/1.0 (crawler@noxtrum.com)"
194.224.199.47 - - [21/Nov/2006:22:48:30 -0600] "GET /cps/apprais.htm HTTP/1.1" 200 6036 "http://www.vt2000.com/cps/moving.htm" "noxtrumbot/1.0 (crawler@noxtrum.com)"
74.6.69.237 - - [21/Nov/2006:22:48:59 -0600] "GET /fp/begin.htm HTTP/1.0" 200 6217 "-" "Mozilla/5.0 (compatible; Yahoo! Slurp; http://help.yahoo.com/help/us/ysearch/slurp)"
194.224.199.47 - - [21/Nov/2006:22:49:30 -0600] "GET /cps/doit.htm HTTP/1.1" 200 7072 "http://www.vt2000.com/cps/moving.htm" "noxtrumbot/1.0 (crawler@noxtrum.com)"
194.224.199.47 - - [21/Nov/2006:22:50:31 -0600] "GET /cps/benches.htm HTTP/1.1" 200 3466 "http://www.vt2000.com/cps/moving.htm" "noxtrumbot/1.0 (crawler@noxtrum.com)"
194.224.199.47 - - [21/Nov/2006:22:51:30 -0600] "GET /cps/buy.htm HTTP/1.1" 200 4386 "http://www.vt2000.com/cps/moving.htm" "noxtrumbot/1.0 (crawler@noxtrum.com)"
194.224.199.47 - - [21/Nov/2006:22:52:30 -0600] "GET /cps/mball.htm HTTP/1.1" 200 3362 "http://www.vt2000.com/cps/moving.htm" "noxtrumbot/1.0 (crawler@noxtrum.com)"
194.224.199.47 - - [21/Nov/2006:22:53:30 -0600] "GET /cps/index.html HTTP/1.1" 200 12460 "http://www.vt2000.com/cps/moving.htm" "noxtrumbot/1.0 (crawler@noxtrum.com)"
66.249.65.84 - - [21/Nov/2006:22:54:19 -0600] "GET / HTTP/1.1" 200 4230 "-" "Mozilla/5.0 (compatible; Googlebot/2.1; +http://www.google.com/bot.html)"
194.224.199.47 - - [21/Nov/2006:22:54:32 -0600] "GET /cps/truck.htm HTTP/1.1" 200 2023 "http://www.vt2000.com/cps/moving.htm" "noxtrumbot/1.0 (crawler@noxtrum.com)"
194.224.199.47 - - [21/Nov/2006:22:55:31 -0600] "GET /cps/loaded.htm HTTP/1.1" 200 2061 "http://www.vt2000.com/cps/moving.htm" "noxtrumbot/1.0 (crawler@noxtrum.com)"
194.224.199.47 - - [21/Nov/2006:22:56:33 -0600] "GET /cps/dc.htm HTTP/1.1" 200 4280 "http://www.vt2000.com/cps/forsale.htm" "noxtrumbot/1.0 (crawler@noxtrum.com)"
194.224.199.47 - - [21/Nov/2006:22:57:33 -0600] "GET /cps/etc.htm HTTP/1.1" 200 5960 "http://www.vt2000.com/cps/forsale.htm" "noxtrumbot/1.0 (crawler@noxtrum.com)"
68.115.25.220 - - [21/Nov/2006:22:58:15 -0600] "GET /basswork/chords/index.htm HTTP/1.1" 200 8461 "http://www.google.com/search?q=advice+bass+chords&hl=en&lr=&client=firefox-a&rls=org.mozilla:en-US:official_s&start=20&sa=N" "Mozilla/5.0 (Windows; U; Windows NT 5.1; en-US; rv:1.8.0.8) Gecko/20061025 Firefox/1.5.0.8"
68.115.25.220 - - [21/Nov/2006:22:58:15 -0600] "GET /basswork/chords/stdj-bas.gif HTTP/1.1" 200 5826 "http://www.vt2000.com/basswork/chords/index.htm" "Mozilla/5.0 (Windows; U; Windows NT 5.1; en-US; rv:1.8.0.8) Gecko/20061025 Firefox/1.5.0.8"
68.115.25.220 - - [21/Nov/2006:22:58:15 -0600] "GET /basswork/chords/backgr.jpg HTTP/1.1" 200 26925 "http://www.vt2000.com/basswork/chords/index.htm" "Mozilla/5.0 (Windows; U; Windows NT 5.1; en-US; rv:1.8.0.8) Gecko/20061025 Firefox/1.5.0.8"
68.115.25.220 - - [21/Nov/2006:22:58:15 -0600] "GET /basswork/chords/smiley.gif HTTP/1.1" 200 93 "http://www.vt2000.com/basswork/chords/index.htm" "Mozilla/5.0 (Windows; U; Windows NT 5.1; en-US; rv:1.8.0.8) Gecko/20061025 Firefox/1.5.0.8"
68.115.25.220 - - [21/Nov/2006:22:58:15 -0600] "GET /favicon.ico HTTP/1.1" 200 318 "-" "Mozilla/5.0 (Windows; U; Windows NT 5.1; en-US; rv:1.8.0.8) Gecko/20061025 Firefox/1.5.0.8"
194.224.199.47 - - [21/Nov/2006:22:58:33 -0600] "GET /cps/string.htm HTTP/1.1" 200 2167 "http://www.vt2000.com/cps/forsale.htm" "noxtrumbot/1.0 (crawler@noxtrum.com)"
194.224.199.47 - - [21/Nov/2006:22:59:33 -0600] "GET /cps/henry2.htm HTTP/1.1" 200 2150 "http://www.vt2000.com/cps/gforsale.htm" "noxtrumbot/1.0 (crawler@noxtrum.com)"
68.115.25.220 - - [21/Nov/2006:22:59:56 -0600] "GET /basswork/chords/scales.htm HTTP/1.1" 200 13218 "http://www.vt2000.com/basswork/chords/index.htm" "Mozilla/5.0 (Windows; U; Windows NT 5.1; en-US; rv:1.8.0.8) Gecko/20061025 Firefox/1.5.0.8"
68.115.25.220 - - [21/Nov/2006:22:59:56 -0600] "GET /basswork/chords/back.gif HTTP/1.1" 200 1060 "http://www.vt2000.com/basswork/chords/scales.htm" "Mozilla/5.0 (Windows; U; Windows NT 5.1; en-US; rv:1.8.0.8) Gecko/20061025 Firefox/1.5.0.8"
68.115.25.220 - - [21/Nov/2006:22:59:56 -0600] "GET /basswork/chords/forw.gif HTTP/1.1" 200 1067 "http://www.vt2000.com/basswork/chords/scales.htm" "Mozilla/5.0 (Windows; U; Windows NT 5.1; en-US; rv:1.8.0.8) Gecko/20061025 Firefox/1.5.0.8"
68.115.25.220 - - [21/Nov/2006:22:59:56 -0600] "GET /basswork/chords/cmscale.gif HTTP/1.1" 200 1657 "http://www.vt2000.com/basswork/chords/scales.htm" "Mozilla/5.0 (Windows; U; Windows NT 5.1; en-US; rv:1.8.0.8) Gecko/20061025 Firefox/1.5.0.8"
194.224.199.47 - - [21/Nov/2006:23:00:33 -0600] "GET /cps/henry1.htm HTTP/1.1" 200 2136 "http://www.vt2000.com/cps/gforsale.htm" "noxtrumbot/1.0 (crawler@noxtrum.com)"
194.224.199.47 - - [21/Nov/2006:23:01:34 -0600] "GET /cps/hdhammerrail.htm HTTP/1.1" 200 1997 "http://www.vt2000.com/cps/soldpianos.htm" "noxtrumbot/1.0 (crawler@noxtrum.com)"
68.115.25.220 - - [21/Nov/2006:23:01:58 -0600] "GET /basswork/chords/modes.htm HTTP/1.1" 200 6217 "http://www.vt2000.com/basswork/chords/scales.htm" "Mozilla/5.0 (Windows; U; Windows NT 5.1; en-US; rv:1.8.0.8) Gecko/20061025 Firefox/1.5.0.8"
68.115.25.220 - - [21/Nov/2006:23:02:03 -0600] "GET /basswork/chords/interval.htm HTTP/1.1" 200 17245 "http://www.vt2000.com/basswork/chords/modes.htm" "Mozilla/5.0 (Windows; U; Windows NT 5.1; en-US; rv:1.8.0.8) Gecko/20061025 Firefox/1.5.0.8"
194.224.199.47 - - [21/Nov/2006:23:02:33 -0600] "GET /cps/emerson.htm HTTP/1.1" 200 1916 "http://www.vt2000.com/cps/soldpianos.htm" "noxtrumbot/1.0 (crawler@noxtrum.com)"
68.115.25.220 - - [21/Nov/2006:23:02:49 -0600] "GET /basswork/chords/baschord.htm HTTP/1.1" 200 14296 "http://www.vt2000.com/basswork/chords/interval.htm" "Mozilla/5.0 (Windows; U; Windows NT 5.1; en-US; rv:1.8.0.8) Gecko/20061025 Firefox/1.5.0.8"
194.224.199.47 - - [21/Nov/2006:23:03:33 -0600] "GET /cps/delivery.htm HTTP/1.1" 200 2937 "http://www.vt2000.com/cps/soldpianos.htm" "noxtrumbot/1.0 (crawler@noxtrum.com)"
68.115.25.220 - - [21/Nov/2006:23:03:45 -0600] "GET /basswork/chords/scharm.htm HTTP/1.1" 200 10471 "http://www.vt2000.com/basswork/chords/baschord.htm" "Mozilla/5.0 (Windows; U; Windows NT 5.1; en-US; rv:1.8.0.8) Gecko/20061025 Firefox/1.5.0.8"
75.73.46.117 - - [21/Nov/2006:23:04:17 -0600] "GET /cps/soldpianos.htm HTTP/1.1" 200 25395 "http://www.google.com/search?q=everett+console+piano&hl=en&lr=&client=firefox-a&rls=org.mozilla:en-US:official&start=20&sa=N" "Mozilla/5.0 (Macintosh; U; PPC Mac OS X Mach-O; en-US; rv:1.7.8) Gecko/20050511 Firefox/1.0.4"
75.73.46.117 - - [21/Nov/2006:23:04:18 -0600] "GET /cps/ball.gif HTTP/1.1" 200 510 "http://www.vt2000.com/cps/soldpianos.htm" "Mozilla/5.0 (Macintosh; U; PPC Mac OS X Mach-O; en-US; rv:1.7.8) Gecko/20050511 Firefox/1.0.4"
75.73.46.117 - - [21/Nov/2006:23:04:18 -0600] "GET /cps/card_sh.gif HTTP/1.1" 200 3241 "http://www.vt2000.com/cps/soldpianos.htm" "Mozilla/5.0 (Macintosh; U; PPC Mac OS X Mach-O; en-US; rv:1.7.8) Gecko/20050511 Firefox/1.0.4"
75.73.46.117 - - [21/Nov/2006:23:04:18 -0600] "GET /favicon.ico HTTP/1.1" 200 318 "-" "Mozilla/5.0 (Macintosh; U; PPC Mac OS X Mach-O; en-US; rv:1.7.8) Gecko/20050511 Firefox/1.0.4"
194.224.199.47 - - [21/Nov/2006:23:04:34 -0600] "GET /cps/heintz1.htm HTTP/1.1" 200 1956 "http://www.vt2000.com/cps/soldpianos.htm" "noxtrumbot/1.0 (crawler@noxtrum.com)"
75.73.46.117 - - [21/Nov/2006:23:05:03 -0600] "GET /cps/evconsole.jpg HTTP/1.1" 200 29355 "http://www.vt2000.com/cps/soldpianos.htm" "Mozilla/5.0 (Macintosh; U; PPC Mac OS X Mach-O; en-US; rv:1.7.8) Gecko/20050511 Firefox/1.0.4"
194.224.199.47 - - [21/Nov/2006:23:05:33 -0600] "GET /cps/gulbransen.htm HTTP/1.1" 200 1930 "http://www.vt2000.com/cps/soldpianos.htm" "noxtrumbot/1.0 (crawler@noxtrum.com)"
194.224.199.47 - - [21/Nov/2006:23:06:33 -0600] "GET /cps/hardman.htm HTTP/1.1" 200 1825 "http://www.vt2000.com/cps/soldpianos.htm" "noxtrumbot/1.0 (crawler@noxtrum.com)"
194.224.199.47 - - [21/Nov/2006:23:07:34 -0600] "GET /cps/checklist.htm HTTP/1.1" 200 3214 "http://www.vt2000.com/cps/doit.htm" "noxtrumbot/1.0 (crawler@noxtrum.com)"
194.224.199.47 - - [21/Nov/2006:23:08:34 -0600] "GET /cps/curwork.htm HTTP/1.1" 200 2320 "http://www.vt2000.com/cps/index.html" "noxtrumbot/1.0 (crawler@noxtrum.com)"
194.224.199.47 - - [21/Nov/2006:23:09:34 -0600] "GET /cps/strider.htm HTTP/1.1" 200 1976 "http://www.vt2000.com/cps/index.html" "noxtrumbot/1.0 (crawler@noxtrum.com)"
194.224.199.47 - - [21/Nov/2006:23:10:34 -0600] "GET /cps/hammercat.htm HTTP/1.1" 200 2065 "http://www.vt2000.com/cps/index.html" "noxtrumbot/1.0 (crawler@noxtrum.com)"
194.224.199.47 - - [21/Nov/2006:23:11:35 -0600] "GET /cps/window.htm HTTP/1.1" 200 2108 "http://www.vt2000.com/cps/index.html" "noxtrumbot/1.0 (crawler@noxtrum.com)"
194.224.199.47 - - [21/Nov/2006:23:12:35 -0600] "GET /cps/weather.htm HTTP/1.1" 200 583 "http://www.vt2000.com/cps/index.html" "noxtrumbot/1.0 (crawler@noxtrum.com)"
66.249.65.84 - - [21/Nov/2006:23:13:20 -0600] "GET /readcustom/index.html HTTP/1.1" 304 - "-" "Mozilla/5.0 (compatible; Googlebot/2.1; +http://www.google.com/bot.html)"
194.224.199.47 - - [21/Nov/2006:23:13:35 -0600] "GET /cps/fpart.htm HTTP/1.1" 200 8594 "http://www.vt2000.com/cps/index.html" "noxtrumbot/1.0 (crawler@noxtrum.com)"
194.224.199.47 - - [21/Nov/2006:23:14:35 -0600] "GET /cps/shopwork.htm HTTP/1.1" 200 6082 "http://www.vt2000.com/cps/index.html" "noxtrumbot/1.0 (crawler@noxtrum.com)"
194.224.199.47 - - [21/Nov/2006:23:15:35 -0600] "GET /cps/plates.htm HTTP/1.1" 200 4723 "http://www.vt2000.com/cps/index.html" "noxtrumbot/1.0 (crawler@noxtrum.com)"
194.224.199.47 - - [21/Nov/2006:23:16:37 -0600] "GET /cps/southafrica/southafrica.htm HTTP/1.1" 200 45084 "http://www.vt2000.com/cps/index.html" "noxtrumbot/1.0 (crawler@noxtrum.com)"
202.82.191.129 - - [21/Nov/2006:23:17:36 -0600] "GET /basswork/schmidt2.htm HTTP/1.1" 304 - "-" "Mozilla/4.0 (compatible; MSIE 6.0; Windows NT 5.1; .NET CLR 1.0.3705; .NET CLR 1.1.4322; .NET CLR 2.0.50727)"
194.224.199.47 - - [21/Nov/2006:23:17:36 -0600] "GET / HTTP/1.1" 200 4230 "http://www.vt2000.com/cps/index.html" "noxtrumbot/1.0 (crawler@noxtrum.com)"
74.6.74.220 - - [21/Nov/2006:23:19:14 -0600] "GET /robots.txt HTTP/1.0" 200 138 "-" "Mozilla/5.0 (compatible; Yahoo! Slurp; http://help.yahoo.com/help/us/ysearch/slurp)"
74.6.73.34 - - [21/Nov/2006:23:19:14 -0600] "GET /cps/tuning.htm HTTP/1.0" 304 - "-" "Mozilla/5.0 (compatible; Yahoo! Slurp; http://help.yahoo.com/help/us/ysearch/slurp)"
71.131.193.244 - - [21/Nov/2006:23:24:13 -0600] "GET /cps/soldpianos.htm HTTP/1.1" 200 25395 "http://www.google.com/search?q=Ponds+and+ivers&start=0&ie=utf-8&oe=utf-8&client=firefox-a&rls=org.mozilla:en-US:official" "Mozilla/5.0 (Macintosh; U; PPC Mac OS X Mach-O; en-US; rv:1.8.0.8) Gecko/20061025 Firefox/1.5.0.8"
202.82.191.129 - - [21/Nov/2006:23:24:45 -0600] "GET /basswork/schmidt2.htm HTTP/1.1" 304 - "-" "Mozilla/4.0 (compatible; MSIE 6.0; Windows NT 5.1; .NET CLR 1.0.3705; .NET CLR 1.1.4322; .NET CLR 2.0.50727)"
74.6.72.164 - - [21/Nov/2006:23:26:55 -0600] "GET /basswork/ianrhy3.htm HTTP/1.0" 200 11272 "-" "Mozilla/5.0 (compatible; Yahoo! Slurp; http://help.yahoo.com/help/us/ysearch/slurp)"
74.6.71.236 - - [21/Nov/2006:23:36:49 -0600] "GET /vts/lavender.htm HTTP/1.0" 200 696 "-" "Mozilla/5.0 (compatible; Yahoo! Slurp; http://help.yahoo.com/help/us/ysearch/slurp)"
202.82.191.129 - - [21/Nov/2006:23:37:54 -0600] "GET /basswork/schmidt3.htm HTTP/1.1" 304 - "-" "Mozilla/4.0 (compatible; MSIE 6.0; Windows NT 5.1; .NET CLR 1.0.3705; .NET CLR 1.1.4322; .NET CLR 2.0.50727)"
202.82.191.129 - - [21/Nov/2006:23:38:02 -0600] "GET /basswork/schmidt3.htm HTTP/1.1" 304 - "-" "Mozilla/4.0 (compatible; MSIE 6.0; Windows NT 5.1; .NET CLR 1.0.3705; .NET CLR 1.1.4322; .NET CLR 2.0.50727)"
68.166.178.156 - - [21/Nov/2006:23:42:14 -0600] "GET /cps/forsale.htm HTTP/1.1" 200 9897 "-" "Mozilla/4.0 (compatible; MSIE 6.0; Windows NT 5.1; SV1; .NET CLR 1.1.4322)"
68.166.178.156 - - [21/Nov/2006:23:42:14 -0600] "GET /cps/ball.gif HTTP/1.1" 200 510 "-" "Mozilla/4.0 (compatible; MSIE 6.0; Windows NT 5.1; SV1; .NET CLR 1.1.4322)"
68.166.178.156 - - [21/Nov/2006:23:42:14 -0600] "GET /cps/card_sh.gif HTTP/1.1" 200 3241 "-" "Mozilla/4.0 (compatible; MSIE 6.0; Windows NT 5.1; SV1; .NET CLR 1.1.4322)"
68.166.178.156 - - [21/Nov/2006:23:42:15 -0600] "GET /cps/fineoldblock.jpg HTTP/1.1" 200 23804 "-" "Mozilla/4.0 (compatible; MSIE 6.0; Windows NT 5.1; SV1; .NET CLR 1.1.4322)"
65.54.188.131 - - [21/Nov/2006:23:47:06 -0600] "GET /basswork/chords/tab.htm HTTP/1.0" 200 5564 "-" "msnbot/1.0 (+http://search.msn.com/msnbot.htm)"
76.211.106.193 - - [21/Nov/2006:23:57:16 -0600] "GET /basswork/ HTTP/1.1" 200 1620 "http://www.google.com/search?hl=en&hs=eQ5&client=firefox-a&rls=org.mozilla:en-US:official&sa=X&oi=spell&resnum=0&ct=result&cd=1&q=bass+lessons&spell=1" "Mozilla/5.0 (X11; U; Linux i686; en-US; rv:1.8.0.7) Gecko/20060802 Mandriva/1.5.0.7-1mdv2007.0 (2007.0) Firefox/1.5.0.7"
76.211.106.193 - - [21/Nov/2006:23:57:16 -0600] "GET /basswork/basswork.gif HTTP/1.1" 200 2717 "http://www.vt2000.com/basswork/" "Mozilla/5.0 (X11; U; Linux i686; en-US; rv:1.8.0.7) Gecko/20060802 Mandriva/1.5.0.7-1mdv2007.0 (2007.0) Firefox/1.5.0.7"
76.211.106.193 - - [21/Nov/2006:23:57:16 -0600] "GET /favicon.ico HTTP/1.1" 200 318 "-" "Mozilla/5.0 (X11; U; Linux i686; en-US; rv:1.8.0.7) Gecko/20060802 Mandriva/1.5.0.7-1mdv2007.0 (2007.0) Firefox/1.5.0.7"
76.211.106.193 - - [21/Nov/2006:23:57:17 -0600] "GET /favicon.ico HTTP/1.1" 200 318 "-" "Mozilla/5.0 (X11; U; Linux i686; en-US; rv:1.8.0.7) Gecko/20060802 Mandriva/1.5.0.7-1mdv2007.0 (2007.0) Firefox/1.5.0.7"
76.211.106.193 - - [22/Nov/2006:00:03:03 -0600] "GET /basswork/thryindx.htm HTTP/1.1" 200 816 "http://www.vt2000.com/basswork/" "Mozilla/5.0 (X11; U; Linux i686; en-US; rv:1.8.0.7) Gecko/20060802 Mandriva/1.5.0.7-1mdv2007.0 (2007.0) Firefox/1.5.0.7"
76.211.106.193 - - [22/Nov/2006:00:03:05 -0600] "GET /basswork/thplunk.htm HTTP/1.1" 200 7805 "http://www.vt2000.com/basswork/thryindx.htm" "Mozilla/5.0 (X11; U; Linux i686; en-US; rv:1.8.0.7) Gecko/20060802 Mandriva/1.5.0.7-1mdv2007.0 (2007.0) Firefox/1.5.0.7"
76.211.106.193 - - [22/Nov/2006:00:06:34 -0600] "GET /basswork/thplunk1.htm HTTP/1.1" 200 6332 "http://www.vt2000.com/basswork/thryindx.htm" "Mozilla/5.0 (X11; U; Linux i686; en-US; rv:1.8.0.7) Gecko/20060802 Mandriva/1.5.0.7-1mdv2007.0 (2007.0) Firefox/1.5.0.7"
76.211.106.193 - - [22/Nov/2006:00:06:48 -0600] "GET /basswork/techindx.htm HTTP/1.1" 200 1589 "http://www.vt2000.com/basswork/thryindx.htm" "Mozilla/5.0 (X11; U; Linux i686; en-US; rv:1.8.0.7) Gecko/20060802 Mandriva/1.5.0.7-1mdv2007.0 (2007.0) Firefox/1.5.0.7"
76.211.106.193 - - [22/Nov/2006:00:06:53 -0600] "GET /basswork/schmidt1.htm HTTP/1.1" 200 10619 "http://www.vt2000.com/basswork/techindx.htm" "Mozilla/5.0 (X11; U; Linux i686; en-US; rv:1.8.0.7) Gecko/20060802 Mandriva/1.5.0.7-1mdv2007.0 (2007.0) Firefox/1.5.0.7"
210.246.27.208 - - [22/Nov/2006:00:07:19 -0600] "GET /basswork/ HTTP/1.1" 200 1620 "http://www.basstabarchive.com/links.html" "Mozilla/4.0 (compatible; MSIE 6.0; Windows NT 5.1; SV1)"
210.246.27.208 - - [22/Nov/2006:00:07:20 -0600] "GET /basswork/basswork.gif HTTP/1.1" 200 2717 "http://www.vt2000.com/basswork/" "Mozilla/4.0 (compatible; MSIE 6.0; Windows NT 5.1; SV1)"
210.246.27.208 - - [22/Nov/2006:00:07:24 -0600] "GET /basswork/techindx.htm HTTP/1.1" 200 1589 "http://www.vt2000.com/basswork/" "Mozilla/4.0 (compatible; MSIE 6.0; Windows NT 5.1; SV1)"
202.82.191.129 - - [22/Nov/2006:00:07:27 -0600] "GET /basswork/index.html HTTP/1.1" 200 1620 "-" "Mozilla/4.0 (compatible; MSIE 6.0; Windows NT 5.1; .NET CLR 1.0.3705; .NET CLR 1.1.4322; .NET CLR 2.0.50727)"
202.82.191.129 - - [22/Nov/2006:00:07:27 -0600] "GET /basswork/basswork.gif HTTP/1.1" 304 - "http://www.vt2000.com/basswork/index.html" "Mozilla/4.0 (compatible; MSIE 6.0; Windows NT 5.1; .NET CLR 1.0.3705; .NET CLR 1.1.4322; .NET CLR 2.0.50727)"
202.82.191.129 - - [22/Nov/2006:00:07:30 -0600] "GET /basswork/thryindx.htm HTTP/1.1" 304 - "http://www.vt2000.com/basswork/index.html" "Mozilla/4.0 (compatible; MSIE 6.0; Windows NT 5.1; .NET CLR 1.0.3705; .NET CLR 1.1.4322; .NET CLR 2.0.50727)"
202.82.191.129 - - [22/Nov/2006:00:07:30 -0600] "GET /basswork/basswork.gif HTTP/1.1" 304 - "http://www.vt2000.com/basswork/thryindx.htm" "Mozilla/4.0 (compatible; MSIE 6.0; Windows NT 5.1; .NET CLR 1.0.3705; .NET CLR 1.1.4322; .NET CLR 2.0.50727)"
202.82.191.129 - - [22/Nov/2006:00:07:32 -0600] "GET /basswork/thplunk1.htm HTTP/1.1" 200 6332 "http://www.vt2000.com/basswork/thryindx.htm" "Mozilla/4.0 (compatible; MSIE 6.0; Windows NT 5.1; .NET CLR 1.0.3705; .NET CLR 1.1.4322; .NET CLR 2.0.50727)"
210.246.27.208 - - [22/Nov/2006:00:07:42 -0600] "GET /basswork/pracindx.htm HTTP/1.1" 200 917 "http://www.vt2000.com/basswork/techindx.htm" "Mozilla/4.0 (compatible; MSIE 6.0; Windows NT 5.1; SV1)"
210.246.27.208 - - [22/Nov/2006:00:07:55 -0600] "GET /basswork/ianrhy1.htm HTTP/1.1" 200 6483 "http://www.vt2000.com/basswork/techindx.htm" "Mozilla/4.0 (compatible; MSIE 6.0; Windows NT 5.1; SV1)"
66.249.65.84 - - [22/Nov/2006:00:08:05 -0600] "GET /cps/southafrica/southafrica_files/AAMSZ=120x60.htm HTTP/1.1" 404 372 "-" "Mozilla/5.0 (compatible; Googlebot/2.1; +http://www.google.com/bot.html)"
202.82.191.129 - - [22/Nov/2006:00:08:13 -0600] "GET /basswork/chords/index.htm HTTP/1.1" 304 - "http://www.vt2000.com/basswork/thryindx.htm" "Mozilla/4.0 (compatible; MSIE 6.0; Windows NT 5.1; .NET CLR 1.0.3705; .NET CLR 1.1.4322; .NET CLR 2.0.50727)"
202.82.191.129 - - [22/Nov/2006:00:08:13 -0600] "GET /basswork/chords/backgr.jpg HTTP/1.1" 304 - "http://www.vt2000.com/basswork/chords/index.htm" "Mozilla/4.0 (compatible; MSIE 6.0; Windows NT 5.1; .NET CLR 1.0.3705; .NET CLR 1.1.4322; .NET CLR 2.0.50727)"
202.82.191.129 - - [22/Nov/2006:00:08:14 -0600] "GET /basswork/chords/smiley.gif HTTP/1.1" 304 - "http://www.vt2000.com/basswork/chords/index.htm" "Mozilla/4.0 (compatible; MSIE 6.0; Windows NT 5.1; .NET CLR 1.0.3705; .NET CLR 1.1.4322; .NET CLR 2.0.50727)"
202.82.191.129 - - [22/Nov/2006:00:08:14 -0600] "GET /basswork/chords/stdj-bas.gif HTTP/1.1" 304 - "http://www.vt2000.com/basswork/chords/index.htm" "Mozilla/4.0 (compatible; MSIE 6.0; Windows NT 5.1; .NET CLR 1.0.3705; .NET CLR 1.1.4322; .NET CLR 2.0.50727)"
202.82.191.129 - - [22/Nov/2006:00:08:27 -0600] "GET /basswork/chords/index.htm HTTP/1.1" 304 - "http://www.vt2000.com/basswork/thryindx.htm" "Mozilla/4.0 (compatible; MSIE 6.0; Windows NT 5.1; .NET CLR 1.0.3705; .NET CLR 1.1.4322; .NET CLR 2.0.50727)"
202.82.191.129 - - [22/Nov/2006:00:08:27 -0600] "GET /basswork/chords/stdj-bas.gif HTTP/1.1" 304 - "http://www.vt2000.com/basswork/chords/index.htm" "Mozilla/4.0 (compatible; MSIE 6.0; Windows NT 5.1; .NET CLR 1.0.3705; .NET CLR 1.1.4322; .NET CLR 2.0.50727)"
202.82.191.129 - - [22/Nov/2006:00:08:27 -0600] "GET /basswork/chords/backgr.jpg HTTP/1.1" 304 - "http://www.vt2000.com/basswork/chords/index.htm" "Mozilla/4.0 (compatible; MSIE 6.0; Windows NT 5.1; .NET CLR 1.0.3705; .NET CLR 1.1.4322; .NET CLR 2.0.50727)"
202.82.191.129 - - [22/Nov/2006:00:08:28 -0600] "GET /basswork/chords/smiley.gif HTTP/1.1" 304 - "http://www.vt2000.com/basswork/chords/index.htm" "Mozilla/4.0 (compatible; MSIE 6.0; Windows NT 5.1; .NET CLR 1.0.3705; .NET CLR 1.1.4322; .NET CLR 2.0.50727)"
68.41.158.178 - - [22/Nov/2006:00:09:01 -0600] "GET /fp/begin.htm HTTP/1.1" 200 6217 "http://www.google.com/search?q=tabletop+platen+press&hl=en&hs=kqk&lr=&client=firefox-a&rls=org.mozilla:en-US:official&start=10&sa=N" "Mozilla/5.0 (Macintosh; U; PPC Mac OS X Mach-O; en-US; rv:1.8.0.8) Gecko/20061025 Firefox/1.5.0.8"
68.41.158.178 - - [22/Nov/2006:00:09:01 -0600] "GET /fp/fpcut2.gif HTTP/1.1" 200 17443 "http://www.vt2000.com/fp/begin.htm" "Mozilla/5.0 (Macintosh; U; PPC Mac OS X Mach-O; en-US; rv:1.8.0.8) Gecko/20061025 Firefox/1.5.0.8"
68.41.158.178 - - [22/Nov/2006:00:09:01 -0600] "GET /favicon.ico HTTP/1.1" 200 318 "-" "Mozilla/5.0 (Macintosh; U; PPC Mac OS X Mach-O; en-US; rv:1.8.0.8) Gecko/20061025 Firefox/1.5.0.8"
210.246.27.208 - - [22/Nov/2006:00:09:35 -0600] "GET /basswork/ianrhy2.htm HTTP/1.1" 200 10126 "http://www.vt2000.com/basswork/techindx.htm" "Mozilla/4.0 (compatible; MSIE 6.0; Windows NT 5.1; SV1)"
202.82.191.129 - - [22/Nov/2006:00:09:43 -0600] "GET /basswork/techindx.htm HTTP/1.1" 304 - "http://www.vt2000.com/basswork/thryindx.htm" "Mozilla/4.0 (compatible; MSIE 6.0; Windows NT 5.1; .NET CLR 1.0.3705; .NET CLR 1.1.4322; .NET CLR 2.0.50727)"
202.82.191.129 - - [22/Nov/2006:00:09:43 -0600] "GET /basswork/basswork.gif HTTP/1.1" 304 - "http://www.vt2000.com/basswork/techindx.htm" "Mozilla/4.0 (compatible; MSIE 6.0; Windows NT 5.1; .NET CLR 1.0.3705; .NET CLR 1.1.4322; .NET CLR 2.0.50727)"
202.82.191.129 - - [22/Nov/2006:00:10:03 -0600] "GET /basswork/thryindx.htm HTTP/1.1" 304 - "http://www.vt2000.com/basswork/techindx.htm" "Mozilla/4.0 (compatible; MSIE 6.0; Windows NT 5.1; .NET CLR 1.0.3705; .NET CLR 1.1.4322; .NET CLR 2.0.50727)"
202.82.191.129 - - [22/Nov/2006:00:10:04 -0600] "GET /basswork/basswork.gif HTTP/1.1" 304 - "http://www.vt2000.com/basswork/thryindx.htm" "Mozilla/4.0 (compatible; MSIE 6.0; Windows NT 5.1; .NET CLR 1.0.3705; .NET CLR 1.1.4322; .NET CLR 2.0.50727)"
76.211.106.193 - - [22/Nov/2006:00:10:10 -0600] "GET /basswork/iantap1.htm HTTP/1.1" 200 8125 "http://www.vt2000.com/basswork/techindx.htm" "Mozilla/5.0 (X11; U; Linux i686; en-US; rv:1.8.0.7) Gecko/20060802 Mandriva/1.5.0.7-1mdv2007.0 (2007.0) Firefox/1.5.0.7"
202.82.191.129 - - [22/Nov/2006:00:10:10 -0600] "GET /basswork/ianrhy1.htm HTTP/1.1" 200 6483 "http://www.vt2000.com/basswork/techindx.htm" "Mozilla/4.0 (compatible; MSIE 6.0; Windows NT 5.1; .NET CLR 1.0.3705; .NET CLR 1.1.4322; .NET CLR 2.0.50727)"
202.82.191.129 - - [22/Nov/2006:00:10:23 -0600] "GET /basswork/iantap1.htm HTTP/1.1" 304 - "http://www.vt2000.com/basswork/techindx.htm" "Mozilla/4.0 (compatible; MSIE 6.0; Windows NT 5.1; .NET CLR 1.0.3705; .NET CLR 1.1.4322; .NET CLR 2.0.50727)"
76.211.106.193 - - [22/Nov/2006:00:10:26 -0600] "GET /basswork/pracindx.htm HTTP/1.1" 200 917 "http://www.vt2000.com/basswork/thryindx.htm" "Mozilla/5.0 (X11; U; Linux i686; en-US; rv:1.8.0.7) Gecko/20060802 Mandriva/1.5.0.7-1mdv2007.0 (2007.0) Firefox/1.5.0.7"
76.211.106.193 - - [22/Nov/2006:00:10:29 -0600] "GET /basswork/maw1note.htm HTTP/1.1" 200 2442 "http://www.vt2000.com/basswork/pracindx.htm" "Mozilla/5.0 (X11; U; Linux i686; en-US; rv:1.8.0.7) Gecko/20060802 Mandriva/1.5.0.7-1mdv2007.0 (2007.0) Firefox/1.5.0.7"
76.211.106.193 - - [22/Nov/2006:00:10:44 -0600] "GET /basswork/tmplswng.htm HTTP/1.1" 200 3543 "http://www.vt2000.com/basswork/pracindx.htm" "Mozilla/5.0 (X11; U; Linux i686; en-US; rv:1.8.0.7) Gecko/20060802 Mandriva/1.5.0.7-1mdv2007.0 (2007.0) Firefox/1.5.0.7"
76.211.106.193 - - [22/Nov/2006:00:10:54 -0600] "GET /basswork/dunnguit.htm HTTP/1.1" 200 1417 "http://www.vt2000.com/basswork/pracindx.htm" "Mozilla/5.0 (X11; U; Linux i686; en-US; rv:1.8.0.7) Gecko/20060802 Mandriva/1.5.0.7-1mdv2007.0 (2007.0) Firefox/1.5.0.7"
210.246.27.208 - - [22/Nov/2006:00:11:16 -0600] "GET /basswork/ianrhy3.htm HTTP/1.1" 200 11272 "http://www.vt2000.com/basswork/techindx.htm" "Mozilla/4.0 (compatible; MSIE 6.0; Windows NT 5.1; SV1)"
210.246.27.208 - - [22/Nov/2006:00:13:41 -0600] "GET /basswork/ianrhy4.htm HTTP/1.1" 200 14444 "http://www.vt2000.com/basswork/techindx.htm" "Mozilla/4.0 (compatible; MSIE 6.0; Windows NT 5.1; SV1)"
210.246.27.208 - - [22/Nov/2006:00:14:44 -0600] "GET /basswork/miscindx.htm HTTP/1.1" 200 888 "http://www.vt2000.com/basswork/techindx.htm" "Mozilla/4.0 (compatible; MSIE 6.0; Windows NT 5.1; SV1)"
210.246.27.208 - - [22/Nov/2006:00:14:55 -0600] "GET /basswork/burgaero.htm HTTP/1.1" 200 951 "http://www.vt2000.com/basswork/miscindx.htm" "Mozilla/4.0 (compatible; MSIE 6.0; Windows NT 5.1; SV1)"
210.246.27.208 - - [22/Nov/2006:00:15:31 -0600] "GET /basswork/index.html HTTP/1.1" 200 1620 "http://www.vt2000.com/basswork/miscindx.htm" "Mozilla/4.0 (compatible; MSIE 6.0; Windows NT 5.1; SV1)"
210.246.27.208 - - [22/Nov/2006:00:15:54 -0600] "GET /basswork/maw2note.htm HTTP/1.1" 200 6020 "http://www.vt2000.com/basswork/pracindx.htm" "Mozilla/4.0 (compatible; MSIE 6.0; Windows NT 5.1; SV1)"
210.246.27.208 - - [22/Nov/2006:00:17:10 -0600] "GET /basswork/dunnguit.htm HTTP/1.1" 200 1417 "http://www.vt2000.com/basswork/pracindx.htm" "Mozilla/4.0 (compatible; MSIE 6.0; Windows NT 5.1; SV1)"
210.246.27.208 - - [22/Nov/2006:00:18:06 -0600] "GET /basswork/daveprac.htm HTTP/1.1" 200 1577 "http://www.vt2000.com/basswork/pracindx.htm" "Mozilla/4.0 (compatible; MSIE 6.0; Windows NT 5.1; SV1)"
210.246.27.208 - - [22/Nov/2006:00:19:15 -0600] "GET /basswork/thryindx.htm HTTP/1.1" 200 816 "http://www.vt2000.com/basswork/pracindx.htm" "Mozilla/4.0 (compatible; MSIE 6.0; Windows NT 5.1; SV1)"
210.246.27.208 - - [22/Nov/2006:00:19:26 -0600] "GET /basswork/thplunk.htm HTTP/1.1" 200 7805 "http://www.vt2000.com/basswork/thryindx.htm" "Mozilla/4.0 (compatible; MSIE 6.0; Windows NT 5.1; SV1)"
210.246.27.208 - - [22/Nov/2006:00:23:09 -0600] "GET /basswork/thplunk1.htm HTTP/1.1" 200 6332 "http://www.vt2000.com/basswork/thryindx.htm" "Mozilla/4.0 (compatible; MSIE 6.0; Windows NT 5.1; SV1)"
218.103.221.127 - - [22/Nov/2006:00:32:15 -0600] "GET /basswork/chords/baschord.htm HTTP/1.1" 200 14296 "http://www.google.com/search?hl=en&lr=&q=relative+chords" "Mozilla/4.0 (compatible; MSIE 6.0; Windows NT 5.1; SV1; .NET CLR 1.1.4322)"
218.103.221.127 - - [22/Nov/2006:00:32:17 -0600] "GET /basswork/chords/backgr.jpg HTTP/1.1" 200 26925 "http://www.vt2000.com/basswork/chords/baschord.htm" "Mozilla/4.0 (compatible; MSIE 6.0; Windows NT 5.1; SV1; .NET CLR 1.1.4322)"
218.103.221.127 - - [22/Nov/2006:00:32:17 -0600] "GET /basswork/chords/back.gif HTTP/1.1" 200 1060 "http://www.vt2000.com/basswork/chords/baschord.htm" "Mozilla/4.0 (compatible; MSIE 6.0; Windows NT 5.1; SV1; .NET CLR 1.1.4322)"
218.103.221.127 - - [22/Nov/2006:00:32:18 -0600] "GET /basswork/chords/forw.gif HTTP/1.1" 200 1067 "http://www.vt2000.com/basswork/chords/baschord.htm" "Mozilla/4.0 (compatible; MSIE 6.0; Windows NT 5.1; SV1; .NET CLR 1.1.4322)"
65.54.188.131 - - [22/Nov/2006:01:01:24 -0600] "GET /robots.txt HTTP/1.0" 200 138 "-" "msnbot/1.0 (+http://search.msn.com/msnbot.htm)"
65.54.188.131 - - [22/Nov/2006:01:01:24 -0600] "GET /cps/old88.htm HTTP/1.0" 200 4954 "-" "msnbot/1.0 (+http://search.msn.com/msnbot.htm)"
24.128.170.53 - - [22/Nov/2006:01:02:11 -0600] "GET /cps/forsale.htm HTTP/1.1" 200 9897 "http://www.google.com/search?q=pianos+for+sale+in+boston&hl=en&lr=&client=firefox-a&rls=org.mozilla:en-US:official_s&start=60&sa=N" "Mozilla/5.0 (Windows; U; Windows NT 5.1; en-US; rv:1.8.0.8) Gecko/20061025 Firefox/1.5.0.8"
24.128.170.53 - - [22/Nov/2006:01:02:12 -0600] "GET /cps/ball.gif HTTP/1.1" 200 510 "http://www.vt2000.com/cps/forsale.htm" "Mozilla/5.0 (Windows; U; Windows NT 5.1; en-US; rv:1.8.0.8) Gecko/20061025 Firefox/1.5.0.8"
24.128.170.53 - - [22/Nov/2006:01:02:12 -0600] "GET /cps/card_sh.gif HTTP/1.1" 200 3241 "http://www.vt2000.com/cps/forsale.htm" "Mozilla/5.0 (Windows; U; Windows NT 5.1; en-US; rv:1.8.0.8) Gecko/20061025 Firefox/1.5.0.8"
24.128.170.53 - - [22/Nov/2006:01:02:12 -0600] "GET /cps/fineoldblock.jpg HTTP/1.1" 200 23804 "http://www.vt2000.com/cps/forsale.htm" "Mozilla/5.0 (Windows; U; Windows NT 5.1; en-US; rv:1.8.0.8) Gecko/20061025 Firefox/1.5.0.8"
24.128.170.53 - - [22/Nov/2006:01:02:12 -0600] "GET /favicon.ico HTTP/1.1" 200 318 "-" "Mozilla/5.0 (Windows; U; Windows NT 5.1; en-US; rv:1.8.0.8) Gecko/20061025 Firefox/1.5.0.8"
124.176.198.15 - - [22/Nov/2006:01:05:35 -0600] "GET /basswork/chords/3notesp.htm HTTP/1.1" 200 6119 "http://www.google.com.au/search?hl=en&safe=off&q=second+inversion+power+chord&meta=" "Mozilla/4.0 (compatible; MSIE 7.0; Windows NT 5.1; .NET CLR 2.0.50727; .NET CLR 1.1.4322; .NET CLR 1.0.3705)"
124.176.198.15 - - [22/Nov/2006:01:05:36 -0600] "GET /basswork/chords/back.gif HTTP/1.1" 200 1060 "http://www.vt2000.com/basswork/chords/3notesp.htm" "Mozilla/4.0 (compatible; MSIE 7.0; Windows NT 5.1; .NET CLR 2.0.50727; .NET CLR 1.1.4322; .NET CLR 1.0.3705)"
124.176.198.15 - - [22/Nov/2006:01:05:36 -0600] "GET /basswork/chords/backgr.jpg HTTP/1.1" 200 26925 "http://www.vt2000.com/basswork/chords/3notesp.htm" "Mozilla/4.0 (compatible; MSIE 7.0; Windows NT 5.1; .NET CLR 2.0.50727; .NET CLR 1.1.4322; .NET CLR 1.0.3705)"
124.176.198.15 - - [22/Nov/2006:01:05:36 -0600] "GET /basswork/chords/forw.gif HTTP/1.1" 200 1067 "http://www.vt2000.com/basswork/chords/3notesp.htm" "Mozilla/4.0 (compatible; MSIE 7.0; Windows NT 5.1; .NET CLR 2.0.50727; .NET CLR 1.1.4322; .NET CLR 1.0.3705)"
124.176.198.15 - - [22/Nov/2006:01:05:36 -0600] "GET /favicon.ico HTTP/1.1" 200 318 "-" "Mozilla/4.0 (compatible; MSIE 7.0; Windows NT 5.1; .NET CLR 2.0.50727; .NET CLR 1.1.4322; .NET CLR 1.0.3705)"
38.113.234.180 - - [22/Nov/2006:01:24:01 -0600] "HEAD / HTTP/1.0" 200 - "-" "cfetch/1.0"
65.214.44.71 - - [22/Nov/2006:01:31:55 -0600] "GET /basswork/chords/interval.htm HTTP/1.0" 200 17245 "-" "Mozilla/2.0 (compatible; Ask Jeeves/Teoma; +http://about.ask.com/en/docs/about/webmasters.shtml)"
152.163.100.12 - - [22/Nov/2006:01:36:37 -0600] "GET /cps/soldpianos.htm HTTP/1.1" 200 25395 "http://aolsearch.aol.com/aol/search?query=piano+kingsbury+antique&page=2&nt=SG2&userid=3542749175629128127&invocationType=spelling&clickstreamid=-2311975450737965710" "Mozilla/4.0 (compatible; MSIE 6.0; AOL 8.0; Windows NT 5.1; .NET CLR 1.0.3705)"
152.163.96.31 - - [22/Nov/2006:01:36:38 -0600] "GET /cps/ball.gif HTTP/1.0" 200 510 "http://www.vt2000.com/cps/soldpianos.htm" "Mozilla/4.0 (compatible; MSIE 6.0; AOL 8.0; Windows NT 5.1; .NET CLR 1.0.3705)"
60.51.116.32 - - [22/Nov/2006:01:38:58 -0600] "GET /basswork/chords/baschord.htm HTTP/1.1" 200 14296 "http://search.yahoo.com/search;_ylt=A0geutaG_WNF7P4AVn1XNyoA?p=relative+chords&ei=UTF-8&fr=yfp-t-501&x=wrt" "Mozilla/4.0 (compatible; MSIE 7.0; Windows NT 5.1; IEMB3; IEMB3)"
60.51.116.32 - - [22/Nov/2006:01:38:59 -0600] "GET /basswork/chords/backgr.jpg HTTP/1.1" 200 26925 "http://www.vt2000.com/basswork/chords/baschord.htm" "Mozilla/4.0 (compatible; MSIE 7.0; Windows NT 5.1; IEMB3; IEMB3)"
60.51.116.32 - - [22/Nov/2006:01:39:11 -0600] "GET /basswork/chords/back.gif HTTP/1.1" 200 1060 "http://www.vt2000.com/basswork/chords/baschord.htm" "Mozilla/4.0 (compatible; MSIE 7.0; Windows NT 5.1; IEMB3; IEMB3)"
60.51.116.32 - - [22/Nov/2006:01:39:12 -0600] "GET /basswork/chords/forw.gif HTTP/1.1" 200 1067 "http://www.vt2000.com/basswork/chords/baschord.htm" "Mozilla/4.0 (compatible; MSIE 7.0; Windows NT 5.1; IEMB3; IEMB3)"
60.51.116.32 - - [22/Nov/2006:01:39:12 -0600] "GET /favicon.ico HTTP/1.1" 200 318 "-" "Mozilla/4.0 (compatible; MSIE 7.0; Windows NT 5.1; IEMB3; IEMB3)"
152.163.101.7 - - [22/Nov/2006:01:41:42 -0600] "GET /cps/apprais.htm HTTP/1.1" 200 6036 "http://www.vt2000.com/cps/soldpianos.htm" "Mozilla/4.0 (compatible; MSIE 6.0; AOL 8.0; Windows NT 5.1; .NET CLR 1.0.3705)"
152.163.100.138 - - [22/Nov/2006:01:42:59 -0600] "GET /cps/question.htm HTTP/1.1" 200 1339 "http://www.vt2000.com/cps/old88.htm" "Mozilla/4.0 (compatible; MSIE 6.0; AOL 8.0; Windows NT 5.1; .NET CLR 1.0.3705)"
74.6.74.220 - - [22/Nov/2006:01:44:20 -0600] "GET /robots.txt HTTP/1.0" 200 138 "-" "Mozilla/5.0 (compatible; Yahoo! Slurp; http://help.yahoo.com/help/us/ysearch/slurp)"
74.6.72.236 - - [22/Nov/2006:01:44:29 -0600] "GET /fp/type.htm HTTP/1.0" 304 - "-" "Mozilla/5.0 (compatible; Yahoo! Slurp; http://help.yahoo.com/help/us/ysearch/slurp)"
202.82.191.129 - - [22/Nov/2006:01:44:53 -0600] "GET /basswork/schmidt3.htm HTTP/1.1" 304 - "http://www.vt2000.com/basswork/schmidt2.htm" "Mozilla/4.0 (compatible; MSIE 6.0; Windows NT 5.1; .NET CLR 1.0.3705; .NET CLR 1.1.4322; .NET CLR 2.0.50727)"
202.82.191.129 - - [22/Nov/2006:01:45:08 -0600] "GET /favicon.ico HTTP/1.1" 304 - "-" "Mozilla/4.0 (compatible; MSIE 6.0; Windows NT 5.1; .NET CLR 1.0.3705; .NET CLR 1.1.4322; .NET CLR 2.0.50727)"
202.82.191.129 - - [22/Nov/2006:01:45:52 -0600] "GET /basswork/schmidt3.htm HTTP/1.1" 304 - "-" "Mozilla/4.0 (compatible; MSIE 6.0; Windows NT 5.1; .NET CLR 1.0.3705; .NET CLR 1.1.4322; .NET CLR 2.0.50727)"
202.82.191.129 - - [22/Nov/2006:01:45:56 -0600] "GET /basswork/index.html HTTP/1.1" 304 - "http://www.vt2000.com/basswork/schmidt3.htm" "Mozilla/4.0 (compatible; MSIE 6.0; Windows NT 5.1; .NET CLR 1.0.3705; .NET CLR 1.1.4322; .NET CLR 2.0.50727)"
202.82.191.129 - - [22/Nov/2006:01:45:56 -0600] "GET /basswork/basswork.gif HTTP/1.1" 304 - "http://www.vt2000.com/basswork/index.html" "Mozilla/4.0 (compatible; MSIE 6.0; Windows NT 5.1; .NET CLR 1.0.3705; .NET CLR 1.1.4322; .NET CLR 2.0.50727)"
202.82.191.129 - - [22/Nov/2006:01:46:00 -0600] "GET /basswork/thryindx.htm HTTP/1.1" 304 - "http://www.vt2000.com/basswork/index.html" "Mozilla/4.0 (compatible; MSIE 6.0; Windows NT 5.1; .NET CLR 1.0.3705; .NET CLR 1.1.4322; .NET CLR 2.0.50727)"
202.82.191.129 - - [22/Nov/2006:01:46:00 -0600] "GET /basswork/basswork.gif HTTP/1.1" 304 - "http://www.vt2000.com/basswork/thryindx.htm" "Mozilla/4.0 (compatible; MSIE 6.0; Windows NT 5.1; .NET CLR 1.0.3705; .NET CLR 1.1.4322; .NET CLR 2.0.50727)"
202.82.191.129 - - [22/Nov/2006:01:46:04 -0600] "GET /basswork/thplunk1.htm HTTP/1.1" 304 - "http://www.vt2000.com/basswork/thryindx.htm" "Mozilla/4.0 (compatible; MSIE 6.0; Windows NT 5.1; .NET CLR 1.0.3705; .NET CLR 1.1.4322; .NET CLR 2.0.50727)"
202.82.191.129 - - [22/Nov/2006:01:46:07 -0600] "GET /basswork/chords/index.htm HTTP/1.1" 304 - "http://www.vt2000.com/basswork/thryindx.htm" "Mozilla/4.0 (compatible; MSIE 6.0; Windows NT 5.1; .NET CLR 1.0.3705; .NET CLR 1.1.4322; .NET CLR 2.0.50727)"
202.82.191.129 - - [22/Nov/2006:01:46:07 -0600] "GET /basswork/chords/backgr.jpg HTTP/1.1" 304 - "http://www.vt2000.com/basswork/chords/index.htm" "Mozilla/4.0 (compatible; MSIE 6.0; Windows NT 5.1; .NET CLR 1.0.3705; .NET CLR 1.1.4322; .NET CLR 2.0.50727)"
202.82.191.129 - - [22/Nov/2006:01:46:08 -0600] "GET /basswork/chords/smiley.gif HTTP/1.1" 304 - "http://www.vt2000.com/basswork/chords/index.htm" "Mozilla/4.0 (compatible; MSIE 6.0; Windows NT 5.1; .NET CLR 1.0.3705; .NET CLR 1.1.4322; .NET CLR 2.0.50727)"
202.82.191.129 - - [22/Nov/2006:01:46:08 -0600] "GET /basswork/chords/stdj-bas.gif HTTP/1.1" 304 - "http://www.vt2000.com/basswork/chords/index.htm" "Mozilla/4.0 (compatible; MSIE 6.0; Windows NT 5.1; .NET CLR 1.0.3705; .NET CLR 1.1.4322; .NET CLR 2.0.50727)"
202.82.191.129 - - [22/Nov/2006:01:46:12 -0600] "GET /basswork/techindx.htm HTTP/1.1" 304 - "http://www.vt2000.com/basswork/thryindx.htm" "Mozilla/4.0 (compatible; MSIE 6.0; Windows NT 5.1; .NET CLR 1.0.3705; .NET CLR 1.1.4322; .NET CLR 2.0.50727)"
202.82.191.129 - - [22/Nov/2006:01:46:13 -0600] "GET /basswork/basswork.gif HTTP/1.1" 304 - "http://www.vt2000.com/basswork/techindx.htm" "Mozilla/4.0 (compatible; MSIE 6.0; Windows NT 5.1; .NET CLR 1.0.3705; .NET CLR 1.1.4322; .NET CLR 2.0.50727)"
202.82.191.129 - - [22/Nov/2006:01:46:15 -0600] "GET /basswork/schmidt2.htm HTTP/1.1" 304 - "http://www.vt2000.com/basswork/techindx.htm" "Mozilla/4.0 (compatible; MSIE 6.0; Windows NT 5.1; .NET CLR 1.0.3705; .NET CLR 1.1.4322; .NET CLR 2.0.50727)"
202.82.191.129 - - [22/Nov/2006:01:46:22 -0600] "GET /basswork/schmidt3.htm HTTP/1.1" 304 - "http://www.vt2000.com/basswork/techindx.htm" "Mozilla/4.0 (compatible; MSIE 6.0; Windows NT 5.1; .NET CLR 1.0.3705; .NET CLR 1.1.4322; .NET CLR 2.0.50727)"
202.82.191.129 - - [22/Nov/2006:01:46:25 -0600] "GET /basswork/schmidt4.htm HTTP/1.1" 304 - "http://www.vt2000.com/basswork/techindx.htm" "Mozilla/4.0 (compatible; MSIE 6.0; Windows NT 5.1; .NET CLR 1.0.3705; .NET CLR 1.1.4322; .NET CLR 2.0.50727)"
202.82.191.129 - - [22/Nov/2006:01:46:36 -0600] "GET /basswork/thryindx.htm HTTP/1.1" 304 - "http://www.vt2000.com/basswork/techindx.htm" "Mozilla/4.0 (compatible; MSIE 6.0; Windows NT 5.1; .NET CLR 1.0.3705; .NET CLR 1.1.4322; .NET CLR 2.0.50727)"
202.82.191.129 - - [22/Nov/2006:01:46:37 -0600] "GET /basswork/basswork.gif HTTP/1.1" 304 - "http://www.vt2000.com/basswork/thryindx.htm" "Mozilla/4.0 (compatible; MSIE 6.0; Windows NT 5.1; .NET CLR 1.0.3705; .NET CLR 1.1.4322; .NET CLR 2.0.50727)"
202.82.191.129 - - [22/Nov/2006:01:46:44 -0600] "GET /basswork/techindx.htm HTTP/1.1" 304 - "http://www.vt2000.com/basswork/thryindx.htm" "Mozilla/4.0 (compatible; MSIE 6.0; Windows NT 5.1; .NET CLR 1.0.3705; .NET CLR 1.1.4322; .NET CLR 2.0.50727)"
202.82.191.129 - - [22/Nov/2006:01:46:44 -0600] "GET /basswork/basswork.gif HTTP/1.1" 304 - "http://www.vt2000.com/basswork/techindx.htm" "Mozilla/4.0 (compatible; MSIE 6.0; Windows NT 5.1; .NET CLR 1.0.3705; .NET CLR 1.1.4322; .NET CLR 2.0.50727)"
202.82.191.129 - - [22/Nov/2006:01:46:45 -0600] "GET /basswork/pracindx.htm HTTP/1.1" 200 917 "http://www.vt2000.com/basswork/techindx.htm" "Mozilla/4.0 (compatible; MSIE 6.0; Windows NT 5.1; .NET CLR 1.0.3705; .NET CLR 1.1.4322; .NET CLR 2.0.50727)"
202.82.191.129 - - [22/Nov/2006:01:46:45 -0600] "GET /basswork/basswork.gif HTTP/1.1" 304 - "http://www.vt2000.com/basswork/pracindx.htm" "Mozilla/4.0 (compatible; MSIE 6.0; Windows NT 5.1; .NET CLR 1.0.3705; .NET CLR 1.1.4322; .NET CLR 2.0.50727)"
202.82.191.129 - - [22/Nov/2006:01:46:52 -0600] "GET /basswork/maw1note.htm HTTP/1.1" 200 2442 "http://www.vt2000.com/basswork/pracindx.htm" "Mozilla/4.0 (compatible; MSIE 6.0; Windows NT 5.1; .NET CLR 1.0.3705; .NET CLR 1.1.4322; .NET CLR 2.0.50727)"
202.82.191.129 - - [22/Nov/2006:01:47:02 -0600] "GET /basswork/tmplswng.htm HTTP/1.1" 200 3543 "http://www.vt2000.com/basswork/pracindx.htm" "Mozilla/4.0 (compatible; MSIE 6.0; Windows NT 5.1; .NET CLR 1.0.3705; .NET CLR 1.1.4322; .NET CLR 2.0.50727)"
202.82.191.129 - - [22/Nov/2006:01:47:11 -0600] "GET /basswork/daveprac.htm HTTP/1.1" 200 1577 "http://www.vt2000.com/basswork/pracindx.htm" "Mozilla/4.0 (compatible; MSIE 6.0; Windows NT 5.1; .NET CLR 1.0.3705; .NET CLR 1.1.4322; .NET CLR 2.0.50727)"
202.82.191.129 - - [22/Nov/2006:01:47:20 -0600] "GET /basswork/miscindx.htm HTTP/1.1" 200 888 "http://www.vt2000.com/basswork/pracindx.htm" "Mozilla/4.0 (compatible; MSIE 6.0; Windows NT 5.1; .NET CLR 1.0.3705; .NET CLR 1.1.4322; .NET CLR 2.0.50727)"
202.82.191.129 - - [22/Nov/2006:01:47:20 -0600] "GET /basswork/basswork.gif HTTP/1.1" 304 - "http://www.vt2000.com/basswork/miscindx.htm" "Mozilla/4.0 (compatible; MSIE 6.0; Windows NT 5.1; .NET CLR 1.0.3705; .NET CLR 1.1.4322; .NET CLR 2.0.50727)"
202.82.191.129 - - [22/Nov/2006:01:47:36 -0600] "GET /basswork/backes.htm HTTP/1.1" 200 5669 "http://www.vt2000.com/basswork/miscindx.htm" "Mozilla/4.0 (compatible; MSIE 6.0; Windows NT 5.1; .NET CLR 1.0.3705; .NET CLR 1.1.4322; .NET CLR 2.0.50727)"
202.82.191.129 - - [22/Nov/2006:01:47:53 -0600] "GET /basswork/index.html HTTP/1.1" 304 - "http://www.vt2000.com/basswork/miscindx.htm" "Mozilla/4.0 (compatible; MSIE 6.0; Windows NT 5.1; .NET CLR 1.0.3705; .NET CLR 1.1.4322; .NET CLR 2.0.50727)"
202.82.191.129 - - [22/Nov/2006:01:47:53 -0600] "GET /basswork/basswork.gif HTTP/1.1" 304 - "http://www.vt2000.com/basswork/index.html" "Mozilla/4.0 (compatible; MSIE 6.0; Windows NT 5.1; .NET CLR 1.0.3705; .NET CLR 1.1.4322; .NET CLR 2.0.50727)"
202.82.191.129 - - [22/Nov/2006:01:47:56 -0600] "GET /basswork/thryindx.htm HTTP/1.1" 304 - "http://www.vt2000.com/basswork/index.html" "Mozilla/4.0 (compatible; MSIE 6.0; Windows NT 5.1; .NET CLR 1.0.3705; .NET CLR 1.1.4322; .NET CLR 2.0.50727)"
202.82.191.129 - - [22/Nov/2006:01:47:57 -0600] "GET /basswork/basswork.gif HTTP/1.1" 304 - "http://www.vt2000.com/basswork/thryindx.htm" "Mozilla/4.0 (compatible; MSIE 6.0; Windows NT 5.1; .NET CLR 1.0.3705; .NET CLR 1.1.4322; .NET CLR 2.0.50727)"
202.82.191.129 - - [22/Nov/2006:01:48:01 -0600] "GET /basswork/index.html HTTP/1.1" 304 - "http://www.vt2000.com/basswork/thryindx.htm" "Mozilla/4.0 (compatible; MSIE 6.0; Windows NT 5.1; .NET CLR 1.0.3705; .NET CLR 1.1.4322; .NET CLR 2.0.50727)"
202.82.191.129 - - [22/Nov/2006:01:48:01 -0600] "GET /basswork/basswork.gif HTTP/1.1" 304 - "http://www.vt2000.com/basswork/index.html" "Mozilla/4.0 (compatible; MSIE 6.0; Windows NT 5.1; .NET CLR 1.0.3705; .NET CLR 1.1.4322; .NET CLR 2.0.50727)"
202.82.191.129 - - [22/Nov/2006:01:48:03 -0600] "GET /basswork/techindx.htm HTTP/1.1" 304 - "http://www.vt2000.com/basswork/index.html" "Mozilla/4.0 (compatible; MSIE 6.0; Windows NT 5.1; .NET CLR 1.0.3705; .NET CLR 1.1.4322; .NET CLR 2.0.50727)"
202.82.191.129 - - [22/Nov/2006:01:48:03 -0600] "GET /basswork/basswork.gif HTTP/1.1" 304 - "http://www.vt2000.com/basswork/techindx.htm" "Mozilla/4.0 (compatible; MSIE 6.0; Windows NT 5.1; .NET CLR 1.0.3705; .NET CLR 1.1.4322; .NET CLR 2.0.50727)"
202.82.191.129 - - [22/Nov/2006:01:48:06 -0600] "GET /basswork/schmidt5.htm HTTP/1.1" 304 - "http://www.vt2000.com/basswork/techindx.htm" "Mozilla/4.0 (compatible; MSIE 6.0; Windows NT 5.1; .NET CLR 1.0.3705; .NET CLR 1.1.4322; .NET CLR 2.0.50727)"
202.82.191.129 - - [22/Nov/2006:01:48:27 -0600] "GET /basswork/schmidt4.htm HTTP/1.1" 304 - "http://www.vt2000.com/basswork/techindx.htm" "Mozilla/4.0 (compatible; MSIE 6.0; Windows NT 5.1; .NET CLR 1.0.3705; .NET CLR 1.1.4322; .NET CLR 2.0.50727)"
202.82.191.129 - - [22/Nov/2006:01:48:45 -0600] "GET /basswork/miscindx.htm HTTP/1.1" 304 - "http://www.vt2000.com/basswork/techindx.htm" "Mozilla/4.0 (compatible; MSIE 6.0; Windows NT 5.1; .NET CLR 1.0.3705; .NET CLR 1.1.4322; .NET CLR 2.0.50727)"
202.82.191.129 - - [22/Nov/2006:01:48:45 -0600] "GET /basswork/basswork.gif HTTP/1.1" 304 - "http://www.vt2000.com/basswork/miscindx.htm" "Mozilla/4.0 (compatible; MSIE 6.0; Windows NT 5.1; .NET CLR 1.0.3705; .NET CLR 1.1.4322; .NET CLR 2.0.50727)"
202.82.191.129 - - [22/Nov/2006:01:48:51 -0600] "GET /basswork/index.html HTTP/1.1" 304 - "http://www.vt2000.com/basswork/miscindx.htm" "Mozilla/4.0 (compatible; MSIE 6.0; Windows NT 5.1; .NET CLR 1.0.3705; .NET CLR 1.1.4322; .NET CLR 2.0.50727)"
202.82.191.129 - - [22/Nov/2006:01:48:51 -0600] "GET /basswork/basswork.gif HTTP/1.1" 304 - "http://www.vt2000.com/basswork/index.html" "Mozilla/4.0 (compatible; MSIE 6.0; Windows NT 5.1; .NET CLR 1.0.3705; .NET CLR 1.1.4322; .NET CLR 2.0.50727)"
202.82.191.129 - - [22/Nov/2006:01:48:56 -0600] "GET /favicon.ico HTTP/1.1" 304 - "-" "Mozilla/4.0 (compatible; MSIE 6.0; Windows NT 5.1; .NET CLR 1.0.3705; .NET CLR 1.1.4322; .NET CLR 2.0.50727)"
