194.224.199.47 - - [23/Nov/2006:15:05:22 -0600] "GET /cps/finding.htm HTTP/1.1" 200 5571 "http://www.vt2000.com/cps/moving.htm" "noxtrumbot/1.0 (crawler@noxtrum.com)"
194.224.199.47 - - [23/Nov/2006:15:06:22 -0600] "GET /cps/apprais.htm HTTP/1.1" 200 6036 "http://www.vt2000.com/cps/moving.htm" "noxtrumbot/1.0 (crawler@noxtrum.com)"
194.224.199.47 - - [23/Nov/2006:15:07:23 -0600] "GET /cps/doit.htm HTTP/1.1" 200 7072 "http://www.vt2000.com/cps/moving.htm" "noxtrumbot/1.0 (crawler@noxtrum.com)"
194.224.199.47 - - [23/Nov/2006:15:08:23 -0600] "GET /cps/benches.htm HTTP/1.1" 200 3466 "http://www.vt2000.com/cps/moving.htm" "noxtrumbot/1.0 (crawler@noxtrum.com)"
194.224.199.47 - - [23/Nov/2006:15:09:23 -0600] "GET /cps/buy.htm HTTP/1.1" 200 4386 "http://www.vt2000.com/cps/moving.htm" "noxtrumbot/1.0 (crawler@noxtrum.com)"
194.224.199.47 - - [23/Nov/2006:15:10:23 -0600] "GET /cps/mball.htm HTTP/1.1" 200 3362 "http://www.vt2000.com/cps/moving.htm" "noxtrumbot/1.0 (crawler@noxtrum.com)"
194.224.199.47 - - [23/Nov/2006:15:11:23 -0600] "GET /cps/index.html HTTP/1.1" 200 12460 "http://www.vt2000.com/cps/moving.htm" "noxtrumbot/1.0 (crawler@noxtrum.com)"
194.224.199.47 - - [23/Nov/2006:15:12:23 -0600] "GET /cps/truck.htm HTTP/1.1" 200 2023 "http://www.vt2000.com/cps/moving.htm" "noxtrumbot/1.0 (crawler@noxtrum.com)"
194.224.199.47 - - [23/Nov/2006:15:13:23 -0600] "GET /cps/loaded.htm HTTP/1.1" 200 2061 "http://www.vt2000.com/cps/moving.htm" "noxtrumbot/1.0 (crawler@noxtrum.com)"
194.224.199.47 - - [23/Nov/2006:15:14:24 -0600] "GET /cps/dc.htm HTTP/1.1" 200 4280 "http://www.vt2000.com/cps/forsale.htm" "noxtrumbot/1.0 (crawler@noxtrum.com)"
194.224.199.47 - - [23/Nov/2006:15:15:24 -0600] "GET /cps/etc.htm HTTP/1.1" 200 5960 "http://www.vt2000.com/cps/forsale.htm" "noxtrumbot/1.0 (crawler@noxtrum.com)"
195.93.21.34 - - [23/Nov/2006:15:15:39 -0600] "GET /basswork/chords/scales.htm HTTP/1.1" 200 13218 "http://uk.ask.com/web?o=0&dm=all&qsrc=6&l=dir&q=Chromatic+Scale+Charts" "Mozilla/4.0 (compatible; MSIE 6.0; AOL 9.0; Windows NT 5.1; SV1; .NET CLR 1.1.4322)"
195.93.21.34 - - [23/Nov/2006:15:15:39 -0600] "GET /basswork/chords/back.gif HTTP/1.1" 200 1060 "http://www.vt2000.com/basswork/chords/scales.htm" "Mozilla/4.0 (compatible; MSIE 6.0; AOL 9.0; Windows NT 5.1; SV1; .NET CLR 1.1.4322)"
195.93.21.106 - - [23/Nov/2006:15:15:40 -0600] "GET /basswork/chords/backgr.jpg HTTP/1.1" 200 26925 "http://www.vt2000.com/basswork/chords/scales.htm" "Mozilla/4.0 (compatible; MSIE 6.0; AOL 9.0; Windows NT 5.1; SV1; .NET CLR 1.1.4322)"
195.93.21.105 - - [23/Nov/2006:15:15:40 -0600] "GET /basswork/chords/cmscale.gif HTTP/1.1" 200 1657 "http://www.vt2000.com/basswork/chords/scales.htm" "Mozilla/4.0 (compatible; MSIE 6.0; AOL 9.0; Windows NT 5.1; SV1; .NET CLR 1.1.4322)"
195.93.21.42 - - [23/Nov/2006:15:15:40 -0600] "GET /basswork/chords/smiley.gif HTTP/1.1" 200 93 "http://www.vt2000.com/basswork/chords/scales.htm" "Mozilla/4.0 (compatible; MSIE 6.0; AOL 9.0; Windows NT 5.1; SV1; .NET CLR 1.1.4322)"
195.93.21.7 - - [23/Nov/2006:15:15:40 -0600] "GET /basswork/chords/forw.gif HTTP/1.1" 200 1067 "http://www.vt2000.com/basswork/chords/scales.htm" "Mozilla/4.0 (compatible; MSIE 6.0; AOL 9.0; Windows NT 5.1; SV1; .NET CLR 1.1.4322)"
24.200.172.117 - - [23/Nov/2006:15:15:48 -0600] "GET / HTTP/1.1" 200 4222 "http://searchportal.information.com/?epl=01480057UVsPWVALXVUMVV8EVAwSVhNTFFYTXV4CT1ZaVR5HVARHVwpnSQpACQxRCw1nCQNVFWsKVg1RXg8GE0ZdWUZSDWpAG0hcWF9dD1tEAmcMAg5TA1QOUhNcFj5HVFZTCQBDQVERTGYXXUEMDVdbFlxT&query=Design%20Logo" "Mozilla/4.0 (compatible; MSIE 6.0; Windows NT 5.1; SV1; .NET CLR 1.1.4322)"
24.200.172.117 - - [23/Nov/2006:15:15:48 -0600] "GET /pixel.gif HTTP/1.1" 200 42 "http://www.vt2000.com/" "Mozilla/4.0 (compatible; MSIE 6.0; Windows NT 5.1; SV1; .NET CLR 1.1.4322)"
24.200.172.117 - - [23/Nov/2006:15:15:48 -0600] "GET /3colvts.css HTTP/1.1" 200 5145 "http://www.vt2000.com/" "Mozilla/4.0 (compatible; MSIE 6.0; Windows NT 5.1; SV1; .NET CLR 1.1.4322)"
24.200.172.117 - - [23/Nov/2006:15:15:48 -0600] "GET /geninfo.jpg HTTP/1.1" 200 3563 "http://www.vt2000.com/" "Mozilla/4.0 (compatible; MSIE 6.0; Windows NT 5.1; SV1; .NET CLR 1.1.4322)"
24.200.172.117 - - [23/Nov/2006:15:15:48 -0600] "GET /vt2000wk.jpg HTTP/1.1" 200 2998 "http://www.vt2000.com/" "Mozilla/4.0 (compatible; MSIE 6.0; Windows NT 5.1; SV1; .NET CLR 1.1.4322)"
24.200.172.117 - - [23/Nov/2006:15:15:49 -0600] "GET /valid-xhtml10.gif HTTP/1.1" 200 704 "http://www.vt2000.com/" "Mozilla/4.0 (compatible; MSIE 6.0; Windows NT 5.1; SV1; .NET CLR 1.1.4322)"
24.200.172.117 - - [23/Nov/2006:15:15:49 -0600] "GET /b-g-bkgrnd.jpg HTTP/1.1" 200 2044 "http://www.vt2000.com/" "Mozilla/4.0 (compatible; MSIE 6.0; Windows NT 5.1; SV1; .NET CLR 1.1.4322)"
24.200.172.117 - - [23/Nov/2006:15:15:49 -0600] "GET /vt2000fw.jpg HTTP/1.1" 200 15220 "http://www.vt2000.com/" "Mozilla/4.0 (compatible; MSIE 6.0; Windows NT 5.1; SV1; .NET CLR 1.1.4322)"
24.200.172.117 - - [23/Nov/2006:15:15:49 -0600] "GET /grnball.gif HTTP/1.1" 200 100 "http://www.vt2000.com/" "Mozilla/4.0 (compatible; MSIE 6.0; Windows NT 5.1; SV1; .NET CLR 1.1.4322)"
24.200.172.117 - - [23/Nov/2006:15:15:49 -0600] "GET /whtbg.jpg HTTP/1.1" 404 331 "http://www.vt2000.com/" "Mozilla/4.0 (compatible; MSIE 6.0; Windows NT 5.1; SV1; .NET CLR 1.1.4322)"
24.200.172.117 - - [23/Nov/2006:15:15:58 -0600] "GET /black.htm HTTP/1.1" 200 1277 "http://www.vt2000.com/" "Mozilla/4.0 (compatible; MSIE 6.0; Windows NT 5.1; SV1; .NET CLR 1.1.4322)"
24.200.172.117 - - [23/Nov/2006:15:15:59 -0600] "GET /inferno.gif HTTP/1.1" 200 6339 "http://www.vt2000.com/black.htm" "Mozilla/4.0 (compatible; MSIE 6.0; Windows NT 5.1; SV1; .NET CLR 1.1.4322)"
24.200.172.117 - - [23/Nov/2006:15:15:59 -0600] "GET /gxdisplay.css HTTP/1.1" 200 1264 "http://www.vt2000.com/black.htm" "Mozilla/4.0 (compatible; MSIE 6.0; Windows NT 5.1; SV1; .NET CLR 1.1.4322)"
24.200.172.117 - - [23/Nov/2006:15:15:59 -0600] "GET /gates.gif HTTP/1.1" 200 4932 "http://www.vt2000.com/black.htm" "Mozilla/4.0 (compatible; MSIE 6.0; Windows NT 5.1; SV1; .NET CLR 1.1.4322)"
24.200.172.117 - - [23/Nov/2006:15:15:59 -0600] "GET /yblksamp.gif HTTP/1.1" 200 6217 "http://www.vt2000.com/black.htm" "Mozilla/4.0 (compatible; MSIE 6.0; Windows NT 5.1; SV1; .NET CLR 1.1.4322)"
24.200.172.117 - - [23/Nov/2006:15:15:59 -0600] "GET /samp_bg.gif HTTP/1.1" 200 1724 "http://www.vt2000.com/black.htm" "Mozilla/4.0 (compatible; MSIE 6.0; Windows NT 5.1; SV1; .NET CLR 1.1.4322)"
24.200.172.117 - - [23/Nov/2006:15:16:03 -0600] "GET /whtbg.jpg HTTP/1.1" 404 331 "http://www.vt2000.com/" "Mozilla/4.0 (compatible; MSIE 6.0; Windows NT 5.1; SV1; .NET CLR 1.1.4322)"
24.200.172.117 - - [23/Nov/2006:15:16:05 -0600] "GET /clrgame.htm HTTP/1.1" 200 2271 "http://www.vt2000.com/" "Mozilla/4.0 (compatible; MSIE 6.0; Windows NT 5.1; SV1; .NET CLR 1.1.4322)"
24.200.172.117 - - [23/Nov/2006:15:16:05 -0600] "GET /blocks.gif HTTP/1.1" 200 1357 "http://www.vt2000.com/clrgame.htm" "Mozilla/4.0 (compatible; MSIE 6.0; Windows NT 5.1; SV1; .NET CLR 1.1.4322)"
24.200.172.117 - - [23/Nov/2006:15:16:05 -0600] "GET /colors.jpg HTTP/1.1" 200 17256 "http://www.vt2000.com/clrgame.htm" "Mozilla/4.0 (compatible; MSIE 6.0; Windows NT 5.1; SV1; .NET CLR 1.1.4322)"
24.200.172.117 - - [23/Nov/2006:15:16:05 -0600] "GET /vt2000blk680w.jpg HTTP/1.1" 200 21313 "http://www.vt2000.com/clrgame.htm" "Mozilla/4.0 (compatible; MSIE 6.0; Windows NT 5.1; SV1; .NET CLR 1.1.4322)"
69.108.90.80 - - [23/Nov/2006:15:16:07 -0600] "GET /basswork/chords/index.htm HTTP/1.1" 200 8461 "-" "Mozilla/4.0 (compatible; MSIE 6.0; Windows NT 5.1; YPC 3.2.0)"
69.108.90.80 - - [23/Nov/2006:15:16:08 -0600] "GET /basswork/chords/stdj-bas.gif HTTP/1.1" 200 5826 "http://www.vt2000.com/basswork/chords/index.htm" "Mozilla/4.0 (compatible; MSIE 6.0; Windows NT 5.1; YPC 3.2.0)"
69.108.90.80 - - [23/Nov/2006:15:16:08 -0600] "GET /basswork/chords/backgr.jpg HTTP/1.1" 200 26925 "http://www.vt2000.com/basswork/chords/index.htm" "Mozilla/4.0 (compatible; MSIE 6.0; Windows NT 5.1; YPC 3.2.0)"
69.108.90.80 - - [23/Nov/2006:15:16:08 -0600] "GET /favicon.ico HTTP/1.1" 200 318 "-" "Mozilla/4.0 (compatible; MSIE 6.0; Windows NT 5.1; YPC 3.2.0)"
69.108.90.80 - - [23/Nov/2006:15:16:08 -0600] "GET /basswork/chords/smiley.gif HTTP/1.1" 200 93 "http://www.vt2000.com/basswork/chords/index.htm" "Mozilla/4.0 (compatible; MSIE 6.0; Windows NT 5.1; YPC 3.2.0)"
24.200.172.117 - - [23/Nov/2006:15:16:18 -0600] "GET /whtbg.jpg HTTP/1.1" 404 331 "http://www.vt2000.com/" "Mozilla/4.0 (compatible; MSIE 6.0; Windows NT 5.1; SV1; .NET CLR 1.1.4322)"
24.200.172.117 - - [23/Nov/2006:15:16:18 -0600] "GET /b-bgover.jpg HTTP/1.1" 200 610 "http://www.vt2000.com/" "Mozilla/4.0 (compatible; MSIE 6.0; Windows NT 5.1; SV1; .NET CLR 1.1.4322)"
24.200.172.117 - - [23/Nov/2006:15:16:18 -0600] "GET /whtbg.jpg HTTP/1.1" 404 331 "http://www.vt2000.com/" "Mozilla/4.0 (compatible; MSIE 6.0; Windows NT 5.1; SV1; .NET CLR 1.1.4322)"
24.200.172.117 - - [23/Nov/2006:15:16:18 -0600] "GET /whtbg.jpg HTTP/1.1" 404 331 "http://www.vt2000.com/" "Mozilla/4.0 (compatible; MSIE 6.0; Windows NT 5.1; SV1; .NET CLR 1.1.4322)"
24.200.172.117 - - [23/Nov/2006:15:16:19 -0600] "GET /whtbg.jpg HTTP/1.1" 404 331 "http://www.vt2000.com/" "Mozilla/4.0 (compatible; MSIE 6.0; Windows NT 5.1; SV1; .NET CLR 1.1.4322)"
24.200.172.117 - - [23/Nov/2006:15:16:19 -0600] "GET /whtbg.jpg HTTP/1.1" 404 331 "http://www.vt2000.com/" "Mozilla/4.0 (compatible; MSIE 6.0; Windows NT 5.1; SV1; .NET CLR 1.1.4322)"
24.200.172.117 - - [23/Nov/2006:15:16:19 -0600] "GET /whtbg.jpg HTTP/1.1" 404 331 "http://www.vt2000.com/" "Mozilla/4.0 (compatible; MSIE 6.0; Windows NT 5.1; SV1; .NET CLR 1.1.4322)"
69.108.90.80 - - [23/Nov/2006:15:16:21 -0600] "GET /basswork/chords/extinv.htm HTTP/1.1" 200 9313 "http://www.vt2000.com/basswork/chords/index.htm" "Mozilla/4.0 (compatible; MSIE 6.0; Windows NT 5.1; YPC 3.2.0)"
69.108.90.80 - - [23/Nov/2006:15:16:21 -0600] "GET /basswork/chords/back.gif HTTP/1.1" 200 1060 "http://www.vt2000.com/basswork/chords/extinv.htm" "Mozilla/4.0 (compatible; MSIE 6.0; Windows NT 5.1; YPC 3.2.0)"
69.108.90.80 - - [23/Nov/2006:15:16:22 -0600] "GET /basswork/chords/backgr.jpg HTTP/1.1" 304 - "http://www.vt2000.com/basswork/chords/extinv.htm" "Mozilla/4.0 (compatible; MSIE 6.0; Windows NT 5.1; YPC 3.2.0)"
69.108.90.80 - - [23/Nov/2006:15:16:22 -0600] "GET /basswork/chords/forw.gif HTTP/1.1" 200 1067 "http://www.vt2000.com/basswork/chords/extinv.htm" "Mozilla/4.0 (compatible; MSIE 6.0; Windows NT 5.1; YPC 3.2.0)"
69.108.90.80 - - [23/Nov/2006:15:16:22 -0600] "GET /basswork/chords/smiley.gif HTTP/1.1" 304 - "http://www.vt2000.com/basswork/chords/extinv.htm" "Mozilla/4.0 (compatible; MSIE 6.0; Windows NT 5.1; YPC 3.2.0)"
194.224.199.47 - - [23/Nov/2006:15:16:24 -0600] "GET /cps/string.htm HTTP/1.1" 200 2167 "http://www.vt2000.com/cps/forsale.htm" "noxtrumbot/1.0 (crawler@noxtrum.com)"
194.224.199.47 - - [23/Nov/2006:15:17:24 -0600] "GET /cps/henry2.htm HTTP/1.1" 200 2150 "http://www.vt2000.com/cps/gforsale.htm" "noxtrumbot/1.0 (crawler@noxtrum.com)"
194.224.199.47 - - [23/Nov/2006:15:18:24 -0600] "GET /cps/henry1.htm HTTP/1.1" 200 2136 "http://www.vt2000.com/cps/gforsale.htm" "noxtrumbot/1.0 (crawler@noxtrum.com)"
194.224.199.47 - - [23/Nov/2006:15:19:24 -0600] "GET /cps/hdhammerrail.htm HTTP/1.1" 200 1997 "http://www.vt2000.com/cps/soldpianos.htm" "noxtrumbot/1.0 (crawler@noxtrum.com)"
194.224.199.47 - - [23/Nov/2006:15:20:24 -0600] "GET /cps/emerson.htm HTTP/1.1" 200 1916 "http://www.vt2000.com/cps/soldpianos.htm" "noxtrumbot/1.0 (crawler@noxtrum.com)"
194.224.199.47 - - [23/Nov/2006:15:21:25 -0600] "GET /cps/delivery.htm HTTP/1.1" 200 2937 "http://www.vt2000.com/cps/soldpianos.htm" "noxtrumbot/1.0 (crawler@noxtrum.com)"
194.224.199.47 - - [23/Nov/2006:15:22:25 -0600] "GET /cps/heintz1.htm HTTP/1.1" 200 1956 "http://www.vt2000.com/cps/soldpianos.htm" "noxtrumbot/1.0 (crawler@noxtrum.com)"
64.4.8.119 - - [23/Nov/2006:15:22:49 -0600] "GET /basswork/ianrhy2.htm HTTP/1.0" 200 10126 "-" "msnbot/1.0 (+http://search.msn.com/msnbot.htm)"
64.4.8.119 - - [23/Nov/2006:15:22:49 -0600] "GET /basswork/iantap2.htm HTTP/1.0" 200 7615 "-" "msnbot/1.0 (+http://search.msn.com/msnbot.htm)"
194.224.199.47 - - [23/Nov/2006:15:23:25 -0600] "GET /cps/gulbransen.htm HTTP/1.1" 200 1930 "http://www.vt2000.com/cps/soldpianos.htm" "noxtrumbot/1.0 (crawler@noxtrum.com)"
194.224.199.47 - - [23/Nov/2006:15:24:25 -0600] "GET /cps/hardman.htm HTTP/1.1" 200 1825 "http://www.vt2000.com/cps/soldpianos.htm" "noxtrumbot/1.0 (crawler@noxtrum.com)"
194.224.199.47 - - [23/Nov/2006:15:25:25 -0600] "GET /cps/checklist.htm HTTP/1.1" 200 3214 "http://www.vt2000.com/cps/doit.htm" "noxtrumbot/1.0 (crawler@noxtrum.com)"
194.224.199.47 - - [23/Nov/2006:15:26:25 -0600] "GET /cps/curwork.htm HTTP/1.1" 200 2320 "http://www.vt2000.com/cps/index.html" "noxtrumbot/1.0 (crawler@noxtrum.com)"
65.214.44.71 - - [23/Nov/2006:15:26:41 -0600] "GET /basswork/backes.htm HTTP/1.0" 200 5669 "-" "Mozilla/2.0 (compatible; Ask Jeeves/Teoma; +http://about.ask.com/en/docs/about/webmasters.shtml)"
194.224.199.47 - - [23/Nov/2006:15:27:25 -0600] "GET /cps/strider.htm HTTP/1.1" 200 1976 "http://www.vt2000.com/cps/index.html" "noxtrumbot/1.0 (crawler@noxtrum.com)"
194.224.199.47 - - [23/Nov/2006:15:28:25 -0600] "GET /cps/hammercat.htm HTTP/1.1" 200 2065 "http://www.vt2000.com/cps/index.html" "noxtrumbot/1.0 (crawler@noxtrum.com)"
194.224.199.47 - - [23/Nov/2006:15:29:25 -0600] "GET /cps/window.htm HTTP/1.1" 200 2108 "http://www.vt2000.com/cps/index.html" "noxtrumbot/1.0 (crawler@noxtrum.com)"
194.224.199.47 - - [23/Nov/2006:15:30:25 -0600] "GET /cps/weather.htm HTTP/1.1" 200 583 "http://www.vt2000.com/cps/index.html" "noxtrumbot/1.0 (crawler@noxtrum.com)"
194.224.199.47 - - [23/Nov/2006:15:31:25 -0600] "GET /cps/fpart.htm HTTP/1.1" 200 8594 "http://www.vt2000.com/cps/index.html" "noxtrumbot/1.0 (crawler@noxtrum.com)"
194.224.199.47 - - [23/Nov/2006:15:32:25 -0600] "GET /cps/shopwork.htm HTTP/1.1" 200 6082 "http://www.vt2000.com/cps/index.html" "noxtrumbot/1.0 (crawler@noxtrum.com)"
194.224.199.47 - - [23/Nov/2006:15:33:25 -0600] "GET /cps/plates.htm HTTP/1.1" 200 4723 "http://www.vt2000.com/cps/index.html" "noxtrumbot/1.0 (crawler@noxtrum.com)"
194.224.199.47 - - [23/Nov/2006:15:34:25 -0600] "GET /cps/southafrica/southafrica.htm HTTP/1.1" 200 45084 "http://www.vt2000.com/cps/index.html" "noxtrumbot/1.0 (crawler@noxtrum.com)"
194.224.199.47 - - [23/Nov/2006:15:35:25 -0600] "GET / HTTP/1.1" 200 4222 "http://www.vt2000.com/cps/index.html" "noxtrumbot/1.0 (crawler@noxtrum.com)"
74.6.76.14 - - [23/Nov/2006:15:40:26 -0600] "GET /robots.txt HTTP/1.0" 200 138 "-" "Mozilla/5.0 (compatible; Yahoo! Slurp; http://help.yahoo.com/help/us/ysearch/slurp)"
74.6.76.14 - - [23/Nov/2006:15:40:26 -0600] "GET /basswork HTTP/1.0" 301 363 "-" "Mozilla/5.0 (compatible; Yahoo! DE Slurp; http://help.yahoo.com/help/us/ysearch/slurp)"
74.6.76.14 - - [23/Nov/2006:15:40:32 -0600] "GET /basswork/ HTTP/1.0" 200 1620 "-" "Mozilla/5.0 (compatible; Yahoo! DE Slurp; http://help.yahoo.com/help/us/ysearch/slurp)"
81.152.237.101 - - [23/Nov/2006:15:41:40 -0600] "GET /basswork/ HTTP/1.1" 200 1620 "http://www.google.co.uk/search?hl=en&q=bass+playing&meta=" "Mozilla/4.0 (compatible; MSIE 6.0; Windows NT 5.1; SV1; .NET CLR 1.1.4322)"
81.152.237.101 - - [23/Nov/2006:15:41:41 -0600] "GET /basswork/basswork.gif HTTP/1.1" 200 2717 "http://www.vt2000.com/basswork/" "Mozilla/4.0 (compatible; MSIE 6.0; Windows NT 5.1; SV1; .NET CLR 1.1.4322)"
81.152.237.101 - - [23/Nov/2006:15:41:52 -0600] "GET /basswork/thryindx.htm HTTP/1.1" 200 816 "http://www.vt2000.com/basswork/" "Mozilla/4.0 (compatible; MSIE 6.0; Windows NT 5.1; SV1; .NET CLR 1.1.4322)"
81.152.237.101 - - [23/Nov/2006:15:42:00 -0600] "GET /basswork/thplunk.htm HTTP/1.1" 200 7805 "http://www.vt2000.com/basswork/thryindx.htm" "Mozilla/4.0 (compatible; MSIE 6.0; Windows NT 5.1; SV1; .NET CLR 1.1.4322)"
74.6.74.220 - - [23/Nov/2006:15:48:13 -0600] "GET /robots.txt HTTP/1.0" 200 138 "-" "Mozilla/5.0 (compatible; Yahoo! Slurp; http://help.yahoo.com/help/us/ysearch/slurp)"
74.6.71.72 - - [23/Nov/2006:15:48:14 -0600] "GET /vts/fexp.htm HTTP/1.0" 200 4539 "-" "Mozilla/5.0 (compatible; Yahoo! Slurp; http://help.yahoo.com/help/us/ysearch/slurp)"
81.152.237.101 - - [23/Nov/2006:15:48:29 -0600] "GET /basswork/pracindx.htm HTTP/1.1" 200 917 "http://www.vt2000.com/basswork/thryindx.htm" "Mozilla/4.0 (compatible; MSIE 6.0; Windows NT 5.1; SV1; .NET CLR 1.1.4322)"
81.152.237.101 - - [23/Nov/2006:15:48:36 -0600] "GET /basswork/chords/index.htm HTTP/1.1" 200 8461 "http://www.vt2000.com/basswork/thryindx.htm" "Mozilla/4.0 (compatible; MSIE 6.0; Windows NT 5.1; SV1; .NET CLR 1.1.4322)"
81.152.237.101 - - [23/Nov/2006:15:48:37 -0600] "GET /basswork/chords/backgr.jpg HTTP/1.1" 200 26925 "http://www.vt2000.com/basswork/chords/index.htm" "Mozilla/4.0 (compatible; MSIE 6.0; Windows NT 5.1; SV1; .NET CLR 1.1.4322)"
81.152.237.101 - - [23/Nov/2006:15:48:37 -0600] "GET /basswork/chords/stdj-bas.gif HTTP/1.1" 200 5826 "http://www.vt2000.com/basswork/chords/index.htm" "Mozilla/4.0 (compatible; MSIE 6.0; Windows NT 5.1; SV1; .NET CLR 1.1.4322)"
81.152.237.101 - - [23/Nov/2006:15:48:37 -0600] "GET /basswork/chords/smiley.gif HTTP/1.1" 200 93 "http://www.vt2000.com/basswork/chords/index.htm" "Mozilla/4.0 (compatible; MSIE 6.0; Windows NT 5.1; SV1; .NET CLR 1.1.4322)"
81.152.237.101 - - [23/Nov/2006:15:48:45 -0600] "GET /basswork/chords/baschord.htm HTTP/1.1" 200 14296 "http://www.vt2000.com/basswork/chords/index.htm" "Mozilla/4.0 (compatible; MSIE 6.0; Windows NT 5.1; SV1; .NET CLR 1.1.4322)"
81.152.237.101 - - [23/Nov/2006:15:48:45 -0600] "GET /basswork/chords/back.gif HTTP/1.1" 200 1060 "http://www.vt2000.com/basswork/chords/baschord.htm" "Mozilla/4.0 (compatible; MSIE 6.0; Windows NT 5.1; SV1; .NET CLR 1.1.4322)"
81.152.237.101 - - [23/Nov/2006:15:48:45 -0600] "GET /basswork/chords/forw.gif HTTP/1.1" 200 1067 "http://www.vt2000.com/basswork/chords/baschord.htm" "Mozilla/4.0 (compatible; MSIE 6.0; Windows NT 5.1; SV1; .NET CLR 1.1.4322)"
81.152.237.101 - - [23/Nov/2006:15:49:33 -0600] "GET /basswork/chords/scales.htm HTTP/1.1" 200 13218 "http://www.vt2000.com/basswork/chords/index.htm" "Mozilla/4.0 (compatible; MSIE 6.0; Windows NT 5.1; SV1; .NET CLR 1.1.4322)"
81.152.237.101 - - [23/Nov/2006:15:49:34 -0600] "GET /basswork/chords/cmscale.gif HTTP/1.1" 200 1657 "http://www.vt2000.com/basswork/chords/scales.htm" "Mozilla/4.0 (compatible; MSIE 6.0; Windows NT 5.1; SV1; .NET CLR 1.1.4322)"
81.152.237.101 - - [23/Nov/2006:15:51:31 -0600] "GET /basswork/techindx.htm HTTP/1.1" 200 1589 "http://www.vt2000.com/basswork/" "Mozilla/4.0 (compatible; MSIE 6.0; Windows NT 5.1; SV1; .NET CLR 1.1.4322)"
81.152.237.101 - - [23/Nov/2006:15:51:38 -0600] "GET /basswork/iantap1.htm HTTP/1.1" 200 8125 "http://www.vt2000.com/basswork/techindx.htm" "Mozilla/4.0 (compatible; MSIE 6.0; Windows NT 5.1; SV1; .NET CLR 1.1.4322)"
70.49.137.221 - - [23/Nov/2006:16:02:23 -0600] "GET /basswork/chords/index.htm HTTP/1.1" 200 8461 "http://www.google.ca/search?sourceid=navclient&ie=UTF-8&rls=GGLG,GGLG:2005-42,GGLG:en&q=chords%2bbass" "Mozilla/4.0 (compatible; MSIE 6.0; Windows NT 5.1; SV1; .NET CLR 1.1.4322)"
70.49.137.221 - - [23/Nov/2006:16:02:23 -0600] "GET /basswork/chords/backgr.jpg HTTP/1.1" 200 26925 "http://www.vt2000.com/basswork/chords/index.htm" "Mozilla/4.0 (compatible; MSIE 6.0; Windows NT 5.1; SV1; .NET CLR 1.1.4322)"
70.49.137.221 - - [23/Nov/2006:16:02:23 -0600] "GET /basswork/chords/stdj-bas.gif HTTP/1.1" 200 5826 "http://www.vt2000.com/basswork/chords/index.htm" "Mozilla/4.0 (compatible; MSIE 6.0; Windows NT 5.1; SV1; .NET CLR 1.1.4322)"
70.49.137.221 - - [23/Nov/2006:16:02:23 -0600] "GET /basswork/chords/smiley.gif HTTP/1.1" 200 93 "http://www.vt2000.com/basswork/chords/index.htm" "Mozilla/4.0 (compatible; MSIE 6.0; Windows NT 5.1; SV1; .NET CLR 1.1.4322)"
70.49.137.221 - - [23/Nov/2006:16:03:01 -0600] "GET /basswork/chords/baschord.htm HTTP/1.1" 200 14296 "http://www.vt2000.com/basswork/chords/index.htm" "Mozilla/4.0 (compatible; MSIE 6.0; Windows NT 5.1; SV1; .NET CLR 1.1.4322)"
70.49.137.221 - - [23/Nov/2006:16:03:02 -0600] "GET /basswork/chords/back.gif HTTP/1.1" 200 1060 "http://www.vt2000.com/basswork/chords/baschord.htm" "Mozilla/4.0 (compatible; MSIE 6.0; Windows NT 5.1; SV1; .NET CLR 1.1.4322)"
70.49.137.221 - - [23/Nov/2006:16:03:02 -0600] "GET /basswork/chords/forw.gif HTTP/1.1" 200 1067 "http://www.vt2000.com/basswork/chords/baschord.htm" "Mozilla/4.0 (compatible; MSIE 6.0; Windows NT 5.1; SV1; .NET CLR 1.1.4322)"
70.49.137.221 - - [23/Nov/2006:16:05:01 -0600] "GET /basswork/chords/interval.htm HTTP/1.1" 200 17245 "http://www.vt2000.com/basswork/chords/baschord.htm" "Mozilla/4.0 (compatible; MSIE 6.0; Windows NT 5.1; SV1; .NET CLR 1.1.4322)"
67.15.119.25 - - [23/Nov/2006:16:06:31 -0600] "GET / HTTP/1.1" 200 4222 "-" "User-Agent: User-Agent: Mozilla/4.0 (compatible; MSIE 6.0; Windows NT 5.0)"
74.6.72.251 - - [23/Nov/2006:16:09:03 -0600] "GET /logos.htm HTTP/1.0" 304 - "-" "Mozilla/5.0 (compatible; Yahoo! Slurp; http://help.yahoo.com/help/us/ysearch/slurp)"
64.4.8.119 - - [23/Nov/2006:16:15:37 -0600] "GET /yrbus.htm HTTP/1.0" 200 3770 "-" "msnbot/1.0 (+http://search.msn.com/msnbot.htm)"
64.4.8.119 - - [23/Nov/2006:16:15:50 -0600] "GET /red.htm HTTP/1.0" 200 1270 "-" "msnbot/1.0 (+http://search.msn.com/msnbot.htm)"
64.4.8.119 - - [23/Nov/2006:16:15:50 -0600] "GET /vtswork.htm HTTP/1.0" 200 7506 "-" "msnbot/1.0 (+http://search.msn.com/msnbot.htm)"
64.4.8.119 - - [23/Nov/2006:16:15:50 -0600] "GET /yellow.htm HTTP/1.0" 200 1260 "-" "msnbot/1.0 (+http://search.msn.com/msnbot.htm)"
64.4.8.119 - - [23/Nov/2006:16:15:55 -0600] "GET /lavender.htm HTTP/1.0" 200 1174 "-" "msnbot/1.0 (+http://search.msn.com/msnbot.htm)"
64.4.8.119 - - [23/Nov/2006:16:15:56 -0600] "GET /contact.htm HTTP/1.0" 200 4408 "-" "msnbot/1.0 (+http://search.msn.com/msnbot.htm)"
64.4.8.119 - - [23/Nov/2006:16:15:56 -0600] "GET /pricing.htm HTTP/1.0" 200 5100 "-" "msnbot/1.0 (+http://search.msn.com/msnbot.htm)"
64.4.8.119 - - [23/Nov/2006:16:15:56 -0600] "GET /whyvts.htm HTTP/1.0" 200 5888 "-" "msnbot/1.0 (+http://search.msn.com/msnbot.htm)"
64.4.8.119 - - [23/Nov/2006:16:15:56 -0600] "GET /black.htm HTTP/1.0" 200 1277 "-" "msnbot/1.0 (+http://search.msn.com/msnbot.htm)"
64.4.8.119 - - [23/Nov/2006:16:15:56 -0600] "GET /allseason.htm HTTP/1.0" 200 1193 "-" "msnbot/1.0 (+http://search.msn.com/msnbot.htm)"
64.4.8.119 - - [23/Nov/2006:16:16:01 -0600] "GET /index.html HTTP/1.0" 200 4222 "-" "msnbot/1.0 (+http://search.msn.com/msnbot.htm)"
64.4.8.119 - - [23/Nov/2006:16:16:01 -0600] "GET /clrgame.htm HTTP/1.0" 200 2271 "-" "msnbot/1.0 (+http://search.msn.com/msnbot.htm)"
64.4.8.119 - - [23/Nov/2006:16:16:01 -0600] "GET /logos.htm HTTP/1.0" 200 4730 "-" "msnbot/1.0 (+http://search.msn.com/msnbot.htm)"
64.4.8.119 - - [23/Nov/2006:16:16:02 -0600] "GET /threads.htm HTTP/1.0" 200 1185 "-" "msnbot/1.0 (+http://search.msn.com/msnbot.htm)"
64.4.8.119 - - [23/Nov/2006:16:16:02 -0600] "GET /silver.htm HTTP/1.0" 200 1121 "-" "msnbot/1.0 (+http://search.msn.com/msnbot.htm)"
64.4.8.119 - - [23/Nov/2006:16:16:02 -0600] "GET /elements.htm HTTP/1.0" 200 7529 "-" "msnbot/1.0 (+http://search.msn.com/msnbot.htm)"
64.4.8.119 - - [23/Nov/2006:16:16:27 -0600] "GET /services.htm HTTP/1.0" 200 4901 "-" "msnbot/1.0 (+http://search.msn.com/msnbot.htm)"
66.249.65.84 - - [23/Nov/2006:16:17:00 -0600] "GET /robots.txt HTTP/1.1" 200 138 "-" "Mozilla/5.0 (compatible; Googlebot/2.1; +http://www.google.com/bot.html)"
66.249.65.84 - - [23/Nov/2006:16:17:00 -0600] "GET /basswork HTTP/1.1" 301 363 "-" "Mozilla/5.0 (compatible; Googlebot/2.1; +http://www.google.com/bot.html)"
66.249.65.84 - - [23/Nov/2006:16:17:02 -0600] "GET /basswork/ HTTP/1.1" 200 1620 "-" "Mozilla/5.0 (compatible; Googlebot/2.1; +http://www.google.com/bot.html)"
58.165.32.39 - - [23/Nov/2006:16:18:14 -0600] "GET /basswork/ HTTP/1.1" 200 1620 "http://www.electricbluesclub.co.uk/bass.html" "Mozilla/4.0 (compatible; MSIE 6.0; Windows NT 5.1; SV1; .NET CLR 1.1.4322)"
58.165.32.39 - - [23/Nov/2006:16:18:15 -0600] "GET /basswork/basswork.gif HTTP/1.1" 200 2717 "http://www.vt2000.com/basswork/" "Mozilla/4.0 (compatible; MSIE 6.0; Windows NT 5.1; SV1; .NET CLR 1.1.4322)"
58.165.32.39 - - [23/Nov/2006:16:18:23 -0600] "GET /basswork/pracindx.htm HTTP/1.1" 200 917 "http://www.vt2000.com/basswork/" "Mozilla/4.0 (compatible; MSIE 6.0; Windows NT 5.1; SV1; .NET CLR 1.1.4322)"
58.165.32.39 - - [23/Nov/2006:16:18:39 -0600] "GET /basswork/techindx.htm HTTP/1.1" 200 1589 "http://www.vt2000.com/basswork/" "Mozilla/4.0 (compatible; MSIE 6.0; Windows NT 5.1; SV1; .NET CLR 1.1.4322)"
58.165.32.39 - - [23/Nov/2006:16:18:44 -0600] "GET /basswork/ianrhy3.htm HTTP/1.1" 200 11272 "http://www.vt2000.com/basswork/techindx.htm" "Mozilla/4.0 (compatible; MSIE 6.0; Windows NT 5.1; SV1; .NET CLR 1.1.4322)"
58.165.32.39 - - [23/Nov/2006:16:20:08 -0600] "GET /basswork/ianrhy4.htm HTTP/1.1" 200 14444 "http://www.vt2000.com/basswork/ianrhy3.htm" "Mozilla/4.0 (compatible; MSIE 6.0; Windows NT 5.1; SV1; .NET CLR 1.1.4322)"
58.165.32.39 - - [23/Nov/2006:16:20:57 -0600] "GET /basswork/schmidt4.htm HTTP/1.1" 200 16691 "http://www.vt2000.com/basswork/techindx.htm" "Mozilla/4.0 (compatible; MSIE 6.0; Windows NT 5.1; SV1; .NET CLR 1.1.4322)"
74.6.70.32 - - [23/Nov/2006:16:24:36 -0600] "GET /cps/gforsale.htm HTTP/1.0" 304 - "-" "Mozilla/5.0 (compatible; Yahoo! Slurp; http://help.yahoo.com/help/us/ysearch/slurp)"
65.214.44.71 - - [23/Nov/2006:16:29:49 -0600] "GET /basswork/tmplswng.htm HTTP/1.0" 200 3543 "-" "Mozilla/2.0 (compatible; Ask Jeeves/Teoma; +http://about.ask.com/en/docs/about/webmasters.shtml)"
24.87.53.180 - - [23/Nov/2006:16:32:02 -0600] "GET /fp/serif.htm HTTP/1.1" 200 8398 "-" "Mozilla/4.0 (compatible; MSIE 7.0; Windows NT 5.1; .NET CLR 1.1.4322)"
24.87.53.180 - - [23/Nov/2006:16:32:02 -0600] "GET /fp/red.gif HTTP/1.1" 200 184 "http://www.vt2000.com/fp/serif.htm" "Mozilla/4.0 (compatible; MSIE 7.0; Windows NT 5.1; .NET CLR 1.1.4322)"
24.87.53.180 - - [23/Nov/2006:16:32:02 -0600] "GET /fp/fpcut2.gif HTTP/1.1" 200 17443 "http://www.vt2000.com/fp/serif.htm" "Mozilla/4.0 (compatible; MSIE 7.0; Windows NT 5.1; .NET CLR 1.1.4322)"
24.87.53.180 - - [23/Nov/2006:16:46:46 -0600] "GET /fp/serif.htm HTTP/1.1" 200 8398 "http://www.google.com/search?q=bodoni+specimen&hl=en&lr=&rls=com.microsoft:en-US&start=30&sa=N" "Mozilla/4.0 (compatible; MSIE 7.0; Windows NT 5.1; SIMBAR Enabled; SIMBAR={E06E3002-BBD5-4540-9B44-92BCCFF3430A}; .NET CLR 1.1.4322; .NET CLR 2.0.50727)"
24.87.53.180 - - [23/Nov/2006:16:46:46 -0600] "GET /fp/fpcut2.gif HTTP/1.1" 200 17443 "http://www.vt2000.com/fp/serif.htm" "Mozilla/4.0 (compatible; MSIE 7.0; Windows NT 5.1; SIMBAR Enabled; SIMBAR={E06E3002-BBD5-4540-9B44-92BCCFF3430A}; .NET CLR 1.1.4322; .NET CLR 2.0.50727)"
24.87.53.180 - - [23/Nov/2006:16:46:46 -0600] "GET /fp/red.gif HTTP/1.1" 200 184 "http://www.vt2000.com/fp/serif.htm" "Mozilla/4.0 (compatible; MSIE 7.0; Windows NT 5.1; SIMBAR Enabled; SIMBAR={E06E3002-BBD5-4540-9B44-92BCCFF3430A}; .NET CLR 1.1.4322; .NET CLR 2.0.50727)"
24.87.53.180 - - [23/Nov/2006:16:46:46 -0600] "GET /favicon.ico HTTP/1.1" 200 318 "-" "Mozilla/4.0 (compatible; MSIE 7.0; Windows NT 5.1; SIMBAR Enabled; SIMBAR={E06E3002-BBD5-4540-9B44-92BCCFF3430A}; .NET CLR 1.1.4322; .NET CLR 2.0.50727)"
74.6.74.220 - - [23/Nov/2006:16:48:18 -0600] "GET /robots.txt HTTP/1.0" 200 138 "-" "Mozilla/5.0 (compatible; Yahoo! Slurp; http://help.yahoo.com/help/us/ysearch/slurp)"
74.6.71.91 - - [23/Nov/2006:16:48:18 -0600] "GET /cps/plates.htm HTTP/1.0" 200 4723 "-" "Mozilla/5.0 (compatible; Yahoo! Slurp; http://help.yahoo.com/help/us/ysearch/slurp)"
64.34.145.198 - - [23/Nov/2006:17:03:36 -0600] "GET /robots.txt HTTP/1.0" 200 138 "-" "SBIder/SBIder-0.8.2-dev (http://www.sitesell.com/sbider.html)"
64.34.145.198 - - [23/Nov/2006:17:03:36 -0600] "GET /cps/delivery.htm HTTP/1.0" 200 2937 "-" "SBIder/SBIder-0.8.2-dev (http://www.sitesell.com/sbider.html)"
69.59.78.195 - - [23/Nov/2006:17:05:16 -0600] "GET /basswork/chords/index.htm HTTP/1.1" 200 8461 "http://www.google.com/search?client=firefox-a&rls=org.mozilla%3Aen-US%3Aofficial_s&hl=en&q=chords+on+bass&btnG=Google+Search" "Mozilla/5.0 (Windows; U; Windows NT 5.1; en-US; rv:1.8.0.8) Gecko/20061025 Firefox/1.5.0.8"
69.59.78.195 - - [23/Nov/2006:17:05:18 -0600] "GET /basswork/chords/backgr.jpg HTTP/1.1" 200 26925 "http://www.vt2000.com/basswork/chords/index.htm" "Mozilla/5.0 (Windows; U; Windows NT 5.1; en-US; rv:1.8.0.8) Gecko/20061025 Firefox/1.5.0.8"
69.59.78.195 - - [23/Nov/2006:17:05:18 -0600] "GET /basswork/chords/stdj-bas.gif HTTP/1.1" 200 5826 "http://www.vt2000.com/basswork/chords/index.htm" "Mozilla/5.0 (Windows; U; Windows NT 5.1; en-US; rv:1.8.0.8) Gecko/20061025 Firefox/1.5.0.8"
69.59.78.195 - - [23/Nov/2006:17:05:18 -0600] "GET /basswork/chords/smiley.gif HTTP/1.1" 200 93 "http://www.vt2000.com/basswork/chords/index.htm" "Mozilla/5.0 (Windows; U; Windows NT 5.1; en-US; rv:1.8.0.8) Gecko/20061025 Firefox/1.5.0.8"
69.59.78.195 - - [23/Nov/2006:17:05:18 -0600] "GET /favicon.ico HTTP/1.1" 200 318 "-" "Mozilla/5.0 (Windows; U; Windows NT 5.1; en-US; rv:1.8.0.8) Gecko/20061025 Firefox/1.5.0.8"
69.59.78.195 - - [23/Nov/2006:17:05:26 -0600] "GET /basswork/chords/scales.htm HTTP/1.1" 200 13218 "http://www.vt2000.com/basswork/chords/index.htm" "Mozilla/5.0 (Windows; U; Windows NT 5.1; en-US; rv:1.8.0.8) Gecko/20061025 Firefox/1.5.0.8"
69.59.78.195 - - [23/Nov/2006:17:05:26 -0600] "GET /basswork/chords/back.gif HTTP/1.1" 200 1060 "http://www.vt2000.com/basswork/chords/scales.htm" "Mozilla/5.0 (Windows; U; Windows NT 5.1; en-US; rv:1.8.0.8) Gecko/20061025 Firefox/1.5.0.8"
69.59.78.195 - - [23/Nov/2006:17:05:26 -0600] "GET /basswork/chords/forw.gif HTTP/1.1" 200 1067 "http://www.vt2000.com/basswork/chords/scales.htm" "Mozilla/5.0 (Windows; U; Windows NT 5.1; en-US; rv:1.8.0.8) Gecko/20061025 Firefox/1.5.0.8"
69.59.78.195 - - [23/Nov/2006:17:05:26 -0600] "GET /basswork/chords/cmscale.gif HTTP/1.1" 200 1657 "http://www.vt2000.com/basswork/chords/scales.htm" "Mozilla/5.0 (Windows; U; Windows NT 5.1; en-US; rv:1.8.0.8) Gecko/20061025 Firefox/1.5.0.8"
69.59.78.195 - - [23/Nov/2006:17:05:51 -0600] "GET /basswork/chords/modes.htm HTTP/1.1" 200 6217 "http://www.vt2000.com/basswork/chords/index.htm" "Mozilla/5.0 (Windows; U; Windows NT 5.1; en-US; rv:1.8.0.8) Gecko/20061025 Firefox/1.5.0.8"
69.59.78.195 - - [23/Nov/2006:17:05:57 -0600] "GET /basswork/chords/interval.htm HTTP/1.1" 200 17245 "http://www.vt2000.com/basswork/chords/modes.htm" "Mozilla/5.0 (Windows; U; Windows NT 5.1; en-US; rv:1.8.0.8) Gecko/20061025 Firefox/1.5.0.8"
69.59.78.195 - - [23/Nov/2006:17:05:58 -0600] "GET /basswork/chords/baschord.htm HTTP/1.1" 200 14296 "http://www.vt2000.com/basswork/chords/interval.htm" "Mozilla/5.0 (Windows; U; Windows NT 5.1; en-US; rv:1.8.0.8) Gecko/20061025 Firefox/1.5.0.8"
69.59.78.195 - - [23/Nov/2006:17:05:59 -0600] "GET /basswork/chords/scharm.htm HTTP/1.1" 200 10471 "http://www.vt2000.com/basswork/chords/baschord.htm" "Mozilla/5.0 (Windows; U; Windows NT 5.1; en-US; rv:1.8.0.8) Gecko/20061025 Firefox/1.5.0.8"
69.59.78.195 - - [23/Nov/2006:17:05:59 -0600] "GET /basswork/chords/3notesp.htm HTTP/1.1" 200 6119 "http://www.vt2000.com/basswork/chords/scharm.htm" "Mozilla/5.0 (Windows; U; Windows NT 5.1; en-US; rv:1.8.0.8) Gecko/20061025 Firefox/1.5.0.8"
69.59.78.195 - - [23/Nov/2006:17:06:01 -0600] "GET /basswork/chords/beyond.htm HTTP/1.1" 200 9073 "http://www.vt2000.com/basswork/chords/3notesp.htm" "Mozilla/5.0 (Windows; U; Windows NT 5.1; en-US; rv:1.8.0.8) Gecko/20061025 Firefox/1.5.0.8"
69.59.78.195 - - [23/Nov/2006:17:06:04 -0600] "GET /basswork/chords/extinv.htm HTTP/1.1" 200 9313 "http://www.vt2000.com/basswork/chords/index.htm" "Mozilla/5.0 (Windows; U; Windows NT 5.1; en-US; rv:1.8.0.8) Gecko/20061025 Firefox/1.5.0.8"
69.59.78.195 - - [23/Nov/2006:17:06:05 -0600] "GET /basswork/chords/progs.htm HTTP/1.1" 200 7416 "http://www.vt2000.com/basswork/chords/extinv.htm" "Mozilla/5.0 (Windows; U; Windows NT 5.1; en-US; rv:1.8.0.8) Gecko/20061025 Firefox/1.5.0.8"
69.59.78.195 - - [23/Nov/2006:17:06:05 -0600] "GET /basswork/chords/finish.htm HTTP/1.1" 200 9589 "http://www.vt2000.com/basswork/chords/progs.htm" "Mozilla/5.0 (Windows; U; Windows NT 5.1; en-US; rv:1.8.0.8) Gecko/20061025 Firefox/1.5.0.8"
69.59.78.195 - - [23/Nov/2006:17:06:16 -0600] "GET /basswork/chords/tab.htm HTTP/1.1" 200 5564 "http://www.vt2000.com/basswork/chords/index.htm" "Mozilla/5.0 (Windows; U; Windows NT 5.1; en-US; rv:1.8.0.8) Gecko/20061025 Firefox/1.5.0.8"
69.59.78.195 - - [23/Nov/2006:17:06:26 -0600] "GET /basswork/chords/helpers.htm HTTP/1.1" 200 1569 "http://www.vt2000.com/basswork/chords/index.htm" "Mozilla/5.0 (Windows; U; Windows NT 5.1; en-US; rv:1.8.0.8) Gecko/20061025 Firefox/1.5.0.8"
69.59.78.195 - - [23/Nov/2006:17:06:26 -0600] "GET /basswork/chords/clock1.gif HTTP/1.1" 200 3034 "http://www.vt2000.com/basswork/chords/helpers.htm" "Mozilla/5.0 (Windows; U; Windows NT 5.1; en-US; rv:1.8.0.8) Gecko/20061025 Firefox/1.5.0.8"
69.59.78.195 - - [23/Nov/2006:17:06:26 -0600] "GET /basswork/chords/clock2.gif HTTP/1.1" 200 2515 "http://www.vt2000.com/basswork/chords/helpers.htm" "Mozilla/5.0 (Windows; U; Windows NT 5.1; en-US; rv:1.8.0.8) Gecko/20061025 Firefox/1.5.0.8"
69.59.78.195 - - [23/Nov/2006:17:06:29 -0600] "GET /basswork/chords/musjokes.htm HTTP/1.1" 200 16707 "http://www.vt2000.com/basswork/chords/index.htm" "Mozilla/5.0 (Windows; U; Windows NT 5.1; en-US; rv:1.8.0.8) Gecko/20061025 Firefox/1.5.0.8"
74.6.74.220 - - [23/Nov/2006:17:07:35 -0600] "GET /robots.txt HTTP/1.0" 200 138 "-" "Mozilla/5.0 (compatible; Yahoo! Slurp; http://help.yahoo.com/help/us/ysearch/slurp)"
74.6.73.238 - - [23/Nov/2006:17:07:35 -0600] "GET /cps/doit.htm HTTP/1.0" 200 7072 "-" "Mozilla/5.0 (compatible; Yahoo! Slurp; http://help.yahoo.com/help/us/ysearch/slurp)"
193.47.80.36 - - [23/Nov/2006:17:08:41 -0600] "GET /robots.txt HTTP/1.1" 200 138 "-" "Exabot/3.0"
193.47.80.36 - - [23/Nov/2006:17:08:42 -0600] "GET / HTTP/1.1" 200 4222 "-" "Exabot/3.0"
74.6.70.241 - - [23/Nov/2006:17:10:30 -0600] "GET /basswork/steinused.htm HTTP/1.0" 304 - "-" "Mozilla/5.0 (compatible; Yahoo! Slurp; http://help.yahoo.com/help/us/ysearch/slurp)"
74.6.69.205 - - [23/Nov/2006:17:16:37 -0600] "GET /cps/hdhammerrail.htm HTTP/1.0" 304 - "-" "Mozilla/5.0 (compatible; Yahoo! Slurp; http://help.yahoo.com/help/us/ysearch/slurp)"
74.6.74.30 - - [23/Nov/2006:17:29:04 -0600] "GET /basswork/flagspkr.htm HTTP/1.0" 200 2017 "-" "Mozilla/5.0 (compatible; Yahoo! Slurp; http://help.yahoo.com/help/us/ysearch/slurp)"
64.242.88.60 - - [23/Nov/2006:17:30:14 -0600] "GET /robots.txt HTTP/1.1" 200 138 "-" "Mozilla/4.0 compatible ZyBorg/1.0 (wn-14.zyborg@looksmart.net; http://www.WISEnutbot.com)"
65.2.59.150 - - [23/Nov/2006:17:31:29 -0600] "GET /basswork/techindx.htm HTTP/1.1" 200 1589 "http://home.bellsouth.net/s/s.dll?man=1&num=10&spage=search%2Fresultshome1.htm&channel=english&searchType=web&string=Bass+playing+technique&where=&sm.x=0&sm.y=0" "Mozilla/4.0 (compatible; MSIE 6.0; Windows NT 5.1; SV1)"
65.2.59.150 - - [23/Nov/2006:17:31:29 -0600] "GET /basswork/basswork.gif HTTP/1.1" 200 2717 "http://www.vt2000.com/basswork/techindx.htm" "Mozilla/4.0 (compatible; MSIE 6.0; Windows NT 5.1; SV1)"
65.2.59.150 - - [23/Nov/2006:17:31:42 -0600] "GET /basswork/schmidt1.htm HTTP/1.1" 200 10619 "http://www.vt2000.com/basswork/techindx.htm" "Mozilla/4.0 (compatible; MSIE 6.0; Windows NT 5.1; SV1)"
213.66.173.38 - - [23/Nov/2006:17:31:44 -0600] "GET /basswork/ HTTP/1.1" 200 1620 "http://www.google.se/search?hl=sv&q=bass+lessons&btnG=S%C3%B6k&meta=" "Mozilla/5.0 (Windows; U; Windows NT 5.1; sv-SE; rv:1.8.1) Gecko/20061010 Firefox/2.0"
213.66.173.38 - - [23/Nov/2006:17:31:44 -0600] "GET /basswork/basswork.gif HTTP/1.1" 200 2717 "http://www.vt2000.com/basswork/" "Mozilla/5.0 (Windows; U; Windows NT 5.1; sv-SE; rv:1.8.1) Gecko/20061010 Firefox/2.0"
213.66.173.38 - - [23/Nov/2006:17:31:45 -0600] "GET /favicon.ico HTTP/1.1" 200 318 "-" "Mozilla/5.0 (Windows; U; Windows NT 5.1; sv-SE; rv:1.8.1) Gecko/20061010 Firefox/2.0"
213.66.173.38 - - [23/Nov/2006:17:31:45 -0600] "GET /favicon.ico HTTP/1.1" 200 318 "-" "Mozilla/5.0 (Windows; U; Windows NT 5.1; sv-SE; rv:1.8.1) Gecko/20061010 Firefox/2.0"
65.2.59.150 - - [23/Nov/2006:17:32:56 -0600] "GET /basswork/schmidt2.htm HTTP/1.1" 200 16694 "http://www.vt2000.com/basswork/techindx.htm" "Mozilla/4.0 (compatible; MSIE 6.0; Windows NT 5.1; SV1)"
74.6.68.207 - - [23/Nov/2006:17:34:48 -0600] "GET /basswork/chords/finish.htm HTTP/1.0" 200 9589 "-" "Mozilla/5.0 (compatible; Yahoo! Slurp; http://help.yahoo.com/help/us/ysearch/slurp)"
64.228.233.130 - - [23/Nov/2006:17:39:43 -0600] "GET /basswork/chords/beyond.htm HTTP/1.1" 200 9073 "http://www.google.com/custom?q=chords+of+the+look+of+love&hl=fr&lr=&client=pub-2571314171996579&cof=L:http://www.iwritethemusic.com/00logo06.JPG%3BLH:76%3BLP:1%3BS:http://www.iwritethemusic.com/00logo06.JPG%3BCX:Music%2520Research%2520Web%3B&cx=001058723138494701313:mh7nihz5mmc&start=70&sa=N" "Mozilla/4.0 (compatible; MSIE 6.0; Windows NT 5.1; SV1; .NET CLR 1.1.4322)"
64.228.233.130 - - [23/Nov/2006:17:39:44 -0600] "GET /basswork/chords/backgr.jpg HTTP/1.1" 200 26925 "http://www.vt2000.com/basswork/chords/beyond.htm" "Mozilla/4.0 (compatible; MSIE 6.0; Windows NT 5.1; SV1; .NET CLR 1.1.4322)"
64.228.233.130 - - [23/Nov/2006:17:39:44 -0600] "GET /basswork/chords/forw.gif HTTP/1.1" 200 1067 "http://www.vt2000.com/basswork/chords/beyond.htm" "Mozilla/4.0 (compatible; MSIE 6.0; Windows NT 5.1; SV1; .NET CLR 1.1.4322)"
64.228.233.130 - - [23/Nov/2006:17:39:45 -0600] "GET /basswork/chords/back.gif HTTP/1.1" 200 1060 "http://www.vt2000.com/basswork/chords/beyond.htm" "Mozilla/4.0 (compatible; MSIE 6.0; Windows NT 5.1; SV1; .NET CLR 1.1.4322)"
64.228.233.130 - - [23/Nov/2006:17:39:47 -0600] "GET /basswork/chords/smiley.gif HTTP/1.1" 200 93 "http://www.vt2000.com/basswork/chords/beyond.htm" "Mozilla/4.0 (compatible; MSIE 6.0; Windows NT 5.1; SV1; .NET CLR 1.1.4322)"
74.6.73.97 - - [23/Nov/2006:17:44:17 -0600] "GET /cps/player.htm HTTP/1.0" 200 3850 "-" "Mozilla/5.0 (compatible; Yahoo! Slurp; http://help.yahoo.com/help/us/ysearch/slurp)"
65.2.59.150 - - [23/Nov/2006:17:49:28 -0600] "GET /basswork/schmidt3.htm HTTP/1.1" 200 13755 "http://www.vt2000.com/basswork/schmidt2.htm" "Mozilla/4.0 (compatible; MSIE 6.0; Windows NT 5.1; SV1)"
74.6.74.30 - - [23/Nov/2006:17:52:15 -0600] "GET /basswork/flagspkr.htm HTTP/1.0" 200 2017 "-" "Mozilla/5.0 (compatible; Yahoo! Slurp; http://help.yahoo.com/help/us/ysearch/slurp)"
65.54.188.131 - - [23/Nov/2006:17:52:24 -0600] "GET /robots.txt HTTP/1.0" 200 138 "-" "msnbot/1.0 (+http://search.msn.com/msnbot.htm)"
65.54.188.131 - - [23/Nov/2006:17:52:25 -0600] "GET /starlink.htm HTTP/1.0" 404 334 "-" "msnbot/1.0 (+http://search.msn.com/msnbot.htm)"
64.4.8.119 - - [23/Nov/2006:17:54:40 -0600] "GET /fp HTTP/1.0" 301 357 "-" "msnbot/1.0 (+http://search.msn.com/msnbot.htm)"
74.6.69.205 - - [23/Nov/2006:18:00:42 -0600] "GET /cps/hdhammerrail.htm HTTP/1.0" 304 - "-" "Mozilla/5.0 (compatible; Yahoo! Slurp; http://help.yahoo.com/help/us/ysearch/slurp)"
74.6.69.225 - - [23/Nov/2006:18:07:14 -0600] "GET /oldvt2000 HTTP/1.0" 301 364 "-" "Mozilla/5.0 (compatible; Yahoo! Slurp; http://help.yahoo.com/help/us/ysearch/slurp)"
74.6.69.225 - - [23/Nov/2006:18:07:14 -0600] "GET /oldvt2000/ HTTP/1.0" 200 13479 "-" "Mozilla/5.0 (compatible; Yahoo! Slurp; http://help.yahoo.com/help/us/ysearch/slurp)"
72.30.226.142 - - [23/Nov/2006:18:07:48 -0600] "GET /robots.txt HTTP/1.0" 200 138 "-" "Mozilla/5.0 (compatible; Yahoo! Slurp; http://help.yahoo.com/help/us/ysearch/slurp)"
72.30.216.99 - - [23/Nov/2006:18:07:48 -0600] "GET /basswork/chords/index.htm HTTP/1.0" 200 8461 "-" "Mozilla/5.0 (compatible; Yahoo! Slurp; http://help.yahoo.com/help/us/ysearch/slurp)"
74.6.74.220 - - [23/Nov/2006:18:11:21 -0600] "GET /robots.txt HTTP/1.0" 200 138 "-" "Mozilla/5.0 (compatible; Yahoo! Slurp; http://help.yahoo.com/help/us/ysearch/slurp)"
72.30.252.73 - - [23/Nov/2006:18:11:22 -0600] "GET /fp/wood.htm HTTP/1.0" 200 3259 "-" "Mozilla/5.0 (compatible; Yahoo! Slurp; http://help.yahoo.com/help/us/ysearch/slurp)"
65.2.59.150 - - [23/Nov/2006:18:11:42 -0600] "GET /basswork/schmidt4.htm HTTP/1.1" 200 16691 "http://www.vt2000.com/basswork/schmidt3.htm" "Mozilla/4.0 (compatible; MSIE 6.0; Windows NT 5.1; SV1)"
72.30.216.100 - - [23/Nov/2006:18:18:07 -0600] "GET /basswork/chords/baschord.htm HTTP/1.0" 200 14296 "-" "Mozilla/5.0 (compatible; Yahoo! Slurp; http://help.yahoo.com/help/us/ysearch/slurp)"
64.4.8.119 - - [23/Nov/2006:18:19:17 -0600] "GET /fp/ HTTP/1.0" 200 3428 "-" "msnbot/1.0 (+http://search.msn.com/msnbot.htm)"
74.6.69.205 - - [23/Nov/2006:18:22:31 -0600] "GET /cps/hdhammerrail.htm HTTP/1.0" 304 - "-" "Mozilla/5.0 (compatible; Yahoo! Slurp; http://help.yahoo.com/help/us/ysearch/slurp)"
65.2.59.150 - - [23/Nov/2006:18:34:03 -0600] "GET /basswork/schmidt5.htm HTTP/1.1" 200 15635 "http://www.vt2000.com/basswork/schmidt4.htm" "Mozilla/4.0 (compatible; MSIE 6.0; Windows NT 5.1; SV1)"
203.117.19.195 - - [23/Nov/2006:18:40:10 -0600] "GET /basswork/chords/index.htm HTTP/1.1" 200 8461 "http://search.yahoo.com/search?p=%22BASS+chords%22&fr=yfp-t-501&toggle=1&cop=mss&ei=UTF-8" "Mozilla/4.0 (compatible; MSIE 6.0; Windows NT 5.1)"
203.117.19.195 - - [23/Nov/2006:18:40:10 -0600] "GET /basswork/chords/stdj-bas.gif HTTP/1.1" 200 5826 "http://www.vt2000.com/basswork/chords/index.htm" "Mozilla/4.0 (compatible; MSIE 6.0; Windows NT 5.1)"
203.117.19.195 - - [23/Nov/2006:18:40:10 -0600] "GET /basswork/chords/backgr.jpg HTTP/1.1" 200 26925 "http://www.vt2000.com/basswork/chords/index.htm" "Mozilla/4.0 (compatible; MSIE 6.0; Windows NT 5.1)"
203.117.19.195 - - [23/Nov/2006:18:40:10 -0600] "GET /basswork/chords/smiley.gif HTTP/1.1" 200 93 "http://www.vt2000.com/basswork/chords/index.htm" "Mozilla/4.0 (compatible; MSIE 6.0; Windows NT 5.1)"
203.117.19.195 - - [23/Nov/2006:18:40:18 -0600] "GET /basswork/chords/baschord.htm HTTP/1.1" 200 14296 "http://www.vt2000.com/basswork/chords/index.htm" "Mozilla/4.0 (compatible; MSIE 6.0; Windows NT 5.1)"
203.117.19.195 - - [23/Nov/2006:18:40:18 -0600] "GET /basswork/chords/back.gif HTTP/1.1" 200 1060 "http://www.vt2000.com/basswork/chords/baschord.htm" "Mozilla/4.0 (compatible; MSIE 6.0; Windows NT 5.1)"
203.117.19.195 - - [23/Nov/2006:18:40:18 -0600] "GET /basswork/chords/forw.gif HTTP/1.1" 200 1067 "http://www.vt2000.com/basswork/chords/baschord.htm" "Mozilla/4.0 (compatible; MSIE 6.0; Windows NT 5.1)"
65.2.59.150 - - [23/Nov/2006:18:49:11 -0600] "GET /basswork/index.html HTTP/1.1" 200 1620 "http://www.vt2000.com/basswork/schmidt5.htm" "Mozilla/4.0 (compatible; MSIE 6.0; Windows NT 5.1; SV1)"
65.2.59.150 - - [23/Nov/2006:18:49:35 -0600] "GET /basswork/iantap12.htm HTTP/1.1" 200 4706 "http://www.vt2000.com/basswork/techindx.htm" "Mozilla/4.0 (compatible; MSIE 6.0; Windows NT 5.1; SV1)"
65.2.59.150 - - [23/Nov/2006:18:49:49 -0600] "GET /basswork/iantap1.htm HTTP/1.1" 200 8125 "http://www.vt2000.com/basswork/techindx.htm" "Mozilla/4.0 (compatible; MSIE 6.0; Windows NT 5.1; SV1)"
74.6.74.220 - - [23/Nov/2006:18:49:52 -0600] "GET /robots.txt HTTP/1.0" 200 138 "-" "Mozilla/5.0 (compatible; Yahoo! Slurp; http://help.yahoo.com/help/us/ysearch/slurp)"
74.6.69.109 - - [23/Nov/2006:18:49:52 -0600] "GET /basswork/techindx.htm HTTP/1.0" 200 1589 "-" "Mozilla/5.0 (compatible; Yahoo! Slurp; http://help.yahoo.com/help/us/ysearch/slurp)"
152.163.100.67 - - [23/Nov/2006:18:59:08 -0600] "GET /basswork/chords/index.htm HTTP/1.1" 200 8461 "-" "Mozilla/4.0 (compatible; MSIE 6.0; AOL 9.0; Windows NT 5.1)"
74.6.69.205 - - [23/Nov/2006:19:04:18 -0600] "GET /cps/hdhammerrail.htm HTTP/1.0" 304 - "-" "Mozilla/5.0 (compatible; Yahoo! Slurp; http://help.yahoo.com/help/us/ysearch/slurp)"
74.6.71.163 - - [23/Nov/2006:19:04:25 -0600] "GET /cps HTTP/1.0" 301 358 "-" "Mozilla/5.0 (compatible; Yahoo! Slurp; http://help.yahoo.com/help/us/ysearch/slurp)"
74.6.71.163 - - [23/Nov/2006:19:04:26 -0600] "GET /cps/ HTTP/1.0" 200 12460 "-" "Mozilla/5.0 (compatible; Yahoo! Slurp; http://help.yahoo.com/help/us/ysearch/slurp)"
66.249.65.84 - - [23/Nov/2006:19:09:59 -0600] "GET /whyvts.htm HTTP/1.1" 200 5888 "-" "Mozilla/5.0 (compatible; Googlebot/2.1; +http://www.google.com/bot.html)"
74.6.67.105 - - [23/Nov/2006:19:17:12 -0600] "GET /basswork HTTP/1.0" 301 363 "-" "Mozilla/5.0 (compatible; Yahoo! Slurp; http://help.yahoo.com/help/us/ysearch/slurp)"
74.6.67.105 - - [23/Nov/2006:19:17:12 -0600] "GET /basswork/ HTTP/1.0" 200 1620 "-" "Mozilla/5.0 (compatible; Yahoo! Slurp; http://help.yahoo.com/help/us/ysearch/slurp)"
74.6.68.228 - - [23/Nov/2006:19:20:17 -0600] "GET /cps/strichplate.htm HTTP/1.0" 200 2280 "-" "Mozilla/5.0 (compatible; Yahoo! Slurp; http://help.yahoo.com/help/us/ysearch/slurp)"
74.6.73.221 - - [23/Nov/2006:19:26:29 -0600] "GET /cps/string.htm HTTP/1.0" 200 2167 "-" "Mozilla/5.0 (compatible; Yahoo! Slurp; http://help.yahoo.com/help/us/ysearch/slurp)"
74.6.70.241 - - [23/Nov/2006:19:30:42 -0600] "GET /basswork/index.html HTTP/1.0" 304 - "-" "Mozilla/5.0 (compatible; Yahoo! Slurp; http://help.yahoo.com/help/us/ysearch/slurp)"
72.30.226.140 - - [23/Nov/2006:19:30:47 -0600] "GET /vts/fbrates.htm HTTP/1.0" 200 4424 "-" "Mozilla/5.0 (compatible; Yahoo! Slurp; http://help.yahoo.com/help/us/ysearch/slurp)"
68.218.140.232 - - [23/Nov/2006:19:46:43 -0600] "GET /basswork/ HTTP/1.1" 200 1620 "http://search.yahoo.com/search;_ylt=A0geup7OTmZF1WABrBxXNyoA?p=bass+playing+techniques+online&ei=UTF-8&fr=yfp-t-429&x=wrt" "Mozilla/4.0 (compatible; MSIE 6.0; Windows NT 5.1)"
68.218.140.232 - - [23/Nov/2006:19:46:43 -0600] "GET /basswork/basswork.gif HTTP/1.1" 200 2717 "http://www.vt2000.com/basswork/" "Mozilla/4.0 (compatible; MSIE 6.0; Windows NT 5.1)"
68.218.140.232 - - [23/Nov/2006:19:46:46 -0600] "GET /basswork/techindx.htm HTTP/1.1" 200 1589 "http://www.vt2000.com/basswork/" "Mozilla/4.0 (compatible; MSIE 6.0; Windows NT 5.1)"
68.218.140.232 - - [23/Nov/2006:19:46:57 -0600] "GET /basswork/schmidt1.htm HTTP/1.1" 200 10619 "http://www.vt2000.com/basswork/techindx.htm" "Mozilla/4.0 (compatible; MSIE 6.0; Windows NT 5.1)"
210.99.208.60 - - [23/Nov/2006:19:48:01 -0600] "GET / HTTP/1.0" 200 4222 "-" "lwp-trivial/1.34"
68.218.140.232 - - [23/Nov/2006:19:51:26 -0600] "GET /basswork/schmidt2.htm HTTP/1.1" 200 16694 "http://www.vt2000.com/basswork/techindx.htm" "Mozilla/4.0 (compatible; MSIE 6.0; Windows NT 5.1)"
164.78.252.57 - - [23/Nov/2006:19:54:37 -0600] "GET /basswork/ HTTP/1.1" 200 1620 "http://www.google.com.sg/search?hl=en&q=bass+lessons&meta=" "Mozilla/4.0 (compatible; MSIE 6.0; Windows NT 5.1; SV1; MathPlayer 2.0; .NET CLR 1.1.4322; InfoPath.1; .NET CLR 2.0.50727)"
164.78.252.57 - - [23/Nov/2006:19:54:38 -0600] "GET /basswork/basswork.gif HTTP/1.1" 200 2717 "http://www.vt2000.com/basswork/" "Mozilla/4.0 (compatible; MSIE 6.0; Windows NT 5.1; SV1; MathPlayer 2.0; .NET CLR 1.1.4322; InfoPath.1; .NET CLR 2.0.50727)"
74.6.74.220 - - [23/Nov/2006:19:54:48 -0600] "GET /robots.txt HTTP/1.0" 200 138 "-" "Mozilla/5.0 (compatible; Yahoo! Slurp; http://help.yahoo.com/help/us/ysearch/slurp)"
72.30.252.91 - - [23/Nov/2006:19:54:48 -0600] "GET /fp/presses.htm HTTP/1.0" 200 2789 "-" "Mozilla/5.0 (compatible; Yahoo! Slurp; http://help.yahoo.com/help/us/ysearch/slurp)"
68.218.140.232 - - [23/Nov/2006:19:55:11 -0600] "GET /basswork/ianrhy4.htm HTTP/1.1" 200 14444 "http://www.vt2000.com/basswork/techindx.htm" "Mozilla/4.0 (compatible; MSIE 6.0; Windows NT 5.1)"
68.218.140.232 - - [23/Nov/2006:19:55:23 -0600] "GET /basswork/ianrhy1.htm HTTP/1.1" 200 6483 "http://www.vt2000.com/basswork/techindx.htm" "Mozilla/4.0 (compatible; MSIE 6.0; Windows NT 5.1)"
164.78.252.57 - - [23/Nov/2006:19:55:31 -0600] "GET /basswork/techindx.htm HTTP/1.1" 200 1589 "http://www.vt2000.com/basswork/" "Mozilla/4.0 (compatible; MSIE 6.0; Windows NT 5.1; SV1; MathPlayer 2.0; .NET CLR 1.1.4322; InfoPath.1; .NET CLR 2.0.50727)"
164.78.252.57 - - [23/Nov/2006:19:55:33 -0600] "GET /basswork/schmidt1.htm HTTP/1.1" 200 10619 "http://www.vt2000.com/basswork/techindx.htm" "Mozilla/4.0 (compatible; MSIE 6.0; Windows NT 5.1; SV1; MathPlayer 2.0; .NET CLR 1.1.4322; InfoPath.1; .NET CLR 2.0.50727)"
69.132.32.51 - - [23/Nov/2006:19:55:45 -0600] "GET /basswork HTTP/1.1" 301 363 "-" "Mozilla/4.0 (compatible; MSIE 6.0; Windows NT 5.1)"
69.132.32.51 - - [23/Nov/2006:19:55:45 -0600] "GET /basswork/ HTTP/1.1" 200 1620 "-" "Mozilla/4.0 (compatible; MSIE 6.0; Windows NT 5.1)"
69.132.32.51 - - [23/Nov/2006:19:55:45 -0600] "GET /basswork/basswork.gif HTTP/1.1" 200 2717 "http://www.vt2000.com/basswork/" "Mozilla/4.0 (compatible; MSIE 6.0; Windows NT 5.1)"
69.132.32.51 - - [23/Nov/2006:19:55:51 -0600] "GET /basswork/pracindx.htm HTTP/1.1" 200 917 "http://www.vt2000.com/basswork/" "Mozilla/4.0 (compatible; MSIE 6.0; Windows NT 5.1)"
66.249.65.84 - - [23/Nov/2006:19:57:43 -0600] "GET /cps/hdhammerrail.htm HTTP/1.1" 200 1997 "-" "Mozilla/5.0 (compatible; Googlebot/2.1; +http://www.google.com/bot.html)"
164.78.252.57 - - [23/Nov/2006:19:58:52 -0600] "GET /basswork/schmidt2.htm HTTP/1.1" 200 16694 "http://www.vt2000.com/basswork/techindx.htm" "Mozilla/4.0 (compatible; MSIE 6.0; Windows NT 5.1; SV1; MathPlayer 2.0; .NET CLR 1.1.4322; InfoPath.1; .NET CLR 2.0.50727)"
68.218.140.232 - - [23/Nov/2006:20:00:13 -0600] "GET /basswork/ianrhy2.htm HTTP/1.1" 200 10126 "http://www.vt2000.com/basswork/ianrhy1.htm" "Mozilla/4.0 (compatible; MSIE 6.0; Windows NT 5.1)"
208.54.215.170 - - [23/Nov/2006:20:03:46 -0600] "GET /basswork/ HTTP/1.1" 200 1620 "http://www.electricbluesclub.co.uk/bass.html" "Mozilla/4.0 (compatible; MSIE 6.0; Windows NT 5.1; SV1; .NET CLR 1.0.3705; .NET CLR 1.1.4322; Media Center PC 4.0)"
